{"id":188486,"date":"2026-05-08T14:21:18","date_gmt":"2026-05-08T12:21:18","guid":{"rendered":"https:\/\/kwp.at\/veranstaltungen\/product\/klub66-4\/"},"modified":"2026-05-08T14:38:39","modified_gmt":"2026-05-08T12:38:39","slug":"klub66-4","status":"publish","type":"product","link":"https:\/\/kwp.at\/veranstaltungen\/product\/klub66-4\/","title":{"rendered":"KLUB66 goes U4 \u2013 Tanz dich gl\u00fccklich"},"excerpt":{"rendered":"<p>Klub66 \u2013 Tanz dich gl\u00fccklich!<br \/>\nDisco wie fr\u00fcher \u2013 f\u00fcr Senior*innen von heute: Beim Klub66 im legend\u00e4ren U4 bringen wir die Tanzfl\u00e4che zur\u00fcck, wie sie einmal war. Mit den besten Hits aus den 50ern, 60ern, 70ern und 80ern wird getanzt, gelacht und gefeiert \u2013 ganz ohne Leistungsdruck, aber mit ganz viel Gef\u00fchl f\u00fcr Rhythmus und Lebensfreude.<br \/>\n \ufe0f Tickets sind ausschlie\u00dflich \u00fcber den U4\u2011Link buchbar.<br \/>\nPreise:<br \/>\n\u2022 Mitglieder: 5 \u20ac (mit Rabattcode \u201eguteneuezeit\u201c)<br \/>\n\u2022 Nicht\u2011Mitglieder: 10 \u20ac<br \/>\n\u2022 Generationenticket: 2 Tickets f\u00fcr 10 \u20ac (f\u00fcr zwei Generationen, z.\u202fB. Oma &#038; Enkel*in). Sollten Tickets am Tag der Veranstaltung noch verf\u00fcgbar sein, k\u00f6nnen diese ab 18:00 an der Abendkasse gekauft werden.<\/p>\n","protected":false},"author":79,"comment_status":"closed","ping_status":"closed","template":"","meta":{"_acf_changed":false},"product_brand":[],"product_cat":[15],"product_tag":[],"class_list":{"0":"post-188486","1":"product","2":"type-product","3":"status-publish","5":"product_cat-uncategorized","7":"first","8":"instock","9":"taxable","10":"shipping-taxable","11":"purchasable","12":"product-type-event"},"acf":[],"yoast_head":"<!-- This site is optimized with the Yoast SEO plugin v27.4 - https:\/\/yoast.com\/product\/yoast-seo-wordpress\/ -->\n<title>KLUB66 goes U4 \u2013 Tanz dich gl\u00fccklich - Veranstaltungen - H\u00e4user zum Leben und Pensionist*innenklubs<\/title>\n<meta name=\"robots\" content=\"index, follow, max-snippet:-1, max-image-preview:large, max-video-preview:-1\" \/>\n<link rel=\"canonical\" href=\"https:\/\/kwp.at\/veranstaltungen\/product\/klub66-4\/\" \/>\n<meta property=\"og:locale\" content=\"de_DE\" \/>\n<meta property=\"og:type\" content=\"article\" \/>\n<meta property=\"og:title\" content=\"KLUB66 goes U4 \u2013 Tanz dich gl\u00fccklich - Veranstaltungen - H\u00e4user zum Leben und Pensionist*innenklubs\" \/>\n<meta property=\"og:description\" content=\"Klub66 \u2013 Tanz dich gl\u00fccklich! Disco wie fr\u00fcher \u2013 f\u00fcr Senior*innen von heute: Beim Klub66 im legend\u00e4ren U4 bringen wir die Tanzfl\u00e4che zur\u00fcck, wie sie einmal war. Mit den besten Hits aus den 50ern, 60ern, 70ern und 80ern wird getanzt, gelacht und gefeiert \u2013 ganz ohne Leistungsdruck, aber mit ganz viel Gef\u00fchl f\u00fcr Rhythmus und Lebensfreude. \ufe0f Tickets sind ausschlie\u00dflich \u00fcber den U4\u2011Link buchbar. Preise: \u2022 Mitglieder: 5 \u20ac (mit Rabattcode \u201eguteneuezeit\u201c) \u2022 Nicht\u2011Mitglieder: 10 \u20ac \u2022 Generationenticket: 2 Tickets f\u00fcr 10 \u20ac (f\u00fcr zwei Generationen, z.\u202fB. Oma &amp; Enkel*in). Sollten Tickets am Tag der Veranstaltung noch verf\u00fcgbar sein, k\u00f6nnen diese ab 18:00 an der Abendkasse gekauft werden.\" \/>\n<meta property=\"og:url\" content=\"https:\/\/kwp.at\/veranstaltungen\/product\/klub66-4\/\" \/>\n<meta property=\"og:site_name\" content=\"Veranstaltungen - H\u00e4user zum Leben und Pensionist*innenklubs\" \/>\n<meta property=\"article:modified_time\" content=\"2026-05-08T12:38:39+00:00\" \/>\n<meta name=\"twitter:card\" content=\"summary_large_image\" \/>\n<script type=\"application\/ld+json\" class=\"yoast-schema-graph\">{\"@context\":\"https:\\\/\\\/schema.org\",\"@graph\":[{\"@type\":\"WebPage\",\"@id\":\"https:\\\/\\\/kwp.at\\\/veranstaltungen\\\/product\\\/klub66-4\\\/\",\"url\":\"https:\\\/\\\/kwp.at\\\/veranstaltungen\\\/product\\\/klub66-4\\\/\",\"name\":\"KLUB66 goes U4 \u2013 Tanz dich gl\u00fccklich - Veranstaltungen - H\u00e4user zum Leben und Pensionist*innenklubs\",\"isPartOf\":{\"@id\":\"https:\\\/\\\/kwp.at\\\/veranstaltungen\\\/#website\"},\"datePublished\":\"2026-05-08T12:21:18+00:00\",\"dateModified\":\"2026-05-08T12:38:39+00:00\",\"breadcrumb\":{\"@id\":\"https:\\\/\\\/kwp.at\\\/veranstaltungen\\\/product\\\/klub66-4\\\/#breadcrumb\"},\"inLanguage\":\"de\",\"potentialAction\":[{\"@type\":\"ReadAction\",\"target\":[\"https:\\\/\\\/kwp.at\\\/veranstaltungen\\\/product\\\/klub66-4\\\/\"]}]},{\"@type\":\"BreadcrumbList\",\"@id\":\"https:\\\/\\\/kwp.at\\\/veranstaltungen\\\/product\\\/klub66-4\\\/#breadcrumb\",\"itemListElement\":[{\"@type\":\"ListItem\",\"position\":1,\"name\":\"Home\",\"item\":\"https:\\\/\\\/kwp.at\\\/veranstaltungen\\\/\"},{\"@type\":\"ListItem\",\"position\":2,\"name\":\"Shop\",\"item\":\"https:\\\/\\\/kwp.at\\\/veranstaltungen\\\/\"},{\"@type\":\"ListItem\",\"position\":3,\"name\":\"KLUB66 goes U4 \u2013 Tanz dich gl\u00fccklich\"}]},{\"@type\":\"WebSite\",\"@id\":\"https:\\\/\\\/kwp.at\\\/veranstaltungen\\\/#website\",\"url\":\"https:\\\/\\\/kwp.at\\\/veranstaltungen\\\/\",\"name\":\"Veranstaltungen - H\u00e4user zum Leben und Pensionist*innenklubs\",\"description\":\"Unsere Angebote der H\u00e4user und Klubs\",\"potentialAction\":[{\"@type\":\"SearchAction\",\"target\":{\"@type\":\"EntryPoint\",\"urlTemplate\":\"https:\\\/\\\/kwp.at\\\/veranstaltungen\\\/?s={search_term_string}\"},\"query-input\":{\"@type\":\"PropertyValueSpecification\",\"valueRequired\":true,\"valueName\":\"search_term_string\"}}],\"inLanguage\":\"de\"}]}<\/script>\n<!-- \/ Yoast SEO plugin. -->","yoast_head_json":{"title":"KLUB66 goes U4 \u2013 Tanz dich gl\u00fccklich - Veranstaltungen - H\u00e4user zum Leben und Pensionist*innenklubs","robots":{"index":"index","follow":"follow","max-snippet":"max-snippet:-1","max-image-preview":"max-image-preview:large","max-video-preview":"max-video-preview:-1"},"canonical":"https:\/\/kwp.at\/veranstaltungen\/product\/klub66-4\/","og_locale":"de_DE","og_type":"article","og_title":"KLUB66 goes U4 \u2013 Tanz dich gl\u00fccklich - Veranstaltungen - H\u00e4user zum Leben und Pensionist*innenklubs","og_description":"Klub66 \u2013 Tanz dich gl\u00fccklich! Disco wie fr\u00fcher \u2013 f\u00fcr Senior*innen von heute: Beim Klub66 im legend\u00e4ren U4 bringen wir die Tanzfl\u00e4che zur\u00fcck, wie sie einmal war. Mit den besten Hits aus den 50ern, 60ern, 70ern und 80ern wird getanzt, gelacht und gefeiert \u2013 ganz ohne Leistungsdruck, aber mit ganz viel Gef\u00fchl f\u00fcr Rhythmus und Lebensfreude. \ufe0f Tickets sind ausschlie\u00dflich \u00fcber den U4\u2011Link buchbar. Preise: \u2022 Mitglieder: 5 \u20ac (mit Rabattcode \u201eguteneuezeit\u201c) \u2022 Nicht\u2011Mitglieder: 10 \u20ac \u2022 Generationenticket: 2 Tickets f\u00fcr 10 \u20ac (f\u00fcr zwei Generationen, z.\u202fB. Oma & Enkel*in). Sollten Tickets am Tag der Veranstaltung noch verf\u00fcgbar sein, k\u00f6nnen diese ab 18:00 an der Abendkasse gekauft werden.","og_url":"https:\/\/kwp.at\/veranstaltungen\/product\/klub66-4\/","og_site_name":"Veranstaltungen - H\u00e4user zum Leben und Pensionist*innenklubs","article_modified_time":"2026-05-08T12:38:39+00:00","twitter_card":"summary_large_image","schema":{"@context":"https:\/\/schema.org","@graph":[{"@type":"WebPage","@id":"https:\/\/kwp.at\/veranstaltungen\/product\/klub66-4\/","url":"https:\/\/kwp.at\/veranstaltungen\/product\/klub66-4\/","name":"KLUB66 goes U4 \u2013 Tanz dich gl\u00fccklich - Veranstaltungen - H\u00e4user zum Leben und Pensionist*innenklubs","isPartOf":{"@id":"https:\/\/kwp.at\/veranstaltungen\/#website"},"datePublished":"2026-05-08T12:21:18+00:00","dateModified":"2026-05-08T12:38:39+00:00","breadcrumb":{"@id":"https:\/\/kwp.at\/veranstaltungen\/product\/klub66-4\/#breadcrumb"},"inLanguage":"de","potentialAction":[{"@type":"ReadAction","target":["https:\/\/kwp.at\/veranstaltungen\/product\/klub66-4\/"]}]},{"@type":"BreadcrumbList","@id":"https:\/\/kwp.at\/veranstaltungen\/product\/klub66-4\/#breadcrumb","itemListElement":[{"@type":"ListItem","position":1,"name":"Home","item":"https:\/\/kwp.at\/veranstaltungen\/"},{"@type":"ListItem","position":2,"name":"Shop","item":"https:\/\/kwp.at\/veranstaltungen\/"},{"@type":"ListItem","position":3,"name":"KLUB66 goes U4 \u2013 Tanz dich gl\u00fccklich"}]},{"@type":"WebSite","@id":"https:\/\/kwp.at\/veranstaltungen\/#website","url":"https:\/\/kwp.at\/veranstaltungen\/","name":"Veranstaltungen - H\u00e4user zum Leben und Pensionist*innenklubs","description":"Unsere Angebote der H\u00e4user und Klubs","potentialAction":[{"@type":"SearchAction","target":{"@type":"EntryPoint","urlTemplate":"https:\/\/kwp.at\/veranstaltungen\/?s={search_term_string}"},"query-input":{"@type":"PropertyValueSpecification","valueRequired":true,"valueName":"search_term_string"}}],"inLanguage":"de"}]}},"_links":{"self":[{"href":"https:\/\/kwp.at\/veranstaltungen\/wp-json\/wp\/v2\/product\/188486","targetHints":{"allow":["GET"]}}],"collection":[{"href":"https:\/\/kwp.at\/veranstaltungen\/wp-json\/wp\/v2\/product"}],"about":[{"href":"https:\/\/kwp.at\/veranstaltungen\/wp-json\/wp\/v2\/types\/product"}],"author":[{"embeddable":true,"href":"https:\/\/kwp.at\/veranstaltungen\/wp-json\/wp\/v2\/users\/79"}],"replies":[{"embeddable":true,"href":"https:\/\/kwp.at\/veranstaltungen\/wp-json\/wp\/v2\/comments?post=188486"}],"wp:attachment":[{"href":"https:\/\/kwp.at\/veranstaltungen\/wp-json\/wp\/v2\/media?parent=188486"}],"wp:term":[{"taxonomy":"product_brand","embeddable":true,"href":"https:\/\/kwp.at\/veranstaltungen\/wp-json\/wp\/v2\/product_brand?post=188486"},{"taxonomy":"product_cat","embeddable":true,"href":"https:\/\/kwp.at\/veranstaltungen\/wp-json\/wp\/v2\/product_cat?post=188486"},{"taxonomy":"product_tag","embeddable":true,"href":"https:\/\/kwp.at\/veranstaltungen\/wp-json\/wp\/v2\/product_tag?post=188486"}],"curies":[{"name":"wp","href":"https:\/\/api.w.org\/{rel}","templated":true}]}}