{"id":185052,"date":"2026-04-22T13:37:35","date_gmt":"2026-04-22T11:37:35","guid":{"rendered":"https:\/\/kwp.at\/veranstaltungen\/product\/80-tage-um-die-klubs-vatikanstadt\/"},"modified":"2026-04-22T13:37:36","modified_gmt":"2026-04-22T11:37:36","slug":"80-tage-um-die-klubs-vatikanstadt","status":"publish","type":"product","link":"https:\/\/kwp.at\/veranstaltungen\/product\/80-tage-um-die-klubs-vatikanstadt\/","title":{"rendered":"80 Tage um die Klubs ,, Vatikanstadt\u00b4\u00b4"},"excerpt":{"rendered":"<p>Wir feiern 80 Jahre die Klubs und passend zu diesen Motto pr\u00e4sentiert jeder Klub ein Land ihrer Wahl und dieser Klub pr\u00e4sentiert den Vatikanstadt. Kommen Sie im Klub vorbei und lassen Sie sich \u00fcberraschen.<\/p>\n","protected":false},"author":208,"comment_status":"closed","ping_status":"open","template":"","meta":{"_acf_changed":false},"product_brand":[],"product_cat":[15],"product_tag":[],"class_list":{"0":"post-185052","1":"product","2":"type-product","3":"status-publish","5":"product_cat-uncategorized","7":"first","8":"instock","9":"taxable","10":"shipping-taxable","11":"purchasable","12":"product-type-event"},"acf":[],"yoast_head":"<!-- This site is optimized with the Yoast SEO plugin v27.4 - https:\/\/yoast.com\/product\/yoast-seo-wordpress\/ -->\n<title>80 Tage um die Klubs ,, Vatikanstadt\u00b4\u00b4 - Veranstaltungen - H\u00e4user zum Leben und Pensionist*innenklubs<\/title>\n<meta name=\"robots\" content=\"index, follow, max-snippet:-1, max-image-preview:large, max-video-preview:-1\" \/>\n<link rel=\"canonical\" href=\"https:\/\/kwp.at\/veranstaltungen\/product\/80-tage-um-die-klubs-vatikanstadt\/\" \/>\n<meta property=\"og:locale\" content=\"de_DE\" \/>\n<meta property=\"og:type\" content=\"article\" \/>\n<meta property=\"og:title\" content=\"80 Tage um die Klubs ,, Vatikanstadt\u00b4\u00b4 - Veranstaltungen - H\u00e4user zum Leben und Pensionist*innenklubs\" \/>\n<meta property=\"og:description\" content=\"Wir feiern 80 Jahre die Klubs und passend zu diesen Motto pr\u00e4sentiert jeder Klub ein Land ihrer Wahl und dieser Klub pr\u00e4sentiert den Vatikanstadt. Kommen Sie im Klub vorbei und lassen Sie sich \u00fcberraschen.\" \/>\n<meta property=\"og:url\" content=\"https:\/\/kwp.at\/veranstaltungen\/product\/80-tage-um-die-klubs-vatikanstadt\/\" \/>\n<meta property=\"og:site_name\" content=\"Veranstaltungen - H\u00e4user zum Leben und Pensionist*innenklubs\" \/>\n<meta property=\"article:modified_time\" content=\"2026-04-22T11:37:36+00:00\" \/>\n<meta name=\"twitter:card\" content=\"summary_large_image\" \/>\n<script type=\"application\/ld+json\" class=\"yoast-schema-graph\">{\"@context\":\"https:\\\/\\\/schema.org\",\"@graph\":[{\"@type\":\"WebPage\",\"@id\":\"https:\\\/\\\/kwp.at\\\/veranstaltungen\\\/product\\\/80-tage-um-die-klubs-vatikanstadt\\\/\",\"url\":\"https:\\\/\\\/kwp.at\\\/veranstaltungen\\\/product\\\/80-tage-um-die-klubs-vatikanstadt\\\/\",\"name\":\"80 Tage um die Klubs ,, Vatikanstadt\u00b4\u00b4 - Veranstaltungen - H\u00e4user zum Leben und Pensionist*innenklubs\",\"isPartOf\":{\"@id\":\"https:\\\/\\\/kwp.at\\\/veranstaltungen\\\/#website\"},\"datePublished\":\"2026-04-22T11:37:35+00:00\",\"dateModified\":\"2026-04-22T11:37:36+00:00\",\"breadcrumb\":{\"@id\":\"https:\\\/\\\/kwp.at\\\/veranstaltungen\\\/product\\\/80-tage-um-die-klubs-vatikanstadt\\\/#breadcrumb\"},\"inLanguage\":\"de\",\"potentialAction\":[{\"@type\":\"ReadAction\",\"target\":[\"https:\\\/\\\/kwp.at\\\/veranstaltungen\\\/product\\\/80-tage-um-die-klubs-vatikanstadt\\\/\"]}]},{\"@type\":\"BreadcrumbList\",\"@id\":\"https:\\\/\\\/kwp.at\\\/veranstaltungen\\\/product\\\/80-tage-um-die-klubs-vatikanstadt\\\/#breadcrumb\",\"itemListElement\":[{\"@type\":\"ListItem\",\"position\":1,\"name\":\"Home\",\"item\":\"https:\\\/\\\/kwp.at\\\/veranstaltungen\\\/\"},{\"@type\":\"ListItem\",\"position\":2,\"name\":\"Shop\",\"item\":\"https:\\\/\\\/kwp.at\\\/veranstaltungen\\\/\"},{\"@type\":\"ListItem\",\"position\":3,\"name\":\"80 Tage um die Klubs ,, Vatikanstadt\u00b4\u00b4\"}]},{\"@type\":\"WebSite\",\"@id\":\"https:\\\/\\\/kwp.at\\\/veranstaltungen\\\/#website\",\"url\":\"https:\\\/\\\/kwp.at\\\/veranstaltungen\\\/\",\"name\":\"Veranstaltungen - H\u00e4user zum Leben und Pensionist*innenklubs\",\"description\":\"Unsere Angebote der H\u00e4user und Klubs\",\"potentialAction\":[{\"@type\":\"SearchAction\",\"target\":{\"@type\":\"EntryPoint\",\"urlTemplate\":\"https:\\\/\\\/kwp.at\\\/veranstaltungen\\\/?s={search_term_string}\"},\"query-input\":{\"@type\":\"PropertyValueSpecification\",\"valueRequired\":true,\"valueName\":\"search_term_string\"}}],\"inLanguage\":\"de\"}]}<\/script>\n<!-- \/ Yoast SEO plugin. -->","yoast_head_json":{"title":"80 Tage um die Klubs ,, Vatikanstadt\u00b4\u00b4 - Veranstaltungen - H\u00e4user zum Leben und Pensionist*innenklubs","robots":{"index":"index","follow":"follow","max-snippet":"max-snippet:-1","max-image-preview":"max-image-preview:large","max-video-preview":"max-video-preview:-1"},"canonical":"https:\/\/kwp.at\/veranstaltungen\/product\/80-tage-um-die-klubs-vatikanstadt\/","og_locale":"de_DE","og_type":"article","og_title":"80 Tage um die Klubs ,, Vatikanstadt\u00b4\u00b4 - Veranstaltungen - H\u00e4user zum Leben und Pensionist*innenklubs","og_description":"Wir feiern 80 Jahre die Klubs und passend zu diesen Motto pr\u00e4sentiert jeder Klub ein Land ihrer Wahl und dieser Klub pr\u00e4sentiert den Vatikanstadt. Kommen Sie im Klub vorbei und lassen Sie sich \u00fcberraschen.","og_url":"https:\/\/kwp.at\/veranstaltungen\/product\/80-tage-um-die-klubs-vatikanstadt\/","og_site_name":"Veranstaltungen - H\u00e4user zum Leben und Pensionist*innenklubs","article_modified_time":"2026-04-22T11:37:36+00:00","twitter_card":"summary_large_image","schema":{"@context":"https:\/\/schema.org","@graph":[{"@type":"WebPage","@id":"https:\/\/kwp.at\/veranstaltungen\/product\/80-tage-um-die-klubs-vatikanstadt\/","url":"https:\/\/kwp.at\/veranstaltungen\/product\/80-tage-um-die-klubs-vatikanstadt\/","name":"80 Tage um die Klubs ,, Vatikanstadt\u00b4\u00b4 - Veranstaltungen - H\u00e4user zum Leben und Pensionist*innenklubs","isPartOf":{"@id":"https:\/\/kwp.at\/veranstaltungen\/#website"},"datePublished":"2026-04-22T11:37:35+00:00","dateModified":"2026-04-22T11:37:36+00:00","breadcrumb":{"@id":"https:\/\/kwp.at\/veranstaltungen\/product\/80-tage-um-die-klubs-vatikanstadt\/#breadcrumb"},"inLanguage":"de","potentialAction":[{"@type":"ReadAction","target":["https:\/\/kwp.at\/veranstaltungen\/product\/80-tage-um-die-klubs-vatikanstadt\/"]}]},{"@type":"BreadcrumbList","@id":"https:\/\/kwp.at\/veranstaltungen\/product\/80-tage-um-die-klubs-vatikanstadt\/#breadcrumb","itemListElement":[{"@type":"ListItem","position":1,"name":"Home","item":"https:\/\/kwp.at\/veranstaltungen\/"},{"@type":"ListItem","position":2,"name":"Shop","item":"https:\/\/kwp.at\/veranstaltungen\/"},{"@type":"ListItem","position":3,"name":"80 Tage um die Klubs ,, Vatikanstadt\u00b4\u00b4"}]},{"@type":"WebSite","@id":"https:\/\/kwp.at\/veranstaltungen\/#website","url":"https:\/\/kwp.at\/veranstaltungen\/","name":"Veranstaltungen - H\u00e4user zum Leben und Pensionist*innenklubs","description":"Unsere Angebote der H\u00e4user und Klubs","potentialAction":[{"@type":"SearchAction","target":{"@type":"EntryPoint","urlTemplate":"https:\/\/kwp.at\/veranstaltungen\/?s={search_term_string}"},"query-input":{"@type":"PropertyValueSpecification","valueRequired":true,"valueName":"search_term_string"}}],"inLanguage":"de"}]}},"_links":{"self":[{"href":"https:\/\/kwp.at\/veranstaltungen\/wp-json\/wp\/v2\/product\/185052","targetHints":{"allow":["GET"]}}],"collection":[{"href":"https:\/\/kwp.at\/veranstaltungen\/wp-json\/wp\/v2\/product"}],"about":[{"href":"https:\/\/kwp.at\/veranstaltungen\/wp-json\/wp\/v2\/types\/product"}],"author":[{"embeddable":true,"href":"https:\/\/kwp.at\/veranstaltungen\/wp-json\/wp\/v2\/users\/208"}],"replies":[{"embeddable":true,"href":"https:\/\/kwp.at\/veranstaltungen\/wp-json\/wp\/v2\/comments?post=185052"}],"wp:attachment":[{"href":"https:\/\/kwp.at\/veranstaltungen\/wp-json\/wp\/v2\/media?parent=185052"}],"wp:term":[{"taxonomy":"product_brand","embeddable":true,"href":"https:\/\/kwp.at\/veranstaltungen\/wp-json\/wp\/v2\/product_brand?post=185052"},{"taxonomy":"product_cat","embeddable":true,"href":"https:\/\/kwp.at\/veranstaltungen\/wp-json\/wp\/v2\/product_cat?post=185052"},{"taxonomy":"product_tag","embeddable":true,"href":"https:\/\/kwp.at\/veranstaltungen\/wp-json\/wp\/v2\/product_tag?post=185052"}],"curies":[{"name":"wp","href":"https:\/\/api.w.org\/{rel}","templated":true}]}}