{"id":184902,"date":"2026-04-22T10:53:11","date_gmt":"2026-04-22T08:53:11","guid":{"rendered":"https:\/\/kwp.at\/veranstaltungen\/product\/selbstsicherfrau-selbstverteidigung-fuer-mehr-sicherheit-im-alltag-2\/"},"modified":"2026-04-27T13:52:42","modified_gmt":"2026-04-27T11:52:42","slug":"selbstsicherfrau-selbstverteidigung-fuer-mehr-sicherheit-im-alltag-2","status":"publish","type":"product","link":"https:\/\/kwp.at\/veranstaltungen\/product\/selbstsicherfrau-selbstverteidigung-fuer-mehr-sicherheit-im-alltag-2\/","title":{"rendered":"SelbstSicherFrau: Selbstverteidigung f\u00fcr mehr Sicherheit im Alltag"},"excerpt":{"rendered":"<p>In unseren Selbstverteidigungskursen f\u00fcr Seniorinnen lernen Damen ab 60 einfache, alltagstaugliche Techniken, um sich sicherer, ruhiger und selbstbewusster zu f\u00fchlen. Im Mittelpunkt stehen K\u00f6rpergef\u00fchl, Standfestigkeit und das Vertrauen in die eigene Handlungsf\u00e4higkeit, angepasst an die individuellen k\u00f6rperlichen M\u00f6glichkeiten.<br \/>\nEs geht nicht ums K\u00e4mpfen, sondern darum, sich selbst zu sp\u00fcren, Grenzen wahrzunehmen und Sicherheit im eigenen K\u00f6rper zu entwickeln.<br \/>\nDie Kurse finden in einem gesch\u00fctzten, wertsch\u00e4tzenden Rahmen statt: gemeinsam mit anderen Frauen, ohne Leistungsdruck.<\/p>\n<p>F\u00fcr Seniorinnen, die sich im Alltag sicherer f\u00fchlen m\u00f6chten.<\/p>\n","protected":false},"author":778,"comment_status":"closed","ping_status":"closed","template":"","meta":{"_acf_changed":false},"product_brand":[],"product_cat":[15],"product_tag":[],"class_list":{"0":"post-184902","1":"product","2":"type-product","3":"status-publish","5":"product_cat-uncategorized","7":"first","8":"instock","9":"taxable","10":"shipping-taxable","11":"purchasable","12":"product-type-event"},"acf":[],"yoast_head":"<!-- This site is optimized with the Yoast SEO plugin v27.4 - https:\/\/yoast.com\/product\/yoast-seo-wordpress\/ -->\n<title>SelbstSicherFrau: Selbstverteidigung f\u00fcr mehr Sicherheit im Alltag - Veranstaltungen - H\u00e4user zum Leben und Pensionist*innenklubs<\/title>\n<meta name=\"robots\" content=\"index, follow, max-snippet:-1, max-image-preview:large, max-video-preview:-1\" \/>\n<link rel=\"canonical\" href=\"https:\/\/kwp.at\/veranstaltungen\/product\/selbstsicherfrau-selbstverteidigung-fuer-mehr-sicherheit-im-alltag-2\/\" \/>\n<meta property=\"og:locale\" content=\"de_DE\" \/>\n<meta property=\"og:type\" content=\"article\" \/>\n<meta property=\"og:title\" content=\"SelbstSicherFrau: Selbstverteidigung f\u00fcr mehr Sicherheit im Alltag - Veranstaltungen - H\u00e4user zum Leben und Pensionist*innenklubs\" \/>\n<meta property=\"og:description\" content=\"In unseren Selbstverteidigungskursen f\u00fcr Seniorinnen lernen Damen ab 60 einfache, alltagstaugliche Techniken, um sich sicherer, ruhiger und selbstbewusster zu f\u00fchlen. Im Mittelpunkt stehen K\u00f6rpergef\u00fchl, Standfestigkeit und das Vertrauen in die eigene Handlungsf\u00e4higkeit, angepasst an die individuellen k\u00f6rperlichen M\u00f6glichkeiten. Es geht nicht ums K\u00e4mpfen, sondern darum, sich selbst zu sp\u00fcren, Grenzen wahrzunehmen und Sicherheit im eigenen K\u00f6rper zu entwickeln. Die Kurse finden in einem gesch\u00fctzten, wertsch\u00e4tzenden Rahmen statt: gemeinsam mit anderen Frauen, ohne Leistungsdruck. F\u00fcr Seniorinnen, die sich im Alltag sicherer f\u00fchlen m\u00f6chten.\" \/>\n<meta property=\"og:url\" content=\"https:\/\/kwp.at\/veranstaltungen\/product\/selbstsicherfrau-selbstverteidigung-fuer-mehr-sicherheit-im-alltag-2\/\" \/>\n<meta property=\"og:site_name\" content=\"Veranstaltungen - H\u00e4user zum Leben und Pensionist*innenklubs\" \/>\n<meta property=\"article:modified_time\" content=\"2026-04-27T11:52:42+00:00\" \/>\n<meta name=\"twitter:card\" content=\"summary_large_image\" \/>\n<script type=\"application\/ld+json\" class=\"yoast-schema-graph\">{\"@context\":\"https:\\\/\\\/schema.org\",\"@graph\":[{\"@type\":\"WebPage\",\"@id\":\"https:\\\/\\\/kwp.at\\\/veranstaltungen\\\/product\\\/selbstsicherfrau-selbstverteidigung-fuer-mehr-sicherheit-im-alltag-2\\\/\",\"url\":\"https:\\\/\\\/kwp.at\\\/veranstaltungen\\\/product\\\/selbstsicherfrau-selbstverteidigung-fuer-mehr-sicherheit-im-alltag-2\\\/\",\"name\":\"SelbstSicherFrau: Selbstverteidigung f\u00fcr mehr Sicherheit im Alltag - Veranstaltungen - H\u00e4user zum Leben und Pensionist*innenklubs\",\"isPartOf\":{\"@id\":\"https:\\\/\\\/kwp.at\\\/veranstaltungen\\\/#website\"},\"datePublished\":\"2026-04-22T08:53:11+00:00\",\"dateModified\":\"2026-04-27T11:52:42+00:00\",\"breadcrumb\":{\"@id\":\"https:\\\/\\\/kwp.at\\\/veranstaltungen\\\/product\\\/selbstsicherfrau-selbstverteidigung-fuer-mehr-sicherheit-im-alltag-2\\\/#breadcrumb\"},\"inLanguage\":\"de\",\"potentialAction\":[{\"@type\":\"ReadAction\",\"target\":[\"https:\\\/\\\/kwp.at\\\/veranstaltungen\\\/product\\\/selbstsicherfrau-selbstverteidigung-fuer-mehr-sicherheit-im-alltag-2\\\/\"]}]},{\"@type\":\"BreadcrumbList\",\"@id\":\"https:\\\/\\\/kwp.at\\\/veranstaltungen\\\/product\\\/selbstsicherfrau-selbstverteidigung-fuer-mehr-sicherheit-im-alltag-2\\\/#breadcrumb\",\"itemListElement\":[{\"@type\":\"ListItem\",\"position\":1,\"name\":\"Home\",\"item\":\"https:\\\/\\\/kwp.at\\\/veranstaltungen\\\/\"},{\"@type\":\"ListItem\",\"position\":2,\"name\":\"Shop\",\"item\":\"https:\\\/\\\/kwp.at\\\/veranstaltungen\\\/\"},{\"@type\":\"ListItem\",\"position\":3,\"name\":\"SelbstSicherFrau: Selbstverteidigung f\u00fcr mehr Sicherheit im Alltag\"}]},{\"@type\":\"WebSite\",\"@id\":\"https:\\\/\\\/kwp.at\\\/veranstaltungen\\\/#website\",\"url\":\"https:\\\/\\\/kwp.at\\\/veranstaltungen\\\/\",\"name\":\"Veranstaltungen - H\u00e4user zum Leben und Pensionist*innenklubs\",\"description\":\"Unsere Angebote der H\u00e4user und Klubs\",\"potentialAction\":[{\"@type\":\"SearchAction\",\"target\":{\"@type\":\"EntryPoint\",\"urlTemplate\":\"https:\\\/\\\/kwp.at\\\/veranstaltungen\\\/?s={search_term_string}\"},\"query-input\":{\"@type\":\"PropertyValueSpecification\",\"valueRequired\":true,\"valueName\":\"search_term_string\"}}],\"inLanguage\":\"de\"}]}<\/script>\n<!-- \/ Yoast SEO plugin. -->","yoast_head_json":{"title":"SelbstSicherFrau: Selbstverteidigung f\u00fcr mehr Sicherheit im Alltag - Veranstaltungen - H\u00e4user zum Leben und Pensionist*innenklubs","robots":{"index":"index","follow":"follow","max-snippet":"max-snippet:-1","max-image-preview":"max-image-preview:large","max-video-preview":"max-video-preview:-1"},"canonical":"https:\/\/kwp.at\/veranstaltungen\/product\/selbstsicherfrau-selbstverteidigung-fuer-mehr-sicherheit-im-alltag-2\/","og_locale":"de_DE","og_type":"article","og_title":"SelbstSicherFrau: Selbstverteidigung f\u00fcr mehr Sicherheit im Alltag - Veranstaltungen - H\u00e4user zum Leben und Pensionist*innenklubs","og_description":"In unseren Selbstverteidigungskursen f\u00fcr Seniorinnen lernen Damen ab 60 einfache, alltagstaugliche Techniken, um sich sicherer, ruhiger und selbstbewusster zu f\u00fchlen. Im Mittelpunkt stehen K\u00f6rpergef\u00fchl, Standfestigkeit und das Vertrauen in die eigene Handlungsf\u00e4higkeit, angepasst an die individuellen k\u00f6rperlichen M\u00f6glichkeiten. Es geht nicht ums K\u00e4mpfen, sondern darum, sich selbst zu sp\u00fcren, Grenzen wahrzunehmen und Sicherheit im eigenen K\u00f6rper zu entwickeln. Die Kurse finden in einem gesch\u00fctzten, wertsch\u00e4tzenden Rahmen statt: gemeinsam mit anderen Frauen, ohne Leistungsdruck. F\u00fcr Seniorinnen, die sich im Alltag sicherer f\u00fchlen m\u00f6chten.","og_url":"https:\/\/kwp.at\/veranstaltungen\/product\/selbstsicherfrau-selbstverteidigung-fuer-mehr-sicherheit-im-alltag-2\/","og_site_name":"Veranstaltungen - H\u00e4user zum Leben und Pensionist*innenklubs","article_modified_time":"2026-04-27T11:52:42+00:00","twitter_card":"summary_large_image","schema":{"@context":"https:\/\/schema.org","@graph":[{"@type":"WebPage","@id":"https:\/\/kwp.at\/veranstaltungen\/product\/selbstsicherfrau-selbstverteidigung-fuer-mehr-sicherheit-im-alltag-2\/","url":"https:\/\/kwp.at\/veranstaltungen\/product\/selbstsicherfrau-selbstverteidigung-fuer-mehr-sicherheit-im-alltag-2\/","name":"SelbstSicherFrau: Selbstverteidigung f\u00fcr mehr Sicherheit im Alltag - Veranstaltungen - H\u00e4user zum Leben und Pensionist*innenklubs","isPartOf":{"@id":"https:\/\/kwp.at\/veranstaltungen\/#website"},"datePublished":"2026-04-22T08:53:11+00:00","dateModified":"2026-04-27T11:52:42+00:00","breadcrumb":{"@id":"https:\/\/kwp.at\/veranstaltungen\/product\/selbstsicherfrau-selbstverteidigung-fuer-mehr-sicherheit-im-alltag-2\/#breadcrumb"},"inLanguage":"de","potentialAction":[{"@type":"ReadAction","target":["https:\/\/kwp.at\/veranstaltungen\/product\/selbstsicherfrau-selbstverteidigung-fuer-mehr-sicherheit-im-alltag-2\/"]}]},{"@type":"BreadcrumbList","@id":"https:\/\/kwp.at\/veranstaltungen\/product\/selbstsicherfrau-selbstverteidigung-fuer-mehr-sicherheit-im-alltag-2\/#breadcrumb","itemListElement":[{"@type":"ListItem","position":1,"name":"Home","item":"https:\/\/kwp.at\/veranstaltungen\/"},{"@type":"ListItem","position":2,"name":"Shop","item":"https:\/\/kwp.at\/veranstaltungen\/"},{"@type":"ListItem","position":3,"name":"SelbstSicherFrau: Selbstverteidigung f\u00fcr mehr Sicherheit im Alltag"}]},{"@type":"WebSite","@id":"https:\/\/kwp.at\/veranstaltungen\/#website","url":"https:\/\/kwp.at\/veranstaltungen\/","name":"Veranstaltungen - H\u00e4user zum Leben und Pensionist*innenklubs","description":"Unsere Angebote der H\u00e4user und Klubs","potentialAction":[{"@type":"SearchAction","target":{"@type":"EntryPoint","urlTemplate":"https:\/\/kwp.at\/veranstaltungen\/?s={search_term_string}"},"query-input":{"@type":"PropertyValueSpecification","valueRequired":true,"valueName":"search_term_string"}}],"inLanguage":"de"}]}},"_links":{"self":[{"href":"https:\/\/kwp.at\/veranstaltungen\/wp-json\/wp\/v2\/product\/184902","targetHints":{"allow":["GET"]}}],"collection":[{"href":"https:\/\/kwp.at\/veranstaltungen\/wp-json\/wp\/v2\/product"}],"about":[{"href":"https:\/\/kwp.at\/veranstaltungen\/wp-json\/wp\/v2\/types\/product"}],"author":[{"embeddable":true,"href":"https:\/\/kwp.at\/veranstaltungen\/wp-json\/wp\/v2\/users\/778"}],"replies":[{"embeddable":true,"href":"https:\/\/kwp.at\/veranstaltungen\/wp-json\/wp\/v2\/comments?post=184902"}],"wp:attachment":[{"href":"https:\/\/kwp.at\/veranstaltungen\/wp-json\/wp\/v2\/media?parent=184902"}],"wp:term":[{"taxonomy":"product_brand","embeddable":true,"href":"https:\/\/kwp.at\/veranstaltungen\/wp-json\/wp\/v2\/product_brand?post=184902"},{"taxonomy":"product_cat","embeddable":true,"href":"https:\/\/kwp.at\/veranstaltungen\/wp-json\/wp\/v2\/product_cat?post=184902"},{"taxonomy":"product_tag","embeddable":true,"href":"https:\/\/kwp.at\/veranstaltungen\/wp-json\/wp\/v2\/product_tag?post=184902"}],"curies":[{"name":"wp","href":"https:\/\/api.w.org\/{rel}","templated":true}]}}