{"id":172567,"date":"2026-03-24T17:34:46","date_gmt":"2026-03-24T16:34:46","guid":{"rendered":"https:\/\/kwp.at\/veranstaltungen\/product\/orpheum-sonderpreis-fuer-klubmitglieder-6\/"},"modified":"2026-03-24T17:46:01","modified_gmt":"2026-03-24T16:46:01","slug":"orpheum-sonderpreis-fuer-klubmitglieder-6","status":"publish","type":"product","link":"https:\/\/kwp.at\/veranstaltungen\/product\/orpheum-sonderpreis-fuer-klubmitglieder-6\/","title":{"rendered":"Orpheum &#8211; Sonderpreis f\u00fcr Klubmitglieder"},"excerpt":{"rendered":"<h3><img loading=\"lazy\" decoding=\"async\" class=\"alignleft wp-image-150543 size-medium\" src=\"https:\/\/kwp.at\/veranstaltungen\/wp-content\/uploads\/sites\/3\/2025\/09\/orpheum_logo-300x84.jpg\" alt=\"\" width=\"300\" height=\"84\" srcset=\"https:\/\/kwp.at\/veranstaltungen\/wp-content\/uploads\/sites\/3\/2025\/09\/orpheum_logo-300x84.jpg 300w, https:\/\/kwp.at\/veranstaltungen\/wp-content\/uploads\/sites\/3\/2025\/09\/orpheum_logo-768x214.jpg 768w, https:\/\/kwp.at\/veranstaltungen\/wp-content\/uploads\/sites\/3\/2025\/09\/orpheum_logo-317x88.jpg 317w, https:\/\/kwp.at\/veranstaltungen\/wp-content\/uploads\/sites\/3\/2025\/09\/orpheum_logo-648x181.jpg 648w, https:\/\/kwp.at\/veranstaltungen\/wp-content\/uploads\/sites\/3\/2025\/09\/orpheum_logo-600x167.jpg 600w, https:\/\/kwp.at\/veranstaltungen\/wp-content\/uploads\/sites\/3\/2025\/09\/orpheum_logo.jpg 868w\" sizes=\"auto, (max-width: 300px) 100vw, 300px\" \/><span style=\"font-size: 25.92px;\">Zwei Karten zum Preis von Einer!<\/span><\/h3>\n<p>11.03.2026 <strong>Markus Hauptmann und Udo Huber<\/strong> \u2013 \u201e<em>Play und Rec.<\/em>\u201c Kartenpreis \u20ac 29,00<br \/>\n15.03.2026 <strong>Paddy\u00b4s Return<\/strong> \u2013 \u201eS<em>t. Patrick\u00b4s Night 2026<\/em>\u201c, Kartenpreis \u20ac 32,50 &#8211; Beginn: 19:00<br \/>\n24.03.2026 <strong>Gerald Fleischhacker\u00a0<\/strong> \u2013 \u201e<em>ALTER NICER MANN<\/em>\u201c, Kartenpreis \u20ac 28,50<\/p>\n<p>N\u00e4here Infos zu den Programmen finden Sie auf der Orpheum Homepage! Dieses Angebot ist g\u00fcltig bis das Kontingent ersch\u00f6pft ist. Diese Veranstaltungen finden ohne Beteiligung von KWP-MitarbeiterInnen statt.<\/p>\n<p><em>Das Ganze funktioniert folgenderma\u00dfen: Reservierung der Karten direkt im Orpheum entweder&#8230;<\/em><\/p>\n<ul>\n<li>online \u00fcber die Homepage <a href=\"http:\/\/www.orpheum.at\">www.orpheum.at<\/a><\/li>\n<li>per E-Mail an <a href=\"mailto:office@orpheum.at?subject=KWP Kartenreservierung\">office@orpheum.at<\/a> oder<\/li>\n<li>telefonisch unter 01 4811717<\/li>\n<\/ul>\n<p>Bitte geben Sie bei der Reservierung folgendes Kennwort bekannt: <em><strong>Klub oder KWP<\/strong><\/em>. Bei der Kartenabholung zeigen Sie Ihre Klubkarte her.<br \/>\n\u00d6FFNUNGSZEITEN: Kartenabholung \/ Reservierung Dienstag 12:00 \u2013 16:30, an Veranstaltungstagen immer auch von 17:30 \u2013 20:30 Uhr<\/p>\n","protected":false},"author":79,"comment_status":"closed","ping_status":"closed","template":"","meta":{"_acf_changed":false},"product_brand":[],"product_cat":[15],"product_tag":[],"class_list":{"0":"post-172567","1":"product","2":"type-product","3":"status-publish","5":"product_cat-uncategorized","7":"first","8":"instock","9":"taxable","10":"shipping-taxable","11":"purchasable","12":"product-type-event"},"acf":[],"yoast_head":"<!-- This site is optimized with the Yoast SEO plugin v27.4 - https:\/\/yoast.com\/product\/yoast-seo-wordpress\/ -->\n<title>Orpheum - Sonderpreis f\u00fcr Klubmitglieder - Veranstaltungen - H\u00e4user zum Leben und Pensionist*innenklubs<\/title>\n<meta name=\"robots\" content=\"index, follow, max-snippet:-1, max-image-preview:large, max-video-preview:-1\" \/>\n<link rel=\"canonical\" href=\"https:\/\/kwp.at\/veranstaltungen\/product\/orpheum-sonderpreis-fuer-klubmitglieder-6\/\" \/>\n<meta property=\"og:locale\" content=\"de_DE\" \/>\n<meta property=\"og:type\" content=\"article\" \/>\n<meta property=\"og:title\" content=\"Orpheum - Sonderpreis f\u00fcr Klubmitglieder - Veranstaltungen - H\u00e4user zum Leben und Pensionist*innenklubs\" \/>\n<meta property=\"og:description\" content=\"Zwei Karten zum Preis von Einer! 11.03.2026 Markus Hauptmann und Udo Huber \u2013 \u201ePlay und Rec.\u201c Kartenpreis \u20ac 29,00 15.03.2026 Paddy\u00b4s Return \u2013 \u201eSt. Patrick\u00b4s Night 2026\u201c, Kartenpreis \u20ac 32,50 - Beginn: 19:00 24.03.2026 Gerald Fleischhacker\u00a0 \u2013 \u201eALTER NICER MANN\u201c, Kartenpreis \u20ac 28,50 N\u00e4here Infos zu den Programmen finden Sie auf der Orpheum Homepage! Dieses Angebot ist g\u00fcltig bis das Kontingent ersch\u00f6pft ist. Diese Veranstaltungen finden ohne Beteiligung von KWP-MitarbeiterInnen statt. Das Ganze funktioniert folgenderma\u00dfen: Reservierung der Karten direkt im Orpheum entweder...  online \u00fcber die Homepage www.orpheum.at  per E-Mail an office@orpheum.at oder  telefonisch unter 01 4811717 Bitte geben Sie bei der Reservierung folgendes Kennwort bekannt: Klub oder KWP. Bei der Kartenabholung zeigen Sie Ihre Klubkarte her. \u00d6FFNUNGSZEITEN: Kartenabholung \/ Reservierung Dienstag 12:00 \u2013 16:30, an Veranstaltungstagen immer auch von 17:30 \u2013 20:30 Uhr\" \/>\n<meta property=\"og:url\" content=\"https:\/\/kwp.at\/veranstaltungen\/product\/orpheum-sonderpreis-fuer-klubmitglieder-6\/\" \/>\n<meta property=\"og:site_name\" content=\"Veranstaltungen - H\u00e4user zum Leben und Pensionist*innenklubs\" \/>\n<meta property=\"article:modified_time\" content=\"2026-03-24T16:46:01+00:00\" \/>\n<meta property=\"og:image\" content=\"https:\/\/kwp.at\/veranstaltungen\/wp-content\/uploads\/sites\/3\/2025\/09\/orpheum_logo.jpg\" \/>\n\t<meta property=\"og:image:width\" content=\"868\" \/>\n\t<meta property=\"og:image:height\" content=\"242\" \/>\n\t<meta property=\"og:image:type\" content=\"image\/jpeg\" \/>\n<meta name=\"twitter:card\" content=\"summary_large_image\" \/>\n<script type=\"application\/ld+json\" class=\"yoast-schema-graph\">{\"@context\":\"https:\\\/\\\/schema.org\",\"@graph\":[{\"@type\":\"WebPage\",\"@id\":\"https:\\\/\\\/kwp.at\\\/veranstaltungen\\\/product\\\/orpheum-sonderpreis-fuer-klubmitglieder-6\\\/\",\"url\":\"https:\\\/\\\/kwp.at\\\/veranstaltungen\\\/product\\\/orpheum-sonderpreis-fuer-klubmitglieder-6\\\/\",\"name\":\"Orpheum - Sonderpreis f\u00fcr Klubmitglieder - Veranstaltungen - H\u00e4user zum Leben und Pensionist*innenklubs\",\"isPartOf\":{\"@id\":\"https:\\\/\\\/kwp.at\\\/veranstaltungen\\\/#website\"},\"primaryImageOfPage\":{\"@id\":\"https:\\\/\\\/kwp.at\\\/veranstaltungen\\\/product\\\/orpheum-sonderpreis-fuer-klubmitglieder-6\\\/#primaryimage\"},\"image\":{\"@id\":\"https:\\\/\\\/kwp.at\\\/veranstaltungen\\\/product\\\/orpheum-sonderpreis-fuer-klubmitglieder-6\\\/#primaryimage\"},\"thumbnailUrl\":\"https:\\\/\\\/kwp.at\\\/veranstaltungen\\\/wp-content\\\/uploads\\\/sites\\\/3\\\/2025\\\/09\\\/orpheum_logo-300x84.jpg\",\"datePublished\":\"2026-03-24T16:34:46+00:00\",\"dateModified\":\"2026-03-24T16:46:01+00:00\",\"breadcrumb\":{\"@id\":\"https:\\\/\\\/kwp.at\\\/veranstaltungen\\\/product\\\/orpheum-sonderpreis-fuer-klubmitglieder-6\\\/#breadcrumb\"},\"inLanguage\":\"de\",\"potentialAction\":[{\"@type\":\"ReadAction\",\"target\":[\"https:\\\/\\\/kwp.at\\\/veranstaltungen\\\/product\\\/orpheum-sonderpreis-fuer-klubmitglieder-6\\\/\"]}]},{\"@type\":\"ImageObject\",\"inLanguage\":\"de\",\"@id\":\"https:\\\/\\\/kwp.at\\\/veranstaltungen\\\/product\\\/orpheum-sonderpreis-fuer-klubmitglieder-6\\\/#primaryimage\",\"url\":\"https:\\\/\\\/kwp.at\\\/veranstaltungen\\\/wp-content\\\/uploads\\\/sites\\\/3\\\/2025\\\/09\\\/orpheum_logo.jpg\",\"contentUrl\":\"https:\\\/\\\/kwp.at\\\/veranstaltungen\\\/wp-content\\\/uploads\\\/sites\\\/3\\\/2025\\\/09\\\/orpheum_logo.jpg\",\"width\":868,\"height\":242},{\"@type\":\"BreadcrumbList\",\"@id\":\"https:\\\/\\\/kwp.at\\\/veranstaltungen\\\/product\\\/orpheum-sonderpreis-fuer-klubmitglieder-6\\\/#breadcrumb\",\"itemListElement\":[{\"@type\":\"ListItem\",\"position\":1,\"name\":\"Home\",\"item\":\"https:\\\/\\\/kwp.at\\\/veranstaltungen\\\/\"},{\"@type\":\"ListItem\",\"position\":2,\"name\":\"Shop\",\"item\":\"https:\\\/\\\/kwp.at\\\/veranstaltungen\\\/\"},{\"@type\":\"ListItem\",\"position\":3,\"name\":\"Orpheum &#8211; Sonderpreis f\u00fcr Klubmitglieder\"}]},{\"@type\":\"WebSite\",\"@id\":\"https:\\\/\\\/kwp.at\\\/veranstaltungen\\\/#website\",\"url\":\"https:\\\/\\\/kwp.at\\\/veranstaltungen\\\/\",\"name\":\"Veranstaltungen - H\u00e4user zum Leben und Pensionist*innenklubs\",\"description\":\"Unsere Angebote der H\u00e4user und Klubs\",\"potentialAction\":[{\"@type\":\"SearchAction\",\"target\":{\"@type\":\"EntryPoint\",\"urlTemplate\":\"https:\\\/\\\/kwp.at\\\/veranstaltungen\\\/?s={search_term_string}\"},\"query-input\":{\"@type\":\"PropertyValueSpecification\",\"valueRequired\":true,\"valueName\":\"search_term_string\"}}],\"inLanguage\":\"de\"}]}<\/script>\n<!-- \/ Yoast SEO plugin. -->","yoast_head_json":{"title":"Orpheum - Sonderpreis f\u00fcr Klubmitglieder - Veranstaltungen - H\u00e4user zum Leben und Pensionist*innenklubs","robots":{"index":"index","follow":"follow","max-snippet":"max-snippet:-1","max-image-preview":"max-image-preview:large","max-video-preview":"max-video-preview:-1"},"canonical":"https:\/\/kwp.at\/veranstaltungen\/product\/orpheum-sonderpreis-fuer-klubmitglieder-6\/","og_locale":"de_DE","og_type":"article","og_title":"Orpheum - Sonderpreis f\u00fcr Klubmitglieder - Veranstaltungen - H\u00e4user zum Leben und Pensionist*innenklubs","og_description":"Zwei Karten zum Preis von Einer! 11.03.2026 Markus Hauptmann und Udo Huber \u2013 \u201ePlay und Rec.\u201c Kartenpreis \u20ac 29,00 15.03.2026 Paddy\u00b4s Return \u2013 \u201eSt. Patrick\u00b4s Night 2026\u201c, Kartenpreis \u20ac 32,50 - Beginn: 19:00 24.03.2026 Gerald Fleischhacker\u00a0 \u2013 \u201eALTER NICER MANN\u201c, Kartenpreis \u20ac 28,50 N\u00e4here Infos zu den Programmen finden Sie auf der Orpheum Homepage! Dieses Angebot ist g\u00fcltig bis das Kontingent ersch\u00f6pft ist. Diese Veranstaltungen finden ohne Beteiligung von KWP-MitarbeiterInnen statt. Das Ganze funktioniert folgenderma\u00dfen: Reservierung der Karten direkt im Orpheum entweder...  online \u00fcber die Homepage www.orpheum.at  per E-Mail an office@orpheum.at oder  telefonisch unter 01 4811717 Bitte geben Sie bei der Reservierung folgendes Kennwort bekannt: Klub oder KWP. Bei der Kartenabholung zeigen Sie Ihre Klubkarte her. \u00d6FFNUNGSZEITEN: Kartenabholung \/ Reservierung Dienstag 12:00 \u2013 16:30, an Veranstaltungstagen immer auch von 17:30 \u2013 20:30 Uhr","og_url":"https:\/\/kwp.at\/veranstaltungen\/product\/orpheum-sonderpreis-fuer-klubmitglieder-6\/","og_site_name":"Veranstaltungen - H\u00e4user zum Leben und Pensionist*innenklubs","article_modified_time":"2026-03-24T16:46:01+00:00","og_image":[{"width":868,"height":242,"url":"https:\/\/kwp.at\/veranstaltungen\/wp-content\/uploads\/sites\/3\/2025\/09\/orpheum_logo.jpg","type":"image\/jpeg"}],"twitter_card":"summary_large_image","schema":{"@context":"https:\/\/schema.org","@graph":[{"@type":"WebPage","@id":"https:\/\/kwp.at\/veranstaltungen\/product\/orpheum-sonderpreis-fuer-klubmitglieder-6\/","url":"https:\/\/kwp.at\/veranstaltungen\/product\/orpheum-sonderpreis-fuer-klubmitglieder-6\/","name":"Orpheum - Sonderpreis f\u00fcr Klubmitglieder - Veranstaltungen - H\u00e4user zum Leben und Pensionist*innenklubs","isPartOf":{"@id":"https:\/\/kwp.at\/veranstaltungen\/#website"},"primaryImageOfPage":{"@id":"https:\/\/kwp.at\/veranstaltungen\/product\/orpheum-sonderpreis-fuer-klubmitglieder-6\/#primaryimage"},"image":{"@id":"https:\/\/kwp.at\/veranstaltungen\/product\/orpheum-sonderpreis-fuer-klubmitglieder-6\/#primaryimage"},"thumbnailUrl":"https:\/\/kwp.at\/veranstaltungen\/wp-content\/uploads\/sites\/3\/2025\/09\/orpheum_logo-300x84.jpg","datePublished":"2026-03-24T16:34:46+00:00","dateModified":"2026-03-24T16:46:01+00:00","breadcrumb":{"@id":"https:\/\/kwp.at\/veranstaltungen\/product\/orpheum-sonderpreis-fuer-klubmitglieder-6\/#breadcrumb"},"inLanguage":"de","potentialAction":[{"@type":"ReadAction","target":["https:\/\/kwp.at\/veranstaltungen\/product\/orpheum-sonderpreis-fuer-klubmitglieder-6\/"]}]},{"@type":"ImageObject","inLanguage":"de","@id":"https:\/\/kwp.at\/veranstaltungen\/product\/orpheum-sonderpreis-fuer-klubmitglieder-6\/#primaryimage","url":"https:\/\/kwp.at\/veranstaltungen\/wp-content\/uploads\/sites\/3\/2025\/09\/orpheum_logo.jpg","contentUrl":"https:\/\/kwp.at\/veranstaltungen\/wp-content\/uploads\/sites\/3\/2025\/09\/orpheum_logo.jpg","width":868,"height":242},{"@type":"BreadcrumbList","@id":"https:\/\/kwp.at\/veranstaltungen\/product\/orpheum-sonderpreis-fuer-klubmitglieder-6\/#breadcrumb","itemListElement":[{"@type":"ListItem","position":1,"name":"Home","item":"https:\/\/kwp.at\/veranstaltungen\/"},{"@type":"ListItem","position":2,"name":"Shop","item":"https:\/\/kwp.at\/veranstaltungen\/"},{"@type":"ListItem","position":3,"name":"Orpheum &#8211; Sonderpreis f\u00fcr Klubmitglieder"}]},{"@type":"WebSite","@id":"https:\/\/kwp.at\/veranstaltungen\/#website","url":"https:\/\/kwp.at\/veranstaltungen\/","name":"Veranstaltungen - H\u00e4user zum Leben und Pensionist*innenklubs","description":"Unsere Angebote der H\u00e4user und Klubs","potentialAction":[{"@type":"SearchAction","target":{"@type":"EntryPoint","urlTemplate":"https:\/\/kwp.at\/veranstaltungen\/?s={search_term_string}"},"query-input":{"@type":"PropertyValueSpecification","valueRequired":true,"valueName":"search_term_string"}}],"inLanguage":"de"}]}},"_links":{"self":[{"href":"https:\/\/kwp.at\/veranstaltungen\/wp-json\/wp\/v2\/product\/172567","targetHints":{"allow":["GET"]}}],"collection":[{"href":"https:\/\/kwp.at\/veranstaltungen\/wp-json\/wp\/v2\/product"}],"about":[{"href":"https:\/\/kwp.at\/veranstaltungen\/wp-json\/wp\/v2\/types\/product"}],"author":[{"embeddable":true,"href":"https:\/\/kwp.at\/veranstaltungen\/wp-json\/wp\/v2\/users\/79"}],"replies":[{"embeddable":true,"href":"https:\/\/kwp.at\/veranstaltungen\/wp-json\/wp\/v2\/comments?post=172567"}],"wp:attachment":[{"href":"https:\/\/kwp.at\/veranstaltungen\/wp-json\/wp\/v2\/media?parent=172567"}],"wp:term":[{"taxonomy":"product_brand","embeddable":true,"href":"https:\/\/kwp.at\/veranstaltungen\/wp-json\/wp\/v2\/product_brand?post=172567"},{"taxonomy":"product_cat","embeddable":true,"href":"https:\/\/kwp.at\/veranstaltungen\/wp-json\/wp\/v2\/product_cat?post=172567"},{"taxonomy":"product_tag","embeddable":true,"href":"https:\/\/kwp.at\/veranstaltungen\/wp-json\/wp\/v2\/product_tag?post=172567"}],"curies":[{"name":"wp","href":"https:\/\/api.w.org\/{rel}","templated":true}]}}