{"id":165229,"date":"2026-02-04T10:51:44","date_gmt":"2026-02-04T09:51:44","guid":{"rendered":"https:\/\/kwp.at\/veranstaltungen\/product\/haus-des-meeres-fuehrung-und-panorama-jause-30\/"},"modified":"2026-03-31T08:48:58","modified_gmt":"2026-03-31T06:48:58","slug":"haus-des-meeres-fuehrung-und-panorama-jause-30","status":"publish","type":"product","link":"https:\/\/kwp.at\/veranstaltungen\/product\/haus-des-meeres-fuehrung-und-panorama-jause-30\/","title":{"rendered":"Haus des Meeres &#8211; F\u00fchrung und Panorama Jause"},"excerpt":{"rendered":"<h3><img loading=\"lazy\" decoding=\"async\" class=\"alignleft wp-image-165221\" src=\"https:\/\/kwp.at\/veranstaltungen\/wp-content\/uploads\/sites\/3\/2025\/02\/Logo_HausdesMeeres-1.jpg\" alt=\"\" width=\"216\" height=\"140\" \/>Haus des Meeres \u2013 Aqua Terra Zoo<\/h3>\n<p>Mit einem verg\u00fcnstigten K<strong>ombi-Ticket von 23 Euro<\/strong>\u00a0erleben Sie eine exklusive F\u00fchrung durch das Haus des Meeres (HdM).<\/p>\n<p>Nach Empfang vor Ort durch eine Mitarbeiterin der Klubs kaufen Sie die verg\u00fcnstigte Kombi-Eintrittskarte am Schalter der &#8222;fast lane&#8220;.\u00a0Nach der F\u00fchrung genie\u00dfen Sie eine s\u00fc\u00dfe oder pikante Jause im Ocean Sky-Restaurant hoch \u00fcber den D\u00e4chern von Wien.<\/p>\n<p><strong>Treffpunkt: 13:45<\/strong>\u00a0vor dem Eingang zum Haus des Meeres.<br \/>\n<strong>Beginn der F\u00fchrung 14:00<\/strong>, Dauer ca. 50 Minuten. Nach der Jause k\u00f6nnen Sie auf eigene Faust weiter das Haus des Meeres erkunden.<\/p>\n<p>BesitzerInnen von HdM-Jahrekarten bezahlen nur die verg\u00fcnstigte Jause von 10 Euro.<br \/>\nTeilnehmer-Anzahl: Mindestens 15 Personen, maximal 40 Personen je Termin.\u00a0<span style=\"color: var(--font-color); font-family: var(--font-stack); font-size: var(--default-font-size);\">Anmeldeschluss ist 7 Tage vor dem Termin.\u00a0<\/span><\/p>\n","protected":false},"author":79,"comment_status":"closed","ping_status":"closed","template":"","meta":{"_acf_changed":false},"product_brand":[],"product_cat":[15],"product_tag":[],"class_list":{"0":"post-165229","1":"product","2":"type-product","3":"status-publish","5":"product_cat-uncategorized","7":"first","8":"instock","9":"taxable","10":"shipping-taxable","11":"purchasable","12":"product-type-event"},"acf":[],"yoast_head":"<!-- This site is optimized with the Yoast SEO plugin v27.4 - https:\/\/yoast.com\/product\/yoast-seo-wordpress\/ -->\n<title>Haus des Meeres - F\u00fchrung und Panorama Jause - Veranstaltungen - H\u00e4user zum Leben und Pensionist*innenklubs<\/title>\n<meta name=\"robots\" content=\"index, follow, max-snippet:-1, max-image-preview:large, max-video-preview:-1\" \/>\n<link rel=\"canonical\" href=\"https:\/\/kwp.at\/veranstaltungen\/product\/haus-des-meeres-fuehrung-und-panorama-jause-30\/\" \/>\n<meta property=\"og:locale\" content=\"de_DE\" \/>\n<meta property=\"og:type\" content=\"article\" \/>\n<meta property=\"og:title\" content=\"Haus des Meeres - F\u00fchrung und Panorama Jause - Veranstaltungen - H\u00e4user zum Leben und Pensionist*innenklubs\" \/>\n<meta property=\"og:description\" content=\"Haus des Meeres \u2013 Aqua Terra Zoo Mit einem verg\u00fcnstigten Kombi-Ticket von 23 Euro\u00a0erleben Sie eine exklusive F\u00fchrung durch das Haus des Meeres (HdM). Nach Empfang vor Ort durch eine Mitarbeiterin der Klubs kaufen Sie die verg\u00fcnstigte Kombi-Eintrittskarte am Schalter der &quot;fast lane&quot;.\u00a0Nach der F\u00fchrung genie\u00dfen Sie eine s\u00fc\u00dfe oder pikante Jause im Ocean Sky-Restaurant hoch \u00fcber den D\u00e4chern von Wien. Treffpunkt: 13:45\u00a0vor dem Eingang zum Haus des Meeres. Beginn der F\u00fchrung 14:00, Dauer ca. 50 Minuten. Nach der Jause k\u00f6nnen Sie auf eigene Faust weiter das Haus des Meeres erkunden. BesitzerInnen von HdM-Jahrekarten bezahlen nur die verg\u00fcnstigte Jause von 10 Euro. Teilnehmer-Anzahl: Mindestens 15 Personen, maximal 40 Personen je Termin.\u00a0Anmeldeschluss ist 7 Tage vor dem Termin.\u00a0\" \/>\n<meta property=\"og:url\" content=\"https:\/\/kwp.at\/veranstaltungen\/product\/haus-des-meeres-fuehrung-und-panorama-jause-30\/\" \/>\n<meta property=\"og:site_name\" content=\"Veranstaltungen - H\u00e4user zum Leben und Pensionist*innenklubs\" \/>\n<meta property=\"article:modified_time\" content=\"2026-03-31T06:48:58+00:00\" \/>\n<meta property=\"og:image\" content=\"https:\/\/kwp.at\/veranstaltungen\/wp-content\/uploads\/sites\/3\/2025\/02\/Logo_HausdesMeeres-1.jpg\" \/>\n\t<meta property=\"og:image:width\" content=\"256\" \/>\n\t<meta property=\"og:image:height\" content=\"166\" \/>\n\t<meta property=\"og:image:type\" content=\"image\/jpeg\" \/>\n<meta name=\"twitter:card\" content=\"summary_large_image\" \/>\n<script type=\"application\/ld+json\" class=\"yoast-schema-graph\">{\"@context\":\"https:\\\/\\\/schema.org\",\"@graph\":[{\"@type\":\"WebPage\",\"@id\":\"https:\\\/\\\/kwp.at\\\/veranstaltungen\\\/product\\\/haus-des-meeres-fuehrung-und-panorama-jause-30\\\/\",\"url\":\"https:\\\/\\\/kwp.at\\\/veranstaltungen\\\/product\\\/haus-des-meeres-fuehrung-und-panorama-jause-30\\\/\",\"name\":\"Haus des Meeres - F\u00fchrung und Panorama Jause - Veranstaltungen - H\u00e4user zum Leben und Pensionist*innenklubs\",\"isPartOf\":{\"@id\":\"https:\\\/\\\/kwp.at\\\/veranstaltungen\\\/#website\"},\"primaryImageOfPage\":{\"@id\":\"https:\\\/\\\/kwp.at\\\/veranstaltungen\\\/product\\\/haus-des-meeres-fuehrung-und-panorama-jause-30\\\/#primaryimage\"},\"image\":{\"@id\":\"https:\\\/\\\/kwp.at\\\/veranstaltungen\\\/product\\\/haus-des-meeres-fuehrung-und-panorama-jause-30\\\/#primaryimage\"},\"thumbnailUrl\":\"https:\\\/\\\/kwp.at\\\/veranstaltungen\\\/wp-content\\\/uploads\\\/sites\\\/3\\\/2025\\\/02\\\/Logo_HausdesMeeres-1.jpg\",\"datePublished\":\"2026-02-04T09:51:44+00:00\",\"dateModified\":\"2026-03-31T06:48:58+00:00\",\"breadcrumb\":{\"@id\":\"https:\\\/\\\/kwp.at\\\/veranstaltungen\\\/product\\\/haus-des-meeres-fuehrung-und-panorama-jause-30\\\/#breadcrumb\"},\"inLanguage\":\"de\",\"potentialAction\":[{\"@type\":\"ReadAction\",\"target\":[\"https:\\\/\\\/kwp.at\\\/veranstaltungen\\\/product\\\/haus-des-meeres-fuehrung-und-panorama-jause-30\\\/\"]}]},{\"@type\":\"ImageObject\",\"inLanguage\":\"de\",\"@id\":\"https:\\\/\\\/kwp.at\\\/veranstaltungen\\\/product\\\/haus-des-meeres-fuehrung-und-panorama-jause-30\\\/#primaryimage\",\"url\":\"https:\\\/\\\/kwp.at\\\/veranstaltungen\\\/wp-content\\\/uploads\\\/sites\\\/3\\\/2025\\\/02\\\/Logo_HausdesMeeres-1.jpg\",\"contentUrl\":\"https:\\\/\\\/kwp.at\\\/veranstaltungen\\\/wp-content\\\/uploads\\\/sites\\\/3\\\/2025\\\/02\\\/Logo_HausdesMeeres-1.jpg\",\"width\":256,\"height\":166},{\"@type\":\"BreadcrumbList\",\"@id\":\"https:\\\/\\\/kwp.at\\\/veranstaltungen\\\/product\\\/haus-des-meeres-fuehrung-und-panorama-jause-30\\\/#breadcrumb\",\"itemListElement\":[{\"@type\":\"ListItem\",\"position\":1,\"name\":\"Home\",\"item\":\"https:\\\/\\\/kwp.at\\\/veranstaltungen\\\/\"},{\"@type\":\"ListItem\",\"position\":2,\"name\":\"Shop\",\"item\":\"https:\\\/\\\/kwp.at\\\/veranstaltungen\\\/\"},{\"@type\":\"ListItem\",\"position\":3,\"name\":\"Haus des Meeres &#8211; F\u00fchrung und Panorama Jause\"}]},{\"@type\":\"WebSite\",\"@id\":\"https:\\\/\\\/kwp.at\\\/veranstaltungen\\\/#website\",\"url\":\"https:\\\/\\\/kwp.at\\\/veranstaltungen\\\/\",\"name\":\"Veranstaltungen - H\u00e4user zum Leben und Pensionist*innenklubs\",\"description\":\"Unsere Angebote der H\u00e4user und Klubs\",\"potentialAction\":[{\"@type\":\"SearchAction\",\"target\":{\"@type\":\"EntryPoint\",\"urlTemplate\":\"https:\\\/\\\/kwp.at\\\/veranstaltungen\\\/?s={search_term_string}\"},\"query-input\":{\"@type\":\"PropertyValueSpecification\",\"valueRequired\":true,\"valueName\":\"search_term_string\"}}],\"inLanguage\":\"de\"}]}<\/script>\n<!-- \/ Yoast SEO plugin. -->","yoast_head_json":{"title":"Haus des Meeres - F\u00fchrung und Panorama Jause - Veranstaltungen - H\u00e4user zum Leben und Pensionist*innenklubs","robots":{"index":"index","follow":"follow","max-snippet":"max-snippet:-1","max-image-preview":"max-image-preview:large","max-video-preview":"max-video-preview:-1"},"canonical":"https:\/\/kwp.at\/veranstaltungen\/product\/haus-des-meeres-fuehrung-und-panorama-jause-30\/","og_locale":"de_DE","og_type":"article","og_title":"Haus des Meeres - F\u00fchrung und Panorama Jause - Veranstaltungen - H\u00e4user zum Leben und Pensionist*innenklubs","og_description":"Haus des Meeres \u2013 Aqua Terra Zoo Mit einem verg\u00fcnstigten Kombi-Ticket von 23 Euro\u00a0erleben Sie eine exklusive F\u00fchrung durch das Haus des Meeres (HdM). Nach Empfang vor Ort durch eine Mitarbeiterin der Klubs kaufen Sie die verg\u00fcnstigte Kombi-Eintrittskarte am Schalter der \"fast lane\".\u00a0Nach der F\u00fchrung genie\u00dfen Sie eine s\u00fc\u00dfe oder pikante Jause im Ocean Sky-Restaurant hoch \u00fcber den D\u00e4chern von Wien. Treffpunkt: 13:45\u00a0vor dem Eingang zum Haus des Meeres. Beginn der F\u00fchrung 14:00, Dauer ca. 50 Minuten. Nach der Jause k\u00f6nnen Sie auf eigene Faust weiter das Haus des Meeres erkunden. BesitzerInnen von HdM-Jahrekarten bezahlen nur die verg\u00fcnstigte Jause von 10 Euro. Teilnehmer-Anzahl: Mindestens 15 Personen, maximal 40 Personen je Termin.\u00a0Anmeldeschluss ist 7 Tage vor dem Termin.\u00a0","og_url":"https:\/\/kwp.at\/veranstaltungen\/product\/haus-des-meeres-fuehrung-und-panorama-jause-30\/","og_site_name":"Veranstaltungen - H\u00e4user zum Leben und Pensionist*innenklubs","article_modified_time":"2026-03-31T06:48:58+00:00","og_image":[{"width":256,"height":166,"url":"https:\/\/kwp.at\/veranstaltungen\/wp-content\/uploads\/sites\/3\/2025\/02\/Logo_HausdesMeeres-1.jpg","type":"image\/jpeg"}],"twitter_card":"summary_large_image","schema":{"@context":"https:\/\/schema.org","@graph":[{"@type":"WebPage","@id":"https:\/\/kwp.at\/veranstaltungen\/product\/haus-des-meeres-fuehrung-und-panorama-jause-30\/","url":"https:\/\/kwp.at\/veranstaltungen\/product\/haus-des-meeres-fuehrung-und-panorama-jause-30\/","name":"Haus des Meeres - F\u00fchrung und Panorama Jause - Veranstaltungen - H\u00e4user zum Leben und Pensionist*innenklubs","isPartOf":{"@id":"https:\/\/kwp.at\/veranstaltungen\/#website"},"primaryImageOfPage":{"@id":"https:\/\/kwp.at\/veranstaltungen\/product\/haus-des-meeres-fuehrung-und-panorama-jause-30\/#primaryimage"},"image":{"@id":"https:\/\/kwp.at\/veranstaltungen\/product\/haus-des-meeres-fuehrung-und-panorama-jause-30\/#primaryimage"},"thumbnailUrl":"https:\/\/kwp.at\/veranstaltungen\/wp-content\/uploads\/sites\/3\/2025\/02\/Logo_HausdesMeeres-1.jpg","datePublished":"2026-02-04T09:51:44+00:00","dateModified":"2026-03-31T06:48:58+00:00","breadcrumb":{"@id":"https:\/\/kwp.at\/veranstaltungen\/product\/haus-des-meeres-fuehrung-und-panorama-jause-30\/#breadcrumb"},"inLanguage":"de","potentialAction":[{"@type":"ReadAction","target":["https:\/\/kwp.at\/veranstaltungen\/product\/haus-des-meeres-fuehrung-und-panorama-jause-30\/"]}]},{"@type":"ImageObject","inLanguage":"de","@id":"https:\/\/kwp.at\/veranstaltungen\/product\/haus-des-meeres-fuehrung-und-panorama-jause-30\/#primaryimage","url":"https:\/\/kwp.at\/veranstaltungen\/wp-content\/uploads\/sites\/3\/2025\/02\/Logo_HausdesMeeres-1.jpg","contentUrl":"https:\/\/kwp.at\/veranstaltungen\/wp-content\/uploads\/sites\/3\/2025\/02\/Logo_HausdesMeeres-1.jpg","width":256,"height":166},{"@type":"BreadcrumbList","@id":"https:\/\/kwp.at\/veranstaltungen\/product\/haus-des-meeres-fuehrung-und-panorama-jause-30\/#breadcrumb","itemListElement":[{"@type":"ListItem","position":1,"name":"Home","item":"https:\/\/kwp.at\/veranstaltungen\/"},{"@type":"ListItem","position":2,"name":"Shop","item":"https:\/\/kwp.at\/veranstaltungen\/"},{"@type":"ListItem","position":3,"name":"Haus des Meeres &#8211; F\u00fchrung und Panorama Jause"}]},{"@type":"WebSite","@id":"https:\/\/kwp.at\/veranstaltungen\/#website","url":"https:\/\/kwp.at\/veranstaltungen\/","name":"Veranstaltungen - H\u00e4user zum Leben und Pensionist*innenklubs","description":"Unsere Angebote der H\u00e4user und Klubs","potentialAction":[{"@type":"SearchAction","target":{"@type":"EntryPoint","urlTemplate":"https:\/\/kwp.at\/veranstaltungen\/?s={search_term_string}"},"query-input":{"@type":"PropertyValueSpecification","valueRequired":true,"valueName":"search_term_string"}}],"inLanguage":"de"}]}},"_links":{"self":[{"href":"https:\/\/kwp.at\/veranstaltungen\/wp-json\/wp\/v2\/product\/165229","targetHints":{"allow":["GET"]}}],"collection":[{"href":"https:\/\/kwp.at\/veranstaltungen\/wp-json\/wp\/v2\/product"}],"about":[{"href":"https:\/\/kwp.at\/veranstaltungen\/wp-json\/wp\/v2\/types\/product"}],"author":[{"embeddable":true,"href":"https:\/\/kwp.at\/veranstaltungen\/wp-json\/wp\/v2\/users\/79"}],"replies":[{"embeddable":true,"href":"https:\/\/kwp.at\/veranstaltungen\/wp-json\/wp\/v2\/comments?post=165229"}],"wp:attachment":[{"href":"https:\/\/kwp.at\/veranstaltungen\/wp-json\/wp\/v2\/media?parent=165229"}],"wp:term":[{"taxonomy":"product_brand","embeddable":true,"href":"https:\/\/kwp.at\/veranstaltungen\/wp-json\/wp\/v2\/product_brand?post=165229"},{"taxonomy":"product_cat","embeddable":true,"href":"https:\/\/kwp.at\/veranstaltungen\/wp-json\/wp\/v2\/product_cat?post=165229"},{"taxonomy":"product_tag","embeddable":true,"href":"https:\/\/kwp.at\/veranstaltungen\/wp-json\/wp\/v2\/product_tag?post=165229"}],"curies":[{"name":"wp","href":"https:\/\/api.w.org\/{rel}","templated":true}]}}