{"id":162038,"date":"2026-01-14T15:00:53","date_gmt":"2026-01-14T14:00:53","guid":{"rendered":"https:\/\/kwp.at\/veranstaltungen\/product\/heisse-tage-kuehler-kopf\/"},"modified":"2026-01-14T15:00:58","modified_gmt":"2026-01-14T14:00:58","slug":"heisse-tage-kuehler-kopf","status":"publish","type":"product","link":"https:\/\/kwp.at\/veranstaltungen\/product\/heisse-tage-kuehler-kopf\/","title":{"rendered":"&#8222;Hei\u00dfe Tage &#8211; k\u00fchler Kopf&#8220;"},"excerpt":{"rendered":"<p>Ein interaktiver Workshop mit Tipps f\u00fcr Hitzeperioden in der Stadt mit den Community Nurses (FSW).<\/p>\n","protected":false},"author":103,"comment_status":"closed","ping_status":"open","template":"","meta":{"_acf_changed":false},"product_brand":[],"product_cat":[15],"product_tag":[],"class_list":{"0":"post-162038","1":"product","2":"type-product","3":"status-publish","5":"product_cat-uncategorized","7":"first","8":"instock","9":"taxable","10":"shipping-taxable","11":"purchasable","12":"product-type-event"},"acf":[],"yoast_head":"<!-- This site is optimized with the Yoast SEO plugin v27.4 - https:\/\/yoast.com\/product\/yoast-seo-wordpress\/ -->\n<title>&quot;Hei\u00dfe Tage - k\u00fchler Kopf&quot; - Veranstaltungen - H\u00e4user zum Leben und Pensionist*innenklubs<\/title>\n<meta name=\"robots\" content=\"index, follow, max-snippet:-1, max-image-preview:large, max-video-preview:-1\" \/>\n<link rel=\"canonical\" href=\"https:\/\/kwp.at\/veranstaltungen\/product\/heisse-tage-kuehler-kopf\/\" \/>\n<meta property=\"og:locale\" content=\"de_DE\" \/>\n<meta property=\"og:type\" content=\"article\" \/>\n<meta property=\"og:title\" content=\"&quot;Hei\u00dfe Tage - k\u00fchler Kopf&quot; - Veranstaltungen - H\u00e4user zum Leben und Pensionist*innenklubs\" \/>\n<meta property=\"og:description\" content=\"Ein interaktiver Workshop mit Tipps f\u00fcr Hitzeperioden in der Stadt mit den Community Nurses (FSW).\" \/>\n<meta property=\"og:url\" content=\"https:\/\/kwp.at\/veranstaltungen\/product\/heisse-tage-kuehler-kopf\/\" \/>\n<meta property=\"og:site_name\" content=\"Veranstaltungen - H\u00e4user zum Leben und Pensionist*innenklubs\" \/>\n<meta property=\"article:modified_time\" content=\"2026-01-14T14:00:58+00:00\" \/>\n<meta name=\"twitter:card\" content=\"summary_large_image\" \/>\n<script type=\"application\/ld+json\" class=\"yoast-schema-graph\">{\"@context\":\"https:\\\/\\\/schema.org\",\"@graph\":[{\"@type\":\"WebPage\",\"@id\":\"https:\\\/\\\/kwp.at\\\/veranstaltungen\\\/product\\\/heisse-tage-kuehler-kopf\\\/\",\"url\":\"https:\\\/\\\/kwp.at\\\/veranstaltungen\\\/product\\\/heisse-tage-kuehler-kopf\\\/\",\"name\":\"\\\"Hei\u00dfe Tage - k\u00fchler Kopf\\\" - Veranstaltungen - H\u00e4user zum Leben und Pensionist*innenklubs\",\"isPartOf\":{\"@id\":\"https:\\\/\\\/kwp.at\\\/veranstaltungen\\\/#website\"},\"datePublished\":\"2026-01-14T14:00:53+00:00\",\"dateModified\":\"2026-01-14T14:00:58+00:00\",\"breadcrumb\":{\"@id\":\"https:\\\/\\\/kwp.at\\\/veranstaltungen\\\/product\\\/heisse-tage-kuehler-kopf\\\/#breadcrumb\"},\"inLanguage\":\"de\",\"potentialAction\":[{\"@type\":\"ReadAction\",\"target\":[\"https:\\\/\\\/kwp.at\\\/veranstaltungen\\\/product\\\/heisse-tage-kuehler-kopf\\\/\"]}]},{\"@type\":\"BreadcrumbList\",\"@id\":\"https:\\\/\\\/kwp.at\\\/veranstaltungen\\\/product\\\/heisse-tage-kuehler-kopf\\\/#breadcrumb\",\"itemListElement\":[{\"@type\":\"ListItem\",\"position\":1,\"name\":\"Home\",\"item\":\"https:\\\/\\\/kwp.at\\\/veranstaltungen\\\/\"},{\"@type\":\"ListItem\",\"position\":2,\"name\":\"Shop\",\"item\":\"https:\\\/\\\/kwp.at\\\/veranstaltungen\\\/\"},{\"@type\":\"ListItem\",\"position\":3,\"name\":\"&#8222;Hei\u00dfe Tage &#8211; k\u00fchler Kopf&#8220;\"}]},{\"@type\":\"WebSite\",\"@id\":\"https:\\\/\\\/kwp.at\\\/veranstaltungen\\\/#website\",\"url\":\"https:\\\/\\\/kwp.at\\\/veranstaltungen\\\/\",\"name\":\"Veranstaltungen - H\u00e4user zum Leben und Pensionist*innenklubs\",\"description\":\"Unsere Angebote der H\u00e4user und Klubs\",\"potentialAction\":[{\"@type\":\"SearchAction\",\"target\":{\"@type\":\"EntryPoint\",\"urlTemplate\":\"https:\\\/\\\/kwp.at\\\/veranstaltungen\\\/?s={search_term_string}\"},\"query-input\":{\"@type\":\"PropertyValueSpecification\",\"valueRequired\":true,\"valueName\":\"search_term_string\"}}],\"inLanguage\":\"de\"}]}<\/script>\n<!-- \/ Yoast SEO plugin. -->","yoast_head_json":{"title":"\"Hei\u00dfe Tage - k\u00fchler Kopf\" - Veranstaltungen - H\u00e4user zum Leben und Pensionist*innenklubs","robots":{"index":"index","follow":"follow","max-snippet":"max-snippet:-1","max-image-preview":"max-image-preview:large","max-video-preview":"max-video-preview:-1"},"canonical":"https:\/\/kwp.at\/veranstaltungen\/product\/heisse-tage-kuehler-kopf\/","og_locale":"de_DE","og_type":"article","og_title":"\"Hei\u00dfe Tage - k\u00fchler Kopf\" - Veranstaltungen - H\u00e4user zum Leben und Pensionist*innenklubs","og_description":"Ein interaktiver Workshop mit Tipps f\u00fcr Hitzeperioden in der Stadt mit den Community Nurses (FSW).","og_url":"https:\/\/kwp.at\/veranstaltungen\/product\/heisse-tage-kuehler-kopf\/","og_site_name":"Veranstaltungen - H\u00e4user zum Leben und Pensionist*innenklubs","article_modified_time":"2026-01-14T14:00:58+00:00","twitter_card":"summary_large_image","schema":{"@context":"https:\/\/schema.org","@graph":[{"@type":"WebPage","@id":"https:\/\/kwp.at\/veranstaltungen\/product\/heisse-tage-kuehler-kopf\/","url":"https:\/\/kwp.at\/veranstaltungen\/product\/heisse-tage-kuehler-kopf\/","name":"\"Hei\u00dfe Tage - k\u00fchler Kopf\" - Veranstaltungen - H\u00e4user zum Leben und Pensionist*innenklubs","isPartOf":{"@id":"https:\/\/kwp.at\/veranstaltungen\/#website"},"datePublished":"2026-01-14T14:00:53+00:00","dateModified":"2026-01-14T14:00:58+00:00","breadcrumb":{"@id":"https:\/\/kwp.at\/veranstaltungen\/product\/heisse-tage-kuehler-kopf\/#breadcrumb"},"inLanguage":"de","potentialAction":[{"@type":"ReadAction","target":["https:\/\/kwp.at\/veranstaltungen\/product\/heisse-tage-kuehler-kopf\/"]}]},{"@type":"BreadcrumbList","@id":"https:\/\/kwp.at\/veranstaltungen\/product\/heisse-tage-kuehler-kopf\/#breadcrumb","itemListElement":[{"@type":"ListItem","position":1,"name":"Home","item":"https:\/\/kwp.at\/veranstaltungen\/"},{"@type":"ListItem","position":2,"name":"Shop","item":"https:\/\/kwp.at\/veranstaltungen\/"},{"@type":"ListItem","position":3,"name":"&#8222;Hei\u00dfe Tage &#8211; k\u00fchler Kopf&#8220;"}]},{"@type":"WebSite","@id":"https:\/\/kwp.at\/veranstaltungen\/#website","url":"https:\/\/kwp.at\/veranstaltungen\/","name":"Veranstaltungen - H\u00e4user zum Leben und Pensionist*innenklubs","description":"Unsere Angebote der H\u00e4user und Klubs","potentialAction":[{"@type":"SearchAction","target":{"@type":"EntryPoint","urlTemplate":"https:\/\/kwp.at\/veranstaltungen\/?s={search_term_string}"},"query-input":{"@type":"PropertyValueSpecification","valueRequired":true,"valueName":"search_term_string"}}],"inLanguage":"de"}]}},"_links":{"self":[{"href":"https:\/\/kwp.at\/veranstaltungen\/wp-json\/wp\/v2\/product\/162038","targetHints":{"allow":["GET"]}}],"collection":[{"href":"https:\/\/kwp.at\/veranstaltungen\/wp-json\/wp\/v2\/product"}],"about":[{"href":"https:\/\/kwp.at\/veranstaltungen\/wp-json\/wp\/v2\/types\/product"}],"author":[{"embeddable":true,"href":"https:\/\/kwp.at\/veranstaltungen\/wp-json\/wp\/v2\/users\/103"}],"replies":[{"embeddable":true,"href":"https:\/\/kwp.at\/veranstaltungen\/wp-json\/wp\/v2\/comments?post=162038"}],"wp:attachment":[{"href":"https:\/\/kwp.at\/veranstaltungen\/wp-json\/wp\/v2\/media?parent=162038"}],"wp:term":[{"taxonomy":"product_brand","embeddable":true,"href":"https:\/\/kwp.at\/veranstaltungen\/wp-json\/wp\/v2\/product_brand?post=162038"},{"taxonomy":"product_cat","embeddable":true,"href":"https:\/\/kwp.at\/veranstaltungen\/wp-json\/wp\/v2\/product_cat?post=162038"},{"taxonomy":"product_tag","embeddable":true,"href":"https:\/\/kwp.at\/veranstaltungen\/wp-json\/wp\/v2\/product_tag?post=162038"}],"curies":[{"name":"wp","href":"https:\/\/api.w.org\/{rel}","templated":true}]}}

&#8222;Heiße Tage &#8211; kühler Kopf&#8220;

<p>Ein interaktiver Workshop mit Tipps für Hitzeperioden in der Stadt mit den Community Nurses (FSW).</p>

<!-- This site is optimized with the Yoast SEO plugin v27.4 - https://yoast.com/product/yoast-seo-wordpress/ -->
<title>&quot;Heiße Tage - kühler Kopf&quot; - Veranstaltungen - Häuser zum Leben und Pensionist*innenklubs</title>
<meta name="robots" content="index, follow, max-snippet:-1, max-image-preview:large, max-video-preview:-1" />
<link rel="canonical" href="https://kwp.at/veranstaltungen/product/heisse-tage-kuehler-kopf/" />
<meta property="og:locale" content="de_DE" />
<meta property="og:type" content="article" />
<meta property="og:title" content="&quot;Heiße Tage - kühler Kopf&quot; - Veranstaltungen - Häuser zum Leben und Pensionist*innenklubs" />
<meta property="og:description" content="Ein interaktiver Workshop mit Tipps für Hitzeperioden in der Stadt mit den Community Nurses (FSW)." />
<meta property="og:url" content="https://kwp.at/veranstaltungen/product/heisse-tage-kuehler-kopf/" />
<meta property="og:site_name" content="Veranstaltungen - Häuser zum Leben und Pensionist*innenklubs" />
<meta property="article:modified_time" content="2026-01-14T14:00:58+00:00" />
<meta name="twitter:card" content="summary_large_image" />
<script type="application/ld+json" class="yoast-schema-graph">{"@context":"https:\/\/schema.org","@graph":[{"@type":"WebPage","@id":"https:\/\/kwp.at\/veranstaltungen\/product\/heisse-tage-kuehler-kopf\/","url":"https:\/\/kwp.at\/veranstaltungen\/product\/heisse-tage-kuehler-kopf\/","name":"\"Heiße Tage - kühler Kopf\" - Veranstaltungen - Häuser zum Leben und Pensionist*innenklubs","isPartOf":{"@id":"https:\/\/kwp.at\/veranstaltungen\/#website"},"datePublished":"2026-01-14T14:00:53+00:00","dateModified":"2026-01-14T14:00:58+00:00","breadcrumb":{"@id":"https:\/\/kwp.at\/veranstaltungen\/product\/heisse-tage-kuehler-kopf\/#breadcrumb"},"inLanguage":"de","potentialAction":[{"@type":"ReadAction","target":["https:\/\/kwp.at\/veranstaltungen\/product\/heisse-tage-kuehler-kopf\/"]}]},{"@type":"BreadcrumbList","@id":"https:\/\/kwp.at\/veranstaltungen\/product\/heisse-tage-kuehler-kopf\/#breadcrumb","itemListElement":[{"@type":"ListItem","position":1,"name":"Home","item":"https:\/\/kwp.at\/veranstaltungen\/"},{"@type":"ListItem","position":2,"name":"Shop","item":"https:\/\/kwp.at\/veranstaltungen\/"},{"@type":"ListItem","position":3,"name":"&#8222;Heiße Tage &#8211; kühler Kopf&#8220;"}]},{"@type":"WebSite","@id":"https:\/\/kwp.at\/veranstaltungen\/#website","url":"https:\/\/kwp.at\/veranstaltungen\/","name":"Veranstaltungen - Häuser zum Leben und Pensionist*innenklubs","description":"Unsere Angebote der Häuser und Klubs","potentialAction":[{"@type":"SearchAction","target":{"@type":"EntryPoint","urlTemplate":"https:\/\/kwp.at\/veranstaltungen\/?s={search_term_string}"},"query-input":{"@type":"PropertyValueSpecification","valueRequired":true,"valueName":"search_term_string"}}],"inLanguage":"de"}]}</script>
<!-- / Yoast SEO plugin. -->

"Heiße Tage - kühler Kopf" - Veranstaltungen - Häuser zum Leben und Pensionist*innenklubs

Ein interaktiver Workshop mit Tipps für Hitzeperioden in der Stadt mit den Community Nurses (FSW).

Veranstaltungen - Häuser zum Leben und Pensionist*innenklubs

Unsere Angebote der Häuser und Klubs
