{"id":7425,"date":"2021-12-20T10:28:06","date_gmt":"2021-12-20T09:28:06","guid":{"rendered":"https:\/\/kwp.at\/pensionistenklubs\/?page_id=7425"},"modified":"2021-12-21T13:55:58","modified_gmt":"2021-12-21T12:55:58","slug":"weihnachten-im-klub","status":"publish","type":"page","link":"https:\/\/kwp.at\/pensionistenklubs\/weihnachten-im-klub\/","title":{"rendered":"Weihnachten im Klub"},"content":{"rendered":"\n<p><strong>Die Adventzeit l\u00e4dt zum besinnlichen Beisammensein ein. Darum haben das <a href=\"https:\/\/kwp.at\/\">Kuratorium Wiener PensionistInnen-Wohnh\u00e4user <\/a>und die PensionistInnenklubs f\u00fcr die Stadt Wien ein buntes Weihnachts-Programm auf die Beine gestellt. <\/strong><\/p>\n\n\n\n<h2 class=\"wp-block-heading\">Feiern Sie mit uns!<\/h2>\n\n\n\n<p>Hier finden Sie alle Neuigkeiten zum Adventprogramm in den Klubs:<\/p>\n\n\n  <section id=\"newsslider-block_61c04159b359b\" class=\"l-frontpage--medium-max-width-non-contained\n    acf-block-newsslider \">\n        <div class=\"l-frontpage__slider_container\">\n      <section class=\"c-slider c-slider--news js-slider\">\n        <article class=\"c-card c-card--news \">\n  <a href=\"https:\/\/kwp.at\/pensionistenklubs\/?post_type=post&amp;p=7437\" title=\"Weihnachtliche Gymnastik\">\n    <figure class=\"c-card__image\">\n      <img decoding=\"async\" class=\"c-card__img-tag\" src=\"https:\/\/kwp.at\/pensionistenklubs\/wp-content\/uploads\/sites\/2\/2021\/12\/Bewegtes-Oktoberfest-mit-Helga-4874-scaled-e1639561349570.jpg\" alt=\"\"\n        srcset=\"https:\/\/kwp.at\/pensionistenklubs\/wp-content\/uploads\/sites\/2\/2021\/12\/Bewegtes-Oktoberfest-mit-Helga-4874-scaled-e1639561349570-317x139.jpg 317w,https:\/\/kwp.at\/pensionistenklubs\/wp-content\/uploads\/sites\/2\/2021\/12\/Bewegtes-Oktoberfest-mit-Helga-4874-scaled-e1639561349570-648x285.jpg 648w,https:\/\/kwp.at\/pensionistenklubs\/wp-content\/uploads\/sites\/2\/2021\/12\/Bewegtes-Oktoberfest-mit-Helga-4874-scaled-e1639561349570-1296x570.jpg 1296w,https:\/\/kwp.at\/pensionistenklubs\/wp-content\/uploads\/sites\/2\/2021\/12\/Bewegtes-Oktoberfest-mit-Helga-4874-scaled-e1639561349570-2496x1098.jpg 2496w,https:\/\/kwp.at\/pensionistenklubs\/wp-content\/uploads\/sites\/2\/2021\/12\/Bewegtes-Oktoberfest-mit-Helga-4874-3896x2601.jpg 3896w,\">\n    <\/figure>\n  <\/a>\n  <div class=\"c-card__content\">\n    <time class=\"c-card__date\" >21. Dezember 2021<\/time>\n    <h3 class=\"c-card__heading\">Weihnachtliche Gymnastik<\/h3>\n    <p class=\"c-card__excerpt\">Inmitten der traumhaften Kulisse des Wiener Volksgartens bietet SeniorInnen-Trainerin Helga Robnik ein weihnachtliches Sportprogramm f\u00fcr SeniorInnen. Die Gymnastik\u00fcbungen unter Helgas Anleitung mobilisieren sanft unsere Gelenke, \u2026<\/p>\n    <a class=\"c-card__link\" href=\"https:\/\/kwp.at\/pensionistenklubs\/?post_type=post&amp;p=7437\" title=\"Weihnachtliche Gymnastik\">Jetzt Beitrag lesen<\/a>\n  <\/div>\n<\/article>\n        <article class=\"c-card c-card--news \">\n  <a href=\"https:\/\/kwp.at\/pensionistenklubs\/?post_type=post&amp;p=7440\" title=\"Weihnachts-Wanderung\">\n    <figure class=\"c-card__image\">\n      <img decoding=\"async\" class=\"c-card__img-tag\" src=\"https:\/\/kwp.at\/pensionistenklubs\/wp-content\/uploads\/sites\/2\/2021\/11\/Fotoshooting_Kampagne_Weihnachten-7021-scaled-e1636114146736.jpg\" alt=\"\"\n        srcset=\"https:\/\/kwp.at\/pensionistenklubs\/wp-content\/uploads\/sites\/2\/2021\/11\/Fotoshooting_Kampagne_Weihnachten-7021-scaled-e1636114146736-317x150.jpg 317w,https:\/\/kwp.at\/pensionistenklubs\/wp-content\/uploads\/sites\/2\/2021\/11\/Fotoshooting_Kampagne_Weihnachten-7021-scaled-e1636114146736-648x306.jpg 648w,https:\/\/kwp.at\/pensionistenklubs\/wp-content\/uploads\/sites\/2\/2021\/11\/Fotoshooting_Kampagne_Weihnachten-7021-scaled-e1636114146736-1296x612.jpg 1296w,https:\/\/kwp.at\/pensionistenklubs\/wp-content\/uploads\/sites\/2\/2021\/11\/Fotoshooting_Kampagne_Weihnachten-7021-scaled-e1636114146736-2496x1179.jpg 2496w,https:\/\/kwp.at\/pensionistenklubs\/wp-content\/uploads\/sites\/2\/2021\/11\/Fotoshooting_Kampagne_Weihnachten-7021-3896x2601.jpg 3896w,\">\n    <\/figure>\n  <\/a>\n  <div class=\"c-card__content\">\n    <time class=\"c-card__date\" >20. Dezember 2021<\/time>\n    <h3 class=\"c-card__heading\">Weihnachts-Wanderung<\/h3>\n    <p class=\"c-card__excerpt\">SeniorInnen-Trainerin Helga Robnik l\u00e4dt zur gemeinsamen Winter-Wanderung im Prater. Auch im Winter l\u00e4sst sich mit der entsprechenden Kleidung Zeit in der Natur verbringen. Das Motto \u2026<\/p>\n    <a class=\"c-card__link\" href=\"https:\/\/kwp.at\/pensionistenklubs\/?post_type=post&amp;p=7440\" title=\"Weihnachts-Wanderung\">Jetzt Beitrag lesen<\/a>\n  <\/div>\n<\/article>\n        <article class=\"c-card c-card--news \">\n  <a href=\"https:\/\/kwp.at\/pensionistenklubs\/?post_type=post&amp;p=8010\" title=\"Klub\u00f6ffnung ab 20.12.\">\n    <figure class=\"c-card__image\">\n      <img decoding=\"async\" class=\"c-card__img-tag\" src=\"https:\/\/kwp.at\/pensionistenklubs\/wp-content\/uploads\/sites\/2\/2021\/12\/Pklubs-06-076kl-scaled-e1649666162143.jpg\" alt=\"\"\n        srcset=\"https:\/\/kwp.at\/pensionistenklubs\/wp-content\/uploads\/sites\/2\/2021\/12\/Pklubs-06-076kl-scaled-e1649666162143-317x143.jpg 317w,https:\/\/kwp.at\/pensionistenklubs\/wp-content\/uploads\/sites\/2\/2021\/12\/Pklubs-06-076kl-scaled-e1649666162143-648x293.jpg 648w,https:\/\/kwp.at\/pensionistenklubs\/wp-content\/uploads\/sites\/2\/2021\/12\/Pklubs-06-076kl-scaled-e1649666162143-1296x586.jpg 1296w,https:\/\/kwp.at\/pensionistenklubs\/wp-content\/uploads\/sites\/2\/2021\/12\/Pklubs-06-076kl-1664x2496.jpg 2496w,https:\/\/kwp.at\/pensionistenklubs\/wp-content\/uploads\/sites\/2\/2021\/12\/Pklubs-06-076kl-2597x3896.jpg 3896w,\">\n    <\/figure>\n  <\/a>\n  <div class=\"c-card__content\">\n    <time class=\"c-card__date\" >17. Dezember 2021<\/time>\n    <h3 class=\"c-card__heading\">Klub\u00f6ffnung ab 20.12.<\/h3>\n    <p class=\"c-card__excerpt\">Mit Montag, dem 20. Dezember 2021 \u00f6ffnen unsere Klublokale. Wir freuen uns sehr, Sie ab kommender Woche wieder pers\u00f6nlich im Klub begr\u00fc\u00dfen zu d\u00fcrfen! Um \u2026<\/p>\n    <a class=\"c-card__link\" href=\"https:\/\/kwp.at\/pensionistenklubs\/?post_type=post&amp;p=8010\" title=\"Klub\u00f6ffnung ab 20.12.\">Jetzt Beitrag lesen<\/a>\n  <\/div>\n<\/article>\n        <article class=\"c-card c-card--news \">\n  <a href=\"https:\/\/kwp.at\/pensionistenklubs\/?post_type=post&amp;p=7951\" title=\"PensionistInnenklubs schenken W\u00c4RME\">\n    <figure class=\"c-card__image\">\n      <img decoding=\"async\" class=\"c-card__img-tag\" src=\"https:\/\/kwp.at\/pensionistenklubs\/wp-content\/uploads\/sites\/2\/2021\/12\/Fotoshooting_Kampagne_Weihnachten-6873-scaled-e1639488380296.jpg\" alt=\"\"\n        srcset=\"https:\/\/kwp.at\/pensionistenklubs\/wp-content\/uploads\/sites\/2\/2021\/12\/Fotoshooting_Kampagne_Weihnachten-6873-scaled-e1639488380296-317x151.jpg 317w,https:\/\/kwp.at\/pensionistenklubs\/wp-content\/uploads\/sites\/2\/2021\/12\/Fotoshooting_Kampagne_Weihnachten-6873-scaled-e1639488380296-648x309.jpg 648w,https:\/\/kwp.at\/pensionistenklubs\/wp-content\/uploads\/sites\/2\/2021\/12\/Fotoshooting_Kampagne_Weihnachten-6873-scaled-e1639488380296-1296x619.jpg 1296w,https:\/\/kwp.at\/pensionistenklubs\/wp-content\/uploads\/sites\/2\/2021\/12\/Fotoshooting_Kampagne_Weihnachten-6873-scaled-e1639488380296-2496x1191.jpg 2496w,https:\/\/kwp.at\/pensionistenklubs\/wp-content\/uploads\/sites\/2\/2021\/12\/Fotoshooting_Kampagne_Weihnachten-6873-3896x2601.jpg 3896w,\">\n    <\/figure>\n  <\/a>\n  <div class=\"c-card__content\">\n    <time class=\"c-card__date\" >14. Dezember 2021<\/time>\n    <h3 class=\"c-card__heading\">PensionistInnenklubs schenken W\u00c4RME<\/h3>\n    <p class=\"c-card__excerpt\">Um Solidarit\u00e4t zu Weihnachten zu zeigen und gemeinsam Gutes zu tun, rufen die PensionistInnenklubs der Stadt Wien zu einer Sachspendenaktion f\u00fcr obdach- und wohnungslose Menschen \u2026<\/p>\n    <a class=\"c-card__link\" href=\"https:\/\/kwp.at\/pensionistenklubs\/?post_type=post&amp;p=7951\" title=\"PensionistInnenklubs schenken W\u00c4RME\">Jetzt Beitrag lesen<\/a>\n  <\/div>\n<\/article>\n        <article class=\"c-card c-card--news \">\n  <a href=\"https:\/\/kwp.at\/pensionistenklubs\/?post_type=post&amp;p=7876\" title=\"Weihnachtliches Beisammensein\">\n    <figure class=\"c-card__image\">\n      <img decoding=\"async\" class=\"c-card__img-tag\" src=\"https:\/\/kwp.at\/pensionistenklubs\/wp-content\/uploads\/sites\/2\/2021\/12\/Fotoshooting_Kampagne_Weihnachten-7101-scaled-e1638873305898.jpg\" alt=\"Ein \u00e4lterer Mann mit Weihnachtsm\u00fctze und Geschenken.\"\n        srcset=\"https:\/\/kwp.at\/pensionistenklubs\/wp-content\/uploads\/sites\/2\/2021\/12\/Fotoshooting_Kampagne_Weihnachten-7101-scaled-e1638873305898-317x144.jpg 317w,https:\/\/kwp.at\/pensionistenklubs\/wp-content\/uploads\/sites\/2\/2021\/12\/Fotoshooting_Kampagne_Weihnachten-7101-scaled-e1638873305898-648x295.jpg 648w,https:\/\/kwp.at\/pensionistenklubs\/wp-content\/uploads\/sites\/2\/2021\/12\/Fotoshooting_Kampagne_Weihnachten-7101-scaled-e1638873305898-1296x589.jpg 1296w,https:\/\/kwp.at\/pensionistenklubs\/wp-content\/uploads\/sites\/2\/2021\/12\/Fotoshooting_Kampagne_Weihnachten-7101-scaled-e1638873305898-2496x1135.jpg 2496w,https:\/\/kwp.at\/pensionistenklubs\/wp-content\/uploads\/sites\/2\/2021\/12\/Fotoshooting_Kampagne_Weihnachten-7101-3896x2601.jpg 3896w,\">\n    <\/figure>\n  <\/a>\n  <div class=\"c-card__content\">\n    <time class=\"c-card__date\" >09. Dezember 2021<\/time>\n    <h3 class=\"c-card__heading\">Weihnachtliches Beisammensein<\/h3>\n    <p class=\"c-card__excerpt\">Ho, Ho, Ho! Die PensionistInnenklubs laden wienweit zum Weihnachtlichen Beisammensein am 24. Dezember. Feiern Sie Weihnachten heuer im Klub und verbringen Sie mit uns einen \u2026<\/p>\n    <a class=\"c-card__link\" href=\"https:\/\/kwp.at\/pensionistenklubs\/?post_type=post&amp;p=7876\" title=\"Weihnachtliches Beisammensein\">Jetzt Beitrag lesen<\/a>\n  <\/div>\n<\/article>\n        <article class=\"c-card c-card--news \">\n  <a href=\"https:\/\/kwp.at\/pensionistenklubs\/?post_type=post&amp;p=7550\" title=\"Stehkalender 2022\">\n    <figure class=\"c-card__image\">\n      <img decoding=\"async\" class=\"c-card__img-tag\" src=\"https:\/\/kwp.at\/pensionistenklubs\/wp-content\/uploads\/sites\/2\/2021\/11\/Fotoshooting_Kampagne_Weihnachten-6662-scaled-e1636102528316.jpg\" alt=\"\"\n        srcset=\"https:\/\/kwp.at\/pensionistenklubs\/wp-content\/uploads\/sites\/2\/2021\/11\/Fotoshooting_Kampagne_Weihnachten-6662-scaled-e1636102528316-317x145.jpg 317w,https:\/\/kwp.at\/pensionistenklubs\/wp-content\/uploads\/sites\/2\/2021\/11\/Fotoshooting_Kampagne_Weihnachten-6662-scaled-e1636102528316-648x296.jpg 648w,https:\/\/kwp.at\/pensionistenklubs\/wp-content\/uploads\/sites\/2\/2021\/11\/Fotoshooting_Kampagne_Weihnachten-6662-scaled-e1636102528316-1296x593.jpg 1296w,https:\/\/kwp.at\/pensionistenklubs\/wp-content\/uploads\/sites\/2\/2021\/11\/Fotoshooting_Kampagne_Weihnachten-6662-scaled-e1636102528316-2496x1142.jpg 2496w,https:\/\/kwp.at\/pensionistenklubs\/wp-content\/uploads\/sites\/2\/2021\/11\/Fotoshooting_Kampagne_Weihnachten-6662-3896x2601.jpg 3896w,\">\n    <\/figure>\n  <\/a>\n  <div class=\"c-card__content\">\n    <time class=\"c-card__date\" >22. November 2021<\/time>\n    <h3 class=\"c-card__heading\">Stehkalender 2022<\/h3>\n    <p class=\"c-card__excerpt\">Er ist wieder da: Der beliebte Stehkalder der PensionistInnenklubs wird auch heuer wieder als exklusives Weihnachtsgeschenk an all unsere Klubmitglieder und die BewohnerInnen der H\u00e4user \u2026<\/p>\n    <a class=\"c-card__link\" href=\"https:\/\/kwp.at\/pensionistenklubs\/?post_type=post&amp;p=7550\" title=\"Stehkalender 2022\">Jetzt Beitrag lesen<\/a>\n  <\/div>\n<\/article>\n        <\/section>\n      <\/div>\n  <\/section>\n  ","protected":false},"excerpt":{"rendered":"<p>Die Adventzeit l\u00e4dt zum besinnlichen Beisammensein ein. Darum haben das Kuratorium Wiener PensionistInnen-Wohnh\u00e4user und die PensionistInnenklubs f\u00fcr die Stadt Wien ein buntes Weihnachts-Programm auf die<\/p>\n","protected":false},"author":78,"featured_media":7429,"parent":0,"menu_order":0,"comment_status":"closed","ping_status":"closed","template":"","meta":{"_acf_changed":false,"footnotes":""},"class_list":["post-7425","page","type-page","status-publish","has-post-thumbnail","hentry"],"acf":[],"yoast_head":"<!-- This site is optimized with the Yoast SEO plugin v27.2 - https:\/\/yoast.com\/product\/yoast-seo-wordpress\/ -->\n<title>Weihnachten im Klub - Pensionist*innenklubs<\/title>\n<meta name=\"robots\" content=\"index, follow, max-snippet:-1, max-image-preview:large, max-video-preview:-1\" \/>\n<link rel=\"canonical\" href=\"https:\/\/kwp.at\/pensionistenklubs\/weihnachten-im-klub\/\" \/>\n<meta property=\"og:locale\" content=\"de_DE\" \/>\n<meta property=\"og:type\" content=\"article\" \/>\n<meta property=\"og:title\" content=\"Weihnachten im Klub - Pensionist*innenklubs\" \/>\n<meta property=\"og:description\" content=\"Die Adventzeit l\u00e4dt zum besinnlichen Beisammensein ein. Darum haben das Kuratorium Wiener PensionistInnen-Wohnh\u00e4user und die PensionistInnenklubs f\u00fcr die Stadt Wien ein buntes Weihnachts-Programm auf die\" \/>\n<meta property=\"og:url\" content=\"https:\/\/kwp.at\/pensionistenklubs\/weihnachten-im-klub\/\" \/>\n<meta property=\"og:site_name\" content=\"Pensionist*innenklubs\" \/>\n<meta property=\"article:modified_time\" content=\"2021-12-21T12:55:58+00:00\" \/>\n<meta property=\"og:image\" content=\"https:\/\/kwp.at\/pensionistenklubs\/wp-content\/uploads\/sites\/2\/2021\/11\/Fotoshooting_Kampagne_Weihnachten-7099-scaled-e1636101132496.jpg\" \/>\n\t<meta property=\"og:image:width\" content=\"2521\" \/>\n\t<meta property=\"og:image:height\" content=\"1113\" \/>\n\t<meta property=\"og:image:type\" content=\"image\/jpeg\" \/>\n<meta name=\"twitter:card\" content=\"summary_large_image\" \/>\n<meta name=\"twitter:label1\" content=\"Gesch\u00e4tzte Lesezeit\" \/>\n\t<meta name=\"twitter:data1\" content=\"1\u00a0Minute\" \/>\n<script type=\"application\/ld+json\" class=\"yoast-schema-graph\">{\"@context\":\"https:\/\/schema.org\",\"@graph\":[{\"@type\":\"WebPage\",\"@id\":\"https:\/\/kwp.at\/pensionistenklubs\/weihnachten-im-klub\/\",\"url\":\"https:\/\/kwp.at\/pensionistenklubs\/weihnachten-im-klub\/\",\"name\":\"Weihnachten im Klub - Pensionist*innenklubs\",\"isPartOf\":{\"@id\":\"https:\/\/kwp.at\/pensionistenklubs\/#website\"},\"primaryImageOfPage\":{\"@id\":\"https:\/\/kwp.at\/pensionistenklubs\/weihnachten-im-klub\/#primaryimage\"},\"image\":{\"@id\":\"https:\/\/kwp.at\/pensionistenklubs\/weihnachten-im-klub\/#primaryimage\"},\"thumbnailUrl\":\"https:\/\/kwp.at\/pensionistenklubs\/wp-content\/uploads\/sites\/2\/2021\/11\/Fotoshooting_Kampagne_Weihnachten-7099-scaled-e1636101132496.jpg\",\"datePublished\":\"2021-12-20T09:28:06+00:00\",\"dateModified\":\"2021-12-21T12:55:58+00:00\",\"inLanguage\":\"de\",\"potentialAction\":[{\"@type\":\"ReadAction\",\"target\":[\"https:\/\/kwp.at\/pensionistenklubs\/weihnachten-im-klub\/\"]}]},{\"@type\":\"ImageObject\",\"inLanguage\":\"de\",\"@id\":\"https:\/\/kwp.at\/pensionistenklubs\/weihnachten-im-klub\/#primaryimage\",\"url\":\"https:\/\/kwp.at\/pensionistenklubs\/wp-content\/uploads\/sites\/2\/2021\/11\/Fotoshooting_Kampagne_Weihnachten-7099-scaled-e1636101132496.jpg\",\"contentUrl\":\"https:\/\/kwp.at\/pensionistenklubs\/wp-content\/uploads\/sites\/2\/2021\/11\/Fotoshooting_Kampagne_Weihnachten-7099-scaled-e1636101132496.jpg\",\"width\":2521,\"height\":1113},{\"@type\":\"WebSite\",\"@id\":\"https:\/\/kwp.at\/pensionistenklubs\/#website\",\"url\":\"https:\/\/kwp.at\/pensionistenklubs\/\",\"name\":\"Pensionist*innenklubs\",\"description\":\"F\u00fcr die Stadt Wien\",\"publisher\":{\"@id\":\"https:\/\/kwp.at\/pensionistenklubs\/#organization\"},\"potentialAction\":[{\"@type\":\"SearchAction\",\"target\":{\"@type\":\"EntryPoint\",\"urlTemplate\":\"https:\/\/kwp.at\/pensionistenklubs\/?s={search_term_string}\"},\"query-input\":{\"@type\":\"PropertyValueSpecification\",\"valueRequired\":true,\"valueName\":\"search_term_string\"}}],\"inLanguage\":\"de\"},{\"@type\":\"Organization\",\"@id\":\"https:\/\/kwp.at\/pensionistenklubs\/#organization\",\"name\":\"PensionistInnenklubs f\u00fcr die Stadt Wien\",\"url\":\"https:\/\/kwp.at\/pensionistenklubs\/\",\"logo\":{\"@type\":\"ImageObject\",\"inLanguage\":\"de\",\"@id\":\"https:\/\/kwp.at\/pensionistenklubs\/#\/schema\/logo\/image\/\",\"url\":\"https:\/\/kwp.at\/pensionistenklubs\/wp-content\/uploads\/sites\/2\/2022\/08\/Logo-Pensionistenklubs-scaled-1.jpeg\",\"contentUrl\":\"https:\/\/kwp.at\/pensionistenklubs\/wp-content\/uploads\/sites\/2\/2022\/08\/Logo-Pensionistenklubs-scaled-1.jpeg\",\"width\":2560,\"height\":610,\"caption\":\"PensionistInnenklubs f\u00fcr die Stadt Wien\"},\"image\":{\"@id\":\"https:\/\/kwp.at\/pensionistenklubs\/#\/schema\/logo\/image\/\"}}]}<\/script>\n<!-- \/ Yoast SEO plugin. -->","yoast_head_json":{"title":"Weihnachten im Klub - Pensionist*innenklubs","robots":{"index":"index","follow":"follow","max-snippet":"max-snippet:-1","max-image-preview":"max-image-preview:large","max-video-preview":"max-video-preview:-1"},"canonical":"https:\/\/kwp.at\/pensionistenklubs\/weihnachten-im-klub\/","og_locale":"de_DE","og_type":"article","og_title":"Weihnachten im Klub - Pensionist*innenklubs","og_description":"Die Adventzeit l\u00e4dt zum besinnlichen Beisammensein ein. Darum haben das Kuratorium Wiener PensionistInnen-Wohnh\u00e4user und die PensionistInnenklubs f\u00fcr die Stadt Wien ein buntes Weihnachts-Programm auf die","og_url":"https:\/\/kwp.at\/pensionistenklubs\/weihnachten-im-klub\/","og_site_name":"Pensionist*innenklubs","article_modified_time":"2021-12-21T12:55:58+00:00","og_image":[{"width":2521,"height":1113,"url":"https:\/\/kwp.at\/pensionistenklubs\/wp-content\/uploads\/sites\/2\/2021\/11\/Fotoshooting_Kampagne_Weihnachten-7099-scaled-e1636101132496.jpg","type":"image\/jpeg"}],"twitter_card":"summary_large_image","twitter_misc":{"Gesch\u00e4tzte Lesezeit":"1\u00a0Minute"},"schema":{"@context":"https:\/\/schema.org","@graph":[{"@type":"WebPage","@id":"https:\/\/kwp.at\/pensionistenklubs\/weihnachten-im-klub\/","url":"https:\/\/kwp.at\/pensionistenklubs\/weihnachten-im-klub\/","name":"Weihnachten im Klub - Pensionist*innenklubs","isPartOf":{"@id":"https:\/\/kwp.at\/pensionistenklubs\/#website"},"primaryImageOfPage":{"@id":"https:\/\/kwp.at\/pensionistenklubs\/weihnachten-im-klub\/#primaryimage"},"image":{"@id":"https:\/\/kwp.at\/pensionistenklubs\/weihnachten-im-klub\/#primaryimage"},"thumbnailUrl":"https:\/\/kwp.at\/pensionistenklubs\/wp-content\/uploads\/sites\/2\/2021\/11\/Fotoshooting_Kampagne_Weihnachten-7099-scaled-e1636101132496.jpg","datePublished":"2021-12-20T09:28:06+00:00","dateModified":"2021-12-21T12:55:58+00:00","inLanguage":"de","potentialAction":[{"@type":"ReadAction","target":["https:\/\/kwp.at\/pensionistenklubs\/weihnachten-im-klub\/"]}]},{"@type":"ImageObject","inLanguage":"de","@id":"https:\/\/kwp.at\/pensionistenklubs\/weihnachten-im-klub\/#primaryimage","url":"https:\/\/kwp.at\/pensionistenklubs\/wp-content\/uploads\/sites\/2\/2021\/11\/Fotoshooting_Kampagne_Weihnachten-7099-scaled-e1636101132496.jpg","contentUrl":"https:\/\/kwp.at\/pensionistenklubs\/wp-content\/uploads\/sites\/2\/2021\/11\/Fotoshooting_Kampagne_Weihnachten-7099-scaled-e1636101132496.jpg","width":2521,"height":1113},{"@type":"WebSite","@id":"https:\/\/kwp.at\/pensionistenklubs\/#website","url":"https:\/\/kwp.at\/pensionistenklubs\/","name":"Pensionist*innenklubs","description":"F\u00fcr die Stadt Wien","publisher":{"@id":"https:\/\/kwp.at\/pensionistenklubs\/#organization"},"potentialAction":[{"@type":"SearchAction","target":{"@type":"EntryPoint","urlTemplate":"https:\/\/kwp.at\/pensionistenklubs\/?s={search_term_string}"},"query-input":{"@type":"PropertyValueSpecification","valueRequired":true,"valueName":"search_term_string"}}],"inLanguage":"de"},{"@type":"Organization","@id":"https:\/\/kwp.at\/pensionistenklubs\/#organization","name":"PensionistInnenklubs f\u00fcr die Stadt Wien","url":"https:\/\/kwp.at\/pensionistenklubs\/","logo":{"@type":"ImageObject","inLanguage":"de","@id":"https:\/\/kwp.at\/pensionistenklubs\/#\/schema\/logo\/image\/","url":"https:\/\/kwp.at\/pensionistenklubs\/wp-content\/uploads\/sites\/2\/2022\/08\/Logo-Pensionistenklubs-scaled-1.jpeg","contentUrl":"https:\/\/kwp.at\/pensionistenklubs\/wp-content\/uploads\/sites\/2\/2022\/08\/Logo-Pensionistenklubs-scaled-1.jpeg","width":2560,"height":610,"caption":"PensionistInnenklubs f\u00fcr die Stadt Wien"},"image":{"@id":"https:\/\/kwp.at\/pensionistenklubs\/#\/schema\/logo\/image\/"}}]}},"_links":{"self":[{"href":"https:\/\/kwp.at\/pensionistenklubs\/wp-json\/wp\/v2\/pages\/7425","targetHints":{"allow":["GET"]}}],"collection":[{"href":"https:\/\/kwp.at\/pensionistenklubs\/wp-json\/wp\/v2\/pages"}],"about":[{"href":"https:\/\/kwp.at\/pensionistenklubs\/wp-json\/wp\/v2\/types\/page"}],"author":[{"embeddable":true,"href":"https:\/\/kwp.at\/pensionistenklubs\/wp-json\/wp\/v2\/users\/78"}],"replies":[{"embeddable":true,"href":"https:\/\/kwp.at\/pensionistenklubs\/wp-json\/wp\/v2\/comments?post=7425"}],"version-history":[{"count":12,"href":"https:\/\/kwp.at\/pensionistenklubs\/wp-json\/wp\/v2\/pages\/7425\/revisions"}],"predecessor-version":[{"id":8040,"href":"https:\/\/kwp.at\/pensionistenklubs\/wp-json\/wp\/v2\/pages\/7425\/revisions\/8040"}],"wp:featuredmedia":[{"embeddable":true,"href":"https:\/\/kwp.at\/pensionistenklubs\/wp-json\/wp\/v2\/media\/7429"}],"wp:attachment":[{"href":"https:\/\/kwp.at\/pensionistenklubs\/wp-json\/wp\/v2\/media?parent=7425"}],"curies":[{"name":"wp","href":"https:\/\/api.w.org\/{rel}","templated":true}]}}