{"id":3265,"date":"2021-09-01T12:35:34","date_gmt":"2021-09-01T10:35:34","guid":{"rendered":"https:\/\/kwp.at\/pensionistenklubs\/?page_id=3265"},"modified":"2025-09-29T13:28:58","modified_gmt":"2025-09-29T11:28:58","slug":"klub-musikwerkstatt","status":"publish","type":"page","link":"https:\/\/kwp.at\/pensionistenklubs\/klubs\/unsere-klubs\/klub-musikwerkstatt\/","title":{"rendered":"Klub+ Musikwerkstatt"},"content":{"rendered":"\n<p><strong>Musik wird h\u00e4ufig als eine universelle Sprache bezeichnet, die jeder versteht. Im <em>Klub<\/em>+ Musikwerkstatt liegt der Themenschwerpunkt auf einer gemeinsamen Musikpraxis, die f\u00fcr alle zug\u00e4nglich ist und die Grundlage f\u00fcr neue Erlebnisse und Erfahrungen darstellt<\/strong>.<\/p>\n\n\n\n<div style=\"background-color: #DA3910\" class=\"wp-block-kwp-blocks-infobox\"><h3>Klub+ Musikwerkstatt<br>Im Werd 17, 1020 Wien<\/h3><p>\n<p><strong>Kontakt:<\/strong> <a href=\"tel:0664 4735897\">0664 4735897<\/a>, <a href=\"mailto:PK.ImWerd@kwp.at\">PK.ImWerd@kwp.at<\/a><\/p>\n\n\n\n<p><strong>\u00d6ffnungszeiten: <\/strong>Montag bis Freitag von 12:00 bis 17:00 Uhr<\/p>\n\n\n\n<a target=\"_blank\" href=\"https:\/\/kwp.at\/pensionistenklubs\/clubs\/im-werd-17\/\" rel=\"noopener noreferrer\" class=\"wp-block-kwp-blocks-button-block\">Details zum Klub+ Musikwerkstatt<\/a>\n\n\n\n<a target=\"_blank\" href=\"https:\/\/kwp.at\/veranstaltungen\/?filter=club&amp;club_style=1&amp;event_search=&amp;start_date=&amp;end_date=&amp;club%5B%5D=429\" rel=\"noopener noreferrer\" class=\"wp-block-kwp-blocks-button-block\">Angebote des Klub+ Musikwerkstatt<\/a>\n<\/p><\/div>\n\n\n\n<p>Musik ist Mittel zur Kommunikation. Jeder Mensch ist in der Lage, Musik wahrzunehmen, zu erleben und sich in irgendeiner Form \u2013 passiv konsumierend oder aktiv schaffend \u2013 musikalisch zu bet\u00e4tigen. Der <em>Klub<\/em>+ Musikwerkstatt m\u00f6chte einen offenen Zugang zu Musik vermitteln und musikbezogene Angebote f\u00fcr alle Senior*innen Wiens setzen.<\/p>\n\n\n\n<h2 class=\"wp-block-heading\">Musik ist grenzenlos!<\/h2>\n\n\n\n<p>Ein zwangloses musikalisches Miteinander steht im Mittelpunkt des Programmes im Pensionist*innenklub Im Werd. Hier sollen all jene einen Platz finden, die sich f\u00fcr Musik und musikalische Angebote interessieren. Ob beim Singen im Chor, im Jodelkurs, bei gemeinsamen Themennachmittagen, Seminarreihen oder bei schwungvoller Bewegung zur Musik \u2013 hier wird eine Vielzahl von gemeinsamen Aktivit\u00e4ten rund das Thema &#8222;Musik&#8220; angeboten.<\/p>\n\n\n\n<p>Hauptaugenmerk liegt dabei auf der Entfaltung kreativer Ressourcen und gemeinsamer Bet\u00e4tigung, weswegen auch die Betreuer*innen im <em>Klub<\/em>+ Musikwerkstatt \u00fcber die entsprechende fachliche Expertise und musikalische Qualifikationen verf\u00fcgen.<\/p>\n\n\n\n<p>Zudem spielt auch der integrative Aspekt im musikalischen Kluballtag eine entscheidende Rolle: <\/p>\n\n\n\n<blockquote class=\"wp-block-quote is-layout-flow wp-block-quote-is-layout-flow\">\n<p>Unsere Ziele sind nicht nur musikbezogen, vielmehr sollen Prozesse in Gang gesetzt werden, wie etwa Kommunikation, soziales Miteinander und soziale Integration.<\/p>\n<cite>Elena Sideres | Teamleitung Pensionist*innenklubs <\/cite><\/blockquote>\n\n\n\n<p>So finden auch Kooperationen zu anderen Pensionist*innenklubs, wie etwa dem<em> <a href=\"https:\/\/kwp.at\/pensionistenklubs\/unsere-klubs-2\/unsere-klubs\/klub-bunte-vielfalt\/\">Klub<\/a><\/em><a href=\"https:\/\/kwp.at\/pensionistenklubs\/unsere-klubs-2\/unsere-klubs\/klub-bunte-vielfalt\/\">+ Weitblick<\/a> oder dem <a href=\"https:\/\/kwp.at\/pensionistenklubs\/unsere-klubs-2\/unsere-klubs\/witaf-klub\/\"><em>Klub<\/em>+ WITAF-Geh\u00f6rlosenklub<\/a> regelm\u00e4\u00dfig statt. Auch Partnerorganisationen, wie <em><a href=\"https:\/\/www.jaw.at\/\" target=\"_blank\" rel=\"noreferrer noopener\">Jugend am Werk<\/a><\/em> oder die <a href=\"https:\/\/www.hilfsgemeinschaft.at\/\" target=\"_blank\" rel=\"noreferrer noopener\"><em>Hilfsgemeinschaft f\u00fcr Blinde und Sehschwache<\/em> <em>\u00d6sterreichs<\/em><\/a> nehmen am gemeinsamen Klubleben teil. So wird ein buntes Miteinander gef\u00f6rdert, in dessen Rahmen auch Menschen mit Beeintr\u00e4chtigung die M\u00f6glichkeit erhalten, sich musikalisch zu bet\u00e4tigen und Musik gemeinsam zu genie\u00dfen.<\/p>\n\n\n\n<p><\/p>\n","protected":false},"excerpt":{"rendered":"<p>Musik wird h\u00e4ufig als eine universelle Sprache bezeichnet, die jeder versteht. Im Klub+ Musikwerkstatt liegt der Themenschwerpunkt auf einer gemeinsamen Musikpraxis, die f\u00fcr alle zug\u00e4nglich<\/p>\n","protected":false},"author":78,"featured_media":16382,"parent":27,"menu_order":8,"comment_status":"closed","ping_status":"closed","template":"","meta":{"_acf_changed":false,"footnotes":""},"class_list":["post-3265","page","type-page","status-publish","has-post-thumbnail","hentry"],"acf":[],"yoast_head":"<!-- This site is optimized with the Yoast SEO plugin v27.4 - https:\/\/yoast.com\/product\/yoast-seo-wordpress\/ -->\n<title>Klub+ Musikwerkstatt - Pensionist*innenklubs<\/title>\n<meta name=\"description\" content=\"Der Klub+ Musikwerkstatt vermittelt einen offenen Zugang zu Musik und setzt musikbezogene Angebote f\u00fcr alle Senioren und Seniorinnen Wiens.\" \/>\n<meta name=\"robots\" content=\"index, follow, max-snippet:-1, max-image-preview:large, max-video-preview:-1\" \/>\n<link rel=\"canonical\" href=\"https:\/\/kwp.at\/pensionistenklubs\/klubs\/unsere-klubs\/klub-musikwerkstatt\/\" \/>\n<meta property=\"og:locale\" content=\"de_DE\" \/>\n<meta property=\"og:type\" content=\"article\" \/>\n<meta property=\"og:title\" content=\"Klub+ Musikwerkstatt\" \/>\n<meta property=\"og:description\" content=\"Der Klub+ Musikwerkstatt vermittelt einen offenen Zugang zu Musik und setzt musikbezogene Angebote f\u00fcr alle Senioren und Seniorinnen Wiens.\" \/>\n<meta property=\"og:url\" content=\"https:\/\/kwp.at\/pensionistenklubs\/klubs\/unsere-klubs\/klub-musikwerkstatt\/\" \/>\n<meta property=\"og:site_name\" content=\"Pensionist*innenklubs\" \/>\n<meta property=\"article:modified_time\" content=\"2025-09-29T11:28:58+00:00\" \/>\n<meta property=\"og:image\" content=\"https:\/\/kwp.at\/pensionistenklubs\/wp-content\/uploads\/sites\/2\/2020\/09\/pexels-brent-keane-1751731-scaled-1.jpg\" \/>\n\t<meta property=\"og:image:width\" content=\"2560\" \/>\n\t<meta property=\"og:image:height\" content=\"1591\" \/>\n\t<meta property=\"og:image:type\" content=\"image\/jpeg\" \/>\n<meta name=\"twitter:card\" content=\"summary_large_image\" \/>\n<meta name=\"twitter:label1\" content=\"Gesch\u00e4tzte Lesezeit\" \/>\n\t<meta name=\"twitter:data1\" content=\"2\u00a0Minuten\" \/>\n<script type=\"application\/ld+json\" class=\"yoast-schema-graph\">{\"@context\":\"https:\\\/\\\/schema.org\",\"@graph\":[{\"@type\":\"WebPage\",\"@id\":\"https:\\\/\\\/kwp.at\\\/pensionistenklubs\\\/klubs\\\/unsere-klubs\\\/klub-musikwerkstatt\\\/\",\"url\":\"https:\\\/\\\/kwp.at\\\/pensionistenklubs\\\/klubs\\\/unsere-klubs\\\/klub-musikwerkstatt\\\/\",\"name\":\"Klub+ Musikwerkstatt - Pensionist*innenklubs\",\"isPartOf\":{\"@id\":\"https:\\\/\\\/kwp.at\\\/pensionistenklubs\\\/#website\"},\"primaryImageOfPage\":{\"@id\":\"https:\\\/\\\/kwp.at\\\/pensionistenklubs\\\/klubs\\\/unsere-klubs\\\/klub-musikwerkstatt\\\/#primaryimage\"},\"image\":{\"@id\":\"https:\\\/\\\/kwp.at\\\/pensionistenklubs\\\/klubs\\\/unsere-klubs\\\/klub-musikwerkstatt\\\/#primaryimage\"},\"thumbnailUrl\":\"https:\\\/\\\/kwp.at\\\/pensionistenklubs\\\/wp-content\\\/uploads\\\/sites\\\/2\\\/2024\\\/09\\\/Kampagne-PK-Fotoshooting_Small-e1725272862871.jpg\",\"datePublished\":\"2021-09-01T10:35:34+00:00\",\"dateModified\":\"2025-09-29T11:28:58+00:00\",\"description\":\"Der Klub+ Musikwerkstatt vermittelt einen offenen Zugang zu Musik und setzt musikbezogene Angebote f\u00fcr alle Senioren und Seniorinnen Wiens.\",\"breadcrumb\":{\"@id\":\"https:\\\/\\\/kwp.at\\\/pensionistenklubs\\\/klubs\\\/unsere-klubs\\\/klub-musikwerkstatt\\\/#breadcrumb\"},\"inLanguage\":\"de\",\"potentialAction\":[{\"@type\":\"ReadAction\",\"target\":[\"https:\\\/\\\/kwp.at\\\/pensionistenklubs\\\/klubs\\\/unsere-klubs\\\/klub-musikwerkstatt\\\/\"]}]},{\"@type\":\"ImageObject\",\"inLanguage\":\"de\",\"@id\":\"https:\\\/\\\/kwp.at\\\/pensionistenklubs\\\/klubs\\\/unsere-klubs\\\/klub-musikwerkstatt\\\/#primaryimage\",\"url\":\"https:\\\/\\\/kwp.at\\\/pensionistenklubs\\\/wp-content\\\/uploads\\\/sites\\\/2\\\/2024\\\/09\\\/Kampagne-PK-Fotoshooting_Small-e1725272862871.jpg\",\"contentUrl\":\"https:\\\/\\\/kwp.at\\\/pensionistenklubs\\\/wp-content\\\/uploads\\\/sites\\\/2\\\/2024\\\/09\\\/Kampagne-PK-Fotoshooting_Small-e1725272862871.jpg\",\"width\":7679,\"height\":3206,\"caption\":\"Gesang\"},{\"@type\":\"BreadcrumbList\",\"@id\":\"https:\\\/\\\/kwp.at\\\/pensionistenklubs\\\/klubs\\\/unsere-klubs\\\/klub-musikwerkstatt\\\/#breadcrumb\",\"itemListElement\":[{\"@type\":\"ListItem\",\"position\":1,\"name\":\"Unsere Klubs\",\"item\":\"https:\\\/\\\/kwp.at\\\/pensionistenklubs\\\/klubs\\\/\"},{\"@type\":\"ListItem\",\"position\":2,\"name\":\"Klub+\",\"item\":\"https:\\\/\\\/kwp.at\\\/pensionistenklubs\\\/klubs\\\/unsere-klubs\\\/\"},{\"@type\":\"ListItem\",\"position\":3,\"name\":\"Klub+ Musikwerkstatt\"}]},{\"@type\":\"WebSite\",\"@id\":\"https:\\\/\\\/kwp.at\\\/pensionistenklubs\\\/#website\",\"url\":\"https:\\\/\\\/kwp.at\\\/pensionistenklubs\\\/\",\"name\":\"Pensionist*innenklubs\",\"description\":\"F\u00fcr die Stadt Wien\",\"publisher\":{\"@id\":\"https:\\\/\\\/kwp.at\\\/pensionistenklubs\\\/#organization\"},\"potentialAction\":[{\"@type\":\"SearchAction\",\"target\":{\"@type\":\"EntryPoint\",\"urlTemplate\":\"https:\\\/\\\/kwp.at\\\/pensionistenklubs\\\/?s={search_term_string}\"},\"query-input\":{\"@type\":\"PropertyValueSpecification\",\"valueRequired\":true,\"valueName\":\"search_term_string\"}}],\"inLanguage\":\"de\"},{\"@type\":\"Organization\",\"@id\":\"https:\\\/\\\/kwp.at\\\/pensionistenklubs\\\/#organization\",\"name\":\"PensionistInnenklubs f\u00fcr die Stadt Wien\",\"url\":\"https:\\\/\\\/kwp.at\\\/pensionistenklubs\\\/\",\"logo\":{\"@type\":\"ImageObject\",\"inLanguage\":\"de\",\"@id\":\"https:\\\/\\\/kwp.at\\\/pensionistenklubs\\\/#\\\/schema\\\/logo\\\/image\\\/\",\"url\":\"https:\\\/\\\/kwp.at\\\/pensionistenklubs\\\/wp-content\\\/uploads\\\/sites\\\/2\\\/2022\\\/08\\\/Logo-Pensionistenklubs-scaled-1.jpeg\",\"contentUrl\":\"https:\\\/\\\/kwp.at\\\/pensionistenklubs\\\/wp-content\\\/uploads\\\/sites\\\/2\\\/2022\\\/08\\\/Logo-Pensionistenklubs-scaled-1.jpeg\",\"width\":2560,\"height\":610,\"caption\":\"PensionistInnenklubs f\u00fcr die Stadt Wien\"},\"image\":{\"@id\":\"https:\\\/\\\/kwp.at\\\/pensionistenklubs\\\/#\\\/schema\\\/logo\\\/image\\\/\"}}]}<\/script>\n<!-- \/ Yoast SEO plugin. -->","yoast_head_json":{"title":"Klub+ Musikwerkstatt - Pensionist*innenklubs","description":"Der Klub+ Musikwerkstatt vermittelt einen offenen Zugang zu Musik und setzt musikbezogene Angebote f\u00fcr alle Senioren und Seniorinnen Wiens.","robots":{"index":"index","follow":"follow","max-snippet":"max-snippet:-1","max-image-preview":"max-image-preview:large","max-video-preview":"max-video-preview:-1"},"canonical":"https:\/\/kwp.at\/pensionistenklubs\/klubs\/unsere-klubs\/klub-musikwerkstatt\/","og_locale":"de_DE","og_type":"article","og_title":"Klub+ Musikwerkstatt","og_description":"Der Klub+ Musikwerkstatt vermittelt einen offenen Zugang zu Musik und setzt musikbezogene Angebote f\u00fcr alle Senioren und Seniorinnen Wiens.","og_url":"https:\/\/kwp.at\/pensionistenklubs\/klubs\/unsere-klubs\/klub-musikwerkstatt\/","og_site_name":"Pensionist*innenklubs","article_modified_time":"2025-09-29T11:28:58+00:00","og_image":[{"width":2560,"height":1591,"url":"https:\/\/kwp.at\/pensionistenklubs\/wp-content\/uploads\/sites\/2\/2020\/09\/pexels-brent-keane-1751731-scaled-1.jpg","type":"image\/jpeg"}],"twitter_card":"summary_large_image","twitter_misc":{"Gesch\u00e4tzte Lesezeit":"2\u00a0Minuten"},"schema":{"@context":"https:\/\/schema.org","@graph":[{"@type":"WebPage","@id":"https:\/\/kwp.at\/pensionistenklubs\/klubs\/unsere-klubs\/klub-musikwerkstatt\/","url":"https:\/\/kwp.at\/pensionistenklubs\/klubs\/unsere-klubs\/klub-musikwerkstatt\/","name":"Klub+ Musikwerkstatt - Pensionist*innenklubs","isPartOf":{"@id":"https:\/\/kwp.at\/pensionistenklubs\/#website"},"primaryImageOfPage":{"@id":"https:\/\/kwp.at\/pensionistenklubs\/klubs\/unsere-klubs\/klub-musikwerkstatt\/#primaryimage"},"image":{"@id":"https:\/\/kwp.at\/pensionistenklubs\/klubs\/unsere-klubs\/klub-musikwerkstatt\/#primaryimage"},"thumbnailUrl":"https:\/\/kwp.at\/pensionistenklubs\/wp-content\/uploads\/sites\/2\/2024\/09\/Kampagne-PK-Fotoshooting_Small-e1725272862871.jpg","datePublished":"2021-09-01T10:35:34+00:00","dateModified":"2025-09-29T11:28:58+00:00","description":"Der Klub+ Musikwerkstatt vermittelt einen offenen Zugang zu Musik und setzt musikbezogene Angebote f\u00fcr alle Senioren und Seniorinnen Wiens.","breadcrumb":{"@id":"https:\/\/kwp.at\/pensionistenklubs\/klubs\/unsere-klubs\/klub-musikwerkstatt\/#breadcrumb"},"inLanguage":"de","potentialAction":[{"@type":"ReadAction","target":["https:\/\/kwp.at\/pensionistenklubs\/klubs\/unsere-klubs\/klub-musikwerkstatt\/"]}]},{"@type":"ImageObject","inLanguage":"de","@id":"https:\/\/kwp.at\/pensionistenklubs\/klubs\/unsere-klubs\/klub-musikwerkstatt\/#primaryimage","url":"https:\/\/kwp.at\/pensionistenklubs\/wp-content\/uploads\/sites\/2\/2024\/09\/Kampagne-PK-Fotoshooting_Small-e1725272862871.jpg","contentUrl":"https:\/\/kwp.at\/pensionistenklubs\/wp-content\/uploads\/sites\/2\/2024\/09\/Kampagne-PK-Fotoshooting_Small-e1725272862871.jpg","width":7679,"height":3206,"caption":"Gesang"},{"@type":"BreadcrumbList","@id":"https:\/\/kwp.at\/pensionistenklubs\/klubs\/unsere-klubs\/klub-musikwerkstatt\/#breadcrumb","itemListElement":[{"@type":"ListItem","position":1,"name":"Unsere Klubs","item":"https:\/\/kwp.at\/pensionistenklubs\/klubs\/"},{"@type":"ListItem","position":2,"name":"Klub+","item":"https:\/\/kwp.at\/pensionistenklubs\/klubs\/unsere-klubs\/"},{"@type":"ListItem","position":3,"name":"Klub+ Musikwerkstatt"}]},{"@type":"WebSite","@id":"https:\/\/kwp.at\/pensionistenklubs\/#website","url":"https:\/\/kwp.at\/pensionistenklubs\/","name":"Pensionist*innenklubs","description":"F\u00fcr die Stadt Wien","publisher":{"@id":"https:\/\/kwp.at\/pensionistenklubs\/#organization"},"potentialAction":[{"@type":"SearchAction","target":{"@type":"EntryPoint","urlTemplate":"https:\/\/kwp.at\/pensionistenklubs\/?s={search_term_string}"},"query-input":{"@type":"PropertyValueSpecification","valueRequired":true,"valueName":"search_term_string"}}],"inLanguage":"de"},{"@type":"Organization","@id":"https:\/\/kwp.at\/pensionistenklubs\/#organization","name":"PensionistInnenklubs f\u00fcr die Stadt Wien","url":"https:\/\/kwp.at\/pensionistenklubs\/","logo":{"@type":"ImageObject","inLanguage":"de","@id":"https:\/\/kwp.at\/pensionistenklubs\/#\/schema\/logo\/image\/","url":"https:\/\/kwp.at\/pensionistenklubs\/wp-content\/uploads\/sites\/2\/2022\/08\/Logo-Pensionistenklubs-scaled-1.jpeg","contentUrl":"https:\/\/kwp.at\/pensionistenklubs\/wp-content\/uploads\/sites\/2\/2022\/08\/Logo-Pensionistenklubs-scaled-1.jpeg","width":2560,"height":610,"caption":"PensionistInnenklubs f\u00fcr die Stadt Wien"},"image":{"@id":"https:\/\/kwp.at\/pensionistenklubs\/#\/schema\/logo\/image\/"}}]}},"_links":{"self":[{"href":"https:\/\/kwp.at\/pensionistenklubs\/wp-json\/wp\/v2\/pages\/3265","targetHints":{"allow":["GET"]}}],"collection":[{"href":"https:\/\/kwp.at\/pensionistenklubs\/wp-json\/wp\/v2\/pages"}],"about":[{"href":"https:\/\/kwp.at\/pensionistenklubs\/wp-json\/wp\/v2\/types\/page"}],"author":[{"embeddable":true,"href":"https:\/\/kwp.at\/pensionistenklubs\/wp-json\/wp\/v2\/users\/78"}],"replies":[{"embeddable":true,"href":"https:\/\/kwp.at\/pensionistenklubs\/wp-json\/wp\/v2\/comments?post=3265"}],"version-history":[{"count":28,"href":"https:\/\/kwp.at\/pensionistenklubs\/wp-json\/wp\/v2\/pages\/3265\/revisions"}],"predecessor-version":[{"id":19863,"href":"https:\/\/kwp.at\/pensionistenklubs\/wp-json\/wp\/v2\/pages\/3265\/revisions\/19863"}],"up":[{"embeddable":true,"href":"https:\/\/kwp.at\/pensionistenklubs\/wp-json\/wp\/v2\/pages\/27"}],"wp:featuredmedia":[{"embeddable":true,"href":"https:\/\/kwp.at\/pensionistenklubs\/wp-json\/wp\/v2\/media\/16382"}],"wp:attachment":[{"href":"https:\/\/kwp.at\/pensionistenklubs\/wp-json\/wp\/v2\/media?parent=3265"}],"curies":[{"name":"wp","href":"https:\/\/api.w.org\/{rel}","templated":true}]}}