{"id":3026,"date":"2020-11-13T17:55:50","date_gmt":"2020-11-13T16:55:50","guid":{"rendered":"https:\/\/kwp.at\/pensionistenklubs\/?page_id=3026"},"modified":"2026-03-27T09:50:31","modified_gmt":"2026-03-27T08:50:31","slug":"regenbogen-treff","status":"publish","type":"page","link":"https:\/\/kwp.at\/pensionistenklubs\/klubs\/unsere-klubs\/regenbogen-treff\/","title":{"rendered":"Klub+ RegenbogenTreff"},"content":{"rendered":"\n<p><strong>Die Pensionist*innenklubs f\u00fcr die Stadt Wien setzen mit ihrem Treffpunkt f\u00fcr Senior*innen und Freund*innen der LGBTIQIA* Community 60plus ein Zeichen f\u00fcr mehr Toleranz und Gemeinschaft.\u00a0\u00a0<\/strong><\/p>\n\n\n\n<div style=\"background-color: #DA3910\" class=\"wp-block-kwp-blocks-infobox\"><h3>Klub+ RegenbogenTreff<br>Gumpendorfer Stra\u00dfe 117, 1060 Wien<\/h3><p>\n<p><strong>\u00d6ffnungszeiten:<\/strong> Montag bis Freitag, 09:00 &#8211; 17:00 Uhr<\/p>\n\n\n\n<p><strong>Kontakt:<\/strong> 01\/\u00a0313 99 170 112, <a href=\"mailto:pk.gumpendorferstrasse@kwp.at\" target=\"_blank\" rel=\"noreferrer noopener\">regenbogentreff@kwp.at<\/a><\/p>\n<\/p><\/div>\n\n\n\n<blockquote class=\"wp-block-quote is-layout-flow wp-block-quote-is-layout-flow\">\n<p>Unser RegenbogenTreff ist ein Ort f\u00fcr alle, die gerne in bunter Vielfalt leben!<\/p>\n<cite>Madlena Komitova | Bereichsleiterin Pensionist*innenklubs<\/cite><\/blockquote>\n\n\n\n<p>Der Klub Gumpendorfer Stra\u00dfe bietet ein vielf\u00e4ltiges Programm, wie Lima (Gl\u00fcckstraining), Englisch, Line Dance, Latin Dance, Qi Gong, Yoga, EDV- und Smartphone-Beratung und vieles mehr. Zugleich wird das Klubleben durch Aktivit\u00e4ten und Beratungsangebote f\u00fcr Senior*innen in Zusammenarbeit mit lokalen Kooperationspartner*innen bereichert. Das gesamte Klubprogramm finden Sie <a href=\"https:\/\/kwp.at\/veranstaltungen\/?club_style=1&amp;event_search=&amp;start_date=&amp;end_date=&amp;location_type=club&amp;club%5B%5D=464\" target=\"_blank\" rel=\"noreferrer noopener\">hier.<\/a><\/p>\n\n\n\n<p>Das Regenbogen-Programm findet jeden Montag, jeweils von 13:00 bis 15:00 Uhr, statt. Die Regenbogen-Gruppe trifft sich zum gem\u00fctlichen Austausch, kreativen Unternehmungen oder zu spannenden Exkursionen.<\/p>\n\n\n\n<p>Interesse zum Mitmachen? Hier finden Sie unser <a href=\"https:\/\/kwp.at\/veranstaltungen\/?club_style=1&amp;event_search=Regenbogentreff&amp;start_date=&amp;end_date=&amp;location_type=all\" target=\"_blank\" rel=\"noreferrer noopener\">Regenbogen-Programm.<\/a> Einfach vorbeischauen, oder unter <a href=\"mailto:regenbogentreff@kwp.at\" target=\"_blank\" rel=\"noreferrer noopener\">regenbogentreff@kwp.at<\/a>\u00a0melden.\u00a0<\/p>\n\n\n\n<p>Alle Lebens- und Liebensweisen unter dem Regenbogen und deren Freund*innen sind herzlich willkommen und eingeladen, mitzugestalten.<\/p>\n\n\n\n<p><strong>Wir freuen uns auf Ihren Besuch!<\/strong><\/p>\n\n\n\n<p><\/p>\n","protected":false},"excerpt":{"rendered":"<p>Die Pensionist*innenklubs f\u00fcr die Stadt Wien setzen mit ihrem Treffpunkt f\u00fcr Senior*innen und Freund*innen der LGBTIQIA* Community 60plus ein Zeichen f\u00fcr mehr Toleranz und Gemeinschaft.\u00a0\u00a0<\/p>\n","protected":false},"author":270,"featured_media":19956,"parent":27,"menu_order":3,"comment_status":"closed","ping_status":"closed","template":"","meta":{"_acf_changed":false,"footnotes":""},"class_list":["post-3026","page","type-page","status-publish","has-post-thumbnail","hentry"],"acf":[],"yoast_head":"<!-- This site is optimized with the Yoast SEO plugin v27.4 - https:\/\/yoast.com\/product\/yoast-seo-wordpress\/ -->\n<title>Klub+ RegenbogenTreff - Pensionist*innenklubs<\/title>\n<meta name=\"description\" content=\"Der Klub+ RegenbogenTreff ist ein bunter Ort f\u00fcr alle FreundInnen und Anh\u00e4ngerInnen der LGBTIQ Commutity verschiedener Generationen.\" \/>\n<meta name=\"robots\" content=\"index, follow, max-snippet:-1, max-image-preview:large, max-video-preview:-1\" \/>\n<link rel=\"canonical\" href=\"https:\/\/kwp.at\/pensionistenklubs\/klubs\/unsere-klubs\/regenbogen-treff\/\" \/>\n<meta property=\"og:locale\" content=\"de_DE\" \/>\n<meta property=\"og:type\" content=\"article\" \/>\n<meta property=\"og:title\" content=\"Klub+ Regenbogen.Treff\" \/>\n<meta property=\"og:description\" content=\"Der Klub+ Regenbogen.Treff ist ein bunter Ort f\u00fcr alle FreundInnen und Anh\u00e4ngerInnen der LGBTIQ Commutity verschiedener Generationen.\" \/>\n<meta property=\"og:url\" content=\"https:\/\/kwp.at\/pensionistenklubs\/klubs\/unsere-klubs\/regenbogen-treff\/\" \/>\n<meta property=\"og:site_name\" content=\"Pensionist*innenklubs\" \/>\n<meta property=\"article:modified_time\" content=\"2026-03-27T08:50:31+00:00\" \/>\n<meta property=\"og:image\" content=\"https:\/\/kwp.at\/pensionistenklubs\/wp-content\/uploads\/sites\/2\/2022\/05\/Regenbogentreff-im-Prater-14-von-32-scaled-e1653998432665.jpg\" \/>\n\t<meta property=\"og:image:width\" content=\"2560\" \/>\n\t<meta property=\"og:image:height\" content=\"876\" \/>\n\t<meta property=\"og:image:type\" content=\"image\/jpeg\" \/>\n<meta name=\"twitter:card\" content=\"summary_large_image\" \/>\n<meta name=\"twitter:label1\" content=\"Gesch\u00e4tzte Lesezeit\" \/>\n\t<meta name=\"twitter:data1\" content=\"2\u00a0Minuten\" \/>\n<script type=\"application\/ld+json\" class=\"yoast-schema-graph\">{\"@context\":\"https:\\\/\\\/schema.org\",\"@graph\":[{\"@type\":\"WebPage\",\"@id\":\"https:\\\/\\\/kwp.at\\\/pensionistenklubs\\\/klubs\\\/unsere-klubs\\\/regenbogen-treff\\\/\",\"url\":\"https:\\\/\\\/kwp.at\\\/pensionistenklubs\\\/klubs\\\/unsere-klubs\\\/regenbogen-treff\\\/\",\"name\":\"Klub+ RegenbogenTreff - Pensionist*innenklubs\",\"isPartOf\":{\"@id\":\"https:\\\/\\\/kwp.at\\\/pensionistenklubs\\\/#website\"},\"primaryImageOfPage\":{\"@id\":\"https:\\\/\\\/kwp.at\\\/pensionistenklubs\\\/klubs\\\/unsere-klubs\\\/regenbogen-treff\\\/#primaryimage\"},\"image\":{\"@id\":\"https:\\\/\\\/kwp.at\\\/pensionistenklubs\\\/klubs\\\/unsere-klubs\\\/regenbogen-treff\\\/#primaryimage\"},\"thumbnailUrl\":\"https:\\\/\\\/kwp.at\\\/pensionistenklubs\\\/wp-content\\\/uploads\\\/sites\\\/2\\\/2025\\\/10\\\/Design-ohne-Titel-8-e1760088323727.jpg\",\"datePublished\":\"2020-11-13T16:55:50+00:00\",\"dateModified\":\"2026-03-27T08:50:31+00:00\",\"description\":\"Der Klub+ RegenbogenTreff ist ein bunter Ort f\u00fcr alle FreundInnen und Anh\u00e4ngerInnen der LGBTIQ Commutity verschiedener Generationen.\",\"breadcrumb\":{\"@id\":\"https:\\\/\\\/kwp.at\\\/pensionistenklubs\\\/klubs\\\/unsere-klubs\\\/regenbogen-treff\\\/#breadcrumb\"},\"inLanguage\":\"de\",\"potentialAction\":[{\"@type\":\"ReadAction\",\"target\":[\"https:\\\/\\\/kwp.at\\\/pensionistenklubs\\\/klubs\\\/unsere-klubs\\\/regenbogen-treff\\\/\"]}]},{\"@type\":\"ImageObject\",\"inLanguage\":\"de\",\"@id\":\"https:\\\/\\\/kwp.at\\\/pensionistenklubs\\\/klubs\\\/unsere-klubs\\\/regenbogen-treff\\\/#primaryimage\",\"url\":\"https:\\\/\\\/kwp.at\\\/pensionistenklubs\\\/wp-content\\\/uploads\\\/sites\\\/2\\\/2025\\\/10\\\/Design-ohne-Titel-8-e1760088323727.jpg\",\"contentUrl\":\"https:\\\/\\\/kwp.at\\\/pensionistenklubs\\\/wp-content\\\/uploads\\\/sites\\\/2\\\/2025\\\/10\\\/Design-ohne-Titel-8-e1760088323727.jpg\",\"width\":4096,\"height\":1707,\"caption\":\"Zwei Senior*innen mit bunten Sonnenbrillen halten gemeinsam ein gro\u00dfes Regenbogen-Herz.\"},{\"@type\":\"BreadcrumbList\",\"@id\":\"https:\\\/\\\/kwp.at\\\/pensionistenklubs\\\/klubs\\\/unsere-klubs\\\/regenbogen-treff\\\/#breadcrumb\",\"itemListElement\":[{\"@type\":\"ListItem\",\"position\":1,\"name\":\"Unsere Klubs\",\"item\":\"https:\\\/\\\/kwp.at\\\/pensionistenklubs\\\/klubs\\\/\"},{\"@type\":\"ListItem\",\"position\":2,\"name\":\"Klub+\",\"item\":\"https:\\\/\\\/kwp.at\\\/pensionistenklubs\\\/klubs\\\/unsere-klubs\\\/\"},{\"@type\":\"ListItem\",\"position\":3,\"name\":\"Klub+ RegenbogenTreff\"}]},{\"@type\":\"WebSite\",\"@id\":\"https:\\\/\\\/kwp.at\\\/pensionistenklubs\\\/#website\",\"url\":\"https:\\\/\\\/kwp.at\\\/pensionistenklubs\\\/\",\"name\":\"Pensionist*innenklubs\",\"description\":\"F\u00fcr die Stadt Wien\",\"publisher\":{\"@id\":\"https:\\\/\\\/kwp.at\\\/pensionistenklubs\\\/#organization\"},\"potentialAction\":[{\"@type\":\"SearchAction\",\"target\":{\"@type\":\"EntryPoint\",\"urlTemplate\":\"https:\\\/\\\/kwp.at\\\/pensionistenklubs\\\/?s={search_term_string}\"},\"query-input\":{\"@type\":\"PropertyValueSpecification\",\"valueRequired\":true,\"valueName\":\"search_term_string\"}}],\"inLanguage\":\"de\"},{\"@type\":\"Organization\",\"@id\":\"https:\\\/\\\/kwp.at\\\/pensionistenklubs\\\/#organization\",\"name\":\"PensionistInnenklubs f\u00fcr die Stadt Wien\",\"url\":\"https:\\\/\\\/kwp.at\\\/pensionistenklubs\\\/\",\"logo\":{\"@type\":\"ImageObject\",\"inLanguage\":\"de\",\"@id\":\"https:\\\/\\\/kwp.at\\\/pensionistenklubs\\\/#\\\/schema\\\/logo\\\/image\\\/\",\"url\":\"https:\\\/\\\/kwp.at\\\/pensionistenklubs\\\/wp-content\\\/uploads\\\/sites\\\/2\\\/2022\\\/08\\\/Logo-Pensionistenklubs-scaled-1.jpeg\",\"contentUrl\":\"https:\\\/\\\/kwp.at\\\/pensionistenklubs\\\/wp-content\\\/uploads\\\/sites\\\/2\\\/2022\\\/08\\\/Logo-Pensionistenklubs-scaled-1.jpeg\",\"width\":2560,\"height\":610,\"caption\":\"PensionistInnenklubs f\u00fcr die Stadt Wien\"},\"image\":{\"@id\":\"https:\\\/\\\/kwp.at\\\/pensionistenklubs\\\/#\\\/schema\\\/logo\\\/image\\\/\"}}]}<\/script>\n<!-- \/ Yoast SEO plugin. -->","yoast_head_json":{"title":"Klub+ RegenbogenTreff - Pensionist*innenklubs","description":"Der Klub+ RegenbogenTreff ist ein bunter Ort f\u00fcr alle FreundInnen und Anh\u00e4ngerInnen der LGBTIQ Commutity verschiedener Generationen.","robots":{"index":"index","follow":"follow","max-snippet":"max-snippet:-1","max-image-preview":"max-image-preview:large","max-video-preview":"max-video-preview:-1"},"canonical":"https:\/\/kwp.at\/pensionistenklubs\/klubs\/unsere-klubs\/regenbogen-treff\/","og_locale":"de_DE","og_type":"article","og_title":"Klub+ Regenbogen.Treff","og_description":"Der Klub+ Regenbogen.Treff ist ein bunter Ort f\u00fcr alle FreundInnen und Anh\u00e4ngerInnen der LGBTIQ Commutity verschiedener Generationen.","og_url":"https:\/\/kwp.at\/pensionistenklubs\/klubs\/unsere-klubs\/regenbogen-treff\/","og_site_name":"Pensionist*innenklubs","article_modified_time":"2026-03-27T08:50:31+00:00","og_image":[{"width":2560,"height":876,"url":"https:\/\/kwp.at\/pensionistenklubs\/wp-content\/uploads\/sites\/2\/2022\/05\/Regenbogentreff-im-Prater-14-von-32-scaled-e1653998432665.jpg","type":"image\/jpeg"}],"twitter_card":"summary_large_image","twitter_misc":{"Gesch\u00e4tzte Lesezeit":"2\u00a0Minuten"},"schema":{"@context":"https:\/\/schema.org","@graph":[{"@type":"WebPage","@id":"https:\/\/kwp.at\/pensionistenklubs\/klubs\/unsere-klubs\/regenbogen-treff\/","url":"https:\/\/kwp.at\/pensionistenklubs\/klubs\/unsere-klubs\/regenbogen-treff\/","name":"Klub+ RegenbogenTreff - Pensionist*innenklubs","isPartOf":{"@id":"https:\/\/kwp.at\/pensionistenklubs\/#website"},"primaryImageOfPage":{"@id":"https:\/\/kwp.at\/pensionistenklubs\/klubs\/unsere-klubs\/regenbogen-treff\/#primaryimage"},"image":{"@id":"https:\/\/kwp.at\/pensionistenklubs\/klubs\/unsere-klubs\/regenbogen-treff\/#primaryimage"},"thumbnailUrl":"https:\/\/kwp.at\/pensionistenklubs\/wp-content\/uploads\/sites\/2\/2025\/10\/Design-ohne-Titel-8-e1760088323727.jpg","datePublished":"2020-11-13T16:55:50+00:00","dateModified":"2026-03-27T08:50:31+00:00","description":"Der Klub+ RegenbogenTreff ist ein bunter Ort f\u00fcr alle FreundInnen und Anh\u00e4ngerInnen der LGBTIQ Commutity verschiedener Generationen.","breadcrumb":{"@id":"https:\/\/kwp.at\/pensionistenklubs\/klubs\/unsere-klubs\/regenbogen-treff\/#breadcrumb"},"inLanguage":"de","potentialAction":[{"@type":"ReadAction","target":["https:\/\/kwp.at\/pensionistenklubs\/klubs\/unsere-klubs\/regenbogen-treff\/"]}]},{"@type":"ImageObject","inLanguage":"de","@id":"https:\/\/kwp.at\/pensionistenklubs\/klubs\/unsere-klubs\/regenbogen-treff\/#primaryimage","url":"https:\/\/kwp.at\/pensionistenklubs\/wp-content\/uploads\/sites\/2\/2025\/10\/Design-ohne-Titel-8-e1760088323727.jpg","contentUrl":"https:\/\/kwp.at\/pensionistenklubs\/wp-content\/uploads\/sites\/2\/2025\/10\/Design-ohne-Titel-8-e1760088323727.jpg","width":4096,"height":1707,"caption":"Zwei Senior*innen mit bunten Sonnenbrillen halten gemeinsam ein gro\u00dfes Regenbogen-Herz."},{"@type":"BreadcrumbList","@id":"https:\/\/kwp.at\/pensionistenklubs\/klubs\/unsere-klubs\/regenbogen-treff\/#breadcrumb","itemListElement":[{"@type":"ListItem","position":1,"name":"Unsere Klubs","item":"https:\/\/kwp.at\/pensionistenklubs\/klubs\/"},{"@type":"ListItem","position":2,"name":"Klub+","item":"https:\/\/kwp.at\/pensionistenklubs\/klubs\/unsere-klubs\/"},{"@type":"ListItem","position":3,"name":"Klub+ RegenbogenTreff"}]},{"@type":"WebSite","@id":"https:\/\/kwp.at\/pensionistenklubs\/#website","url":"https:\/\/kwp.at\/pensionistenklubs\/","name":"Pensionist*innenklubs","description":"F\u00fcr die Stadt Wien","publisher":{"@id":"https:\/\/kwp.at\/pensionistenklubs\/#organization"},"potentialAction":[{"@type":"SearchAction","target":{"@type":"EntryPoint","urlTemplate":"https:\/\/kwp.at\/pensionistenklubs\/?s={search_term_string}"},"query-input":{"@type":"PropertyValueSpecification","valueRequired":true,"valueName":"search_term_string"}}],"inLanguage":"de"},{"@type":"Organization","@id":"https:\/\/kwp.at\/pensionistenklubs\/#organization","name":"PensionistInnenklubs f\u00fcr die Stadt Wien","url":"https:\/\/kwp.at\/pensionistenklubs\/","logo":{"@type":"ImageObject","inLanguage":"de","@id":"https:\/\/kwp.at\/pensionistenklubs\/#\/schema\/logo\/image\/","url":"https:\/\/kwp.at\/pensionistenklubs\/wp-content\/uploads\/sites\/2\/2022\/08\/Logo-Pensionistenklubs-scaled-1.jpeg","contentUrl":"https:\/\/kwp.at\/pensionistenklubs\/wp-content\/uploads\/sites\/2\/2022\/08\/Logo-Pensionistenklubs-scaled-1.jpeg","width":2560,"height":610,"caption":"PensionistInnenklubs f\u00fcr die Stadt Wien"},"image":{"@id":"https:\/\/kwp.at\/pensionistenklubs\/#\/schema\/logo\/image\/"}}]}},"_links":{"self":[{"href":"https:\/\/kwp.at\/pensionistenklubs\/wp-json\/wp\/v2\/pages\/3026","targetHints":{"allow":["GET"]}}],"collection":[{"href":"https:\/\/kwp.at\/pensionistenklubs\/wp-json\/wp\/v2\/pages"}],"about":[{"href":"https:\/\/kwp.at\/pensionistenklubs\/wp-json\/wp\/v2\/types\/page"}],"author":[{"embeddable":true,"href":"https:\/\/kwp.at\/pensionistenklubs\/wp-json\/wp\/v2\/users\/270"}],"replies":[{"embeddable":true,"href":"https:\/\/kwp.at\/pensionistenklubs\/wp-json\/wp\/v2\/comments?post=3026"}],"version-history":[{"count":68,"href":"https:\/\/kwp.at\/pensionistenklubs\/wp-json\/wp\/v2\/pages\/3026\/revisions"}],"predecessor-version":[{"id":21110,"href":"https:\/\/kwp.at\/pensionistenklubs\/wp-json\/wp\/v2\/pages\/3026\/revisions\/21110"}],"up":[{"embeddable":true,"href":"https:\/\/kwp.at\/pensionistenklubs\/wp-json\/wp\/v2\/pages\/27"}],"wp:featuredmedia":[{"embeddable":true,"href":"https:\/\/kwp.at\/pensionistenklubs\/wp-json\/wp\/v2\/media\/19956"}],"wp:attachment":[{"href":"https:\/\/kwp.at\/pensionistenklubs\/wp-json\/wp\/v2\/media?parent=3026"}],"curies":[{"name":"wp","href":"https:\/\/api.w.org\/{rel}","templated":true}]}}