{"id":2827,"date":"2020-09-30T22:47:11","date_gmt":"2020-09-30T21:47:11","guid":{"rendered":"https:\/\/kwp.at\/datenschutzerklarung-fur-websitebesucherinnen-copy\/"},"modified":"2025-07-04T13:40:40","modified_gmt":"2025-07-04T11:40:40","slug":"datenschutzerklarung-fur-websitebesucherinnen","status":"publish","type":"page","link":"https:\/\/kwp.at\/pensionistenklubs\/datenschutzerklarung-fur-websitebesucherinnen\/","title":{"rendered":"Datenschutzerkl\u00e4rung f\u00fcr WebsitebesucherInnen"},"content":{"rendered":"\n<p>Es ist uns ein wichtiges Anliegen, personenbezogene Daten bei ihrer Erhebung, Verarbeitung und Nutzung anl\u00e4sslich Ihres Besuches auf unseren Websites zu sch\u00fctzen.<\/p>\n\n\n\n<p><strong><em>Allgemeine\nInformationen<\/em><\/strong><\/p>\n\n\n\n<p>Verantwortlich f\u00fcr die Datenverarbeitung ist<\/p>\n\n\n\n<div style=\"background-color: #107da8\" class=\"wp-block-kwp-blocks-infobox\"><h3>Kuratorium Wiener Pensionisten-Wohnh\u00e4user <\/h3><p>\n<ul class=\"wp-block-list\">\n<li> A-1090 Wien, Seegasse 9<\/li>\n\n\n\n<li>Telefon: +43 (0) 1 313 99 0 <\/li>\n\n\n\n<li>Email: <a href=\"mailto:infocenter@kwp.at\">infocenter@kwp.at<\/a> <\/li>\n\n\n\n<li> UID-Nr. ATU 37455703 <\/li>\n<\/ul>\n\n\n\n<p> Das KWP im&nbsp;<a rel=\"noreferrer noopener\" href=\"http:\/\/www.gemeinderecht.wien.at\/recht\/gemeinderecht-wien\/fonds-stiftungen\/fonds\/pensionisten.html\" target=\"_blank\"><strong>Wiener Stiftungs- und Fondsregister<\/strong><\/a>. <\/p>\n<\/p><\/div>\n\n\n\n<p><strong>Datenschutzbeauftragte:<\/strong><\/p>\n\n\n\n<p>c\/o Kuratorium Wiener\nPensionisten-Wohnh\u00e4user<br>\nA-1090 Wien, Seegasse 9<\/p>\n\n\n\n<p>E-Mail:&nbsp;<a href=\"mailto:datenschutz@kwp.at\"><strong>datenschutz@kwp.at<\/strong><\/a><\/p>\n\n\n\n<h4 class=\"wp-block-heading\">Zwecke der Datenverarbeitung auf dieser Website<\/h4>\n\n\n\n<p>Ihre Nutzung und die abgerufenen\nInformationen auf dieser Website werden zu Protokollzwecken anonymisiert. Diese\nDaten werden verwendet, um die Inhalte an die Bed\u00fcrfnisse und Anforderungen\nunserer Besucher anzupassen, die Benutzerfreundlichkeit zu verbessern und die\nSicherheit der Website zu gew\u00e4hrleisten. Falls \u00fcber die Website Kontakt zu uns\naufgenommen wird, um Informationsmaterial anzufordern, werden au\u00dferdem\nInformationen gespeichert, die f\u00fcr die gew\u00fcnschte Zustellung oder\nKontaktaufnahme erforderlich sind.<\/p>\n\n\n\n<p>Wir verarbeiten diese Daten aufgrund\nunseres oben beschriebenen berechtigten Interesses und\/oder aufgrund Ihrer\nEinwilligung, die Sie bei der Bestellung der Informationen erteilen.<\/p>\n\n\n\n<p>Als Verantwortlicher im Sinne der EU-Datenschutz-Grundverordnung (kurz DSGVO) stellen wir sicher, dass Verarbeitungst\u00e4tigkeiten personenbezogener Daten nur f\u00fcr legitime Zwecke, auf Basis einer Rechtsgrundlage, im n\u00f6tigen Umfang und f\u00fcr die erforderliche Dauer durchgef\u00fchrt werden.&nbsp;<\/p>\n\n\n\n<h4 class=\"wp-block-heading\">Nutzung der Websites<\/h4>\n\n\n\n<p>F\u00fcr die Nutzung der KWP-Websites und die damit verbundene Erhebung und Verarbeitung von (personenbezogenen) Daten kommt die vorliegende Datenschutzerkl\u00e4rung zur Anwendung.&nbsp;<\/p>\n\n\n\n<h4 class=\"wp-block-heading\">Verwendung personenbezogener Daten<\/h4>\n\n\n\n<p>Sofern auf unseren Websites personenbezogene Daten verwendet werden, erfolgt diese Verwendung ausschlie\u00dflich entsprechend den Regelungen der DSGVO und dem \u00f6sterreichischen Datenschutzgesetz (DSG) in der Fassung des Datenschutz-Anpassungsgesetzes 2018 und des Datenschutz-Deregulierungsgesetzes 2018. Detaillierte Informationen zu den datenschutzrechtlichen Bestimmungen finden Sie unter&nbsp;<a rel=\"noreferrer noopener\" href=\"https:\/\/www.dsb.gv.at\/gesetze-in-osterreich\" target=\"_blank\"><strong>https:\/\/www.dsb.gv.at\/gesetze-in-osterreich<\/strong><\/a>.&nbsp;<\/p>\n\n\n\n<h4 class=\"wp-block-heading\">Erhebung personenbezogener Daten<\/h4>\n\n\n\n<p>Bei jedem Zugriff auf unseren Webauftritt \u00fcbermittelt Ihr Computer (Endger\u00e4t) insbesondere folgende Informationen, um Ihnen den Besuch der Website zu erm\u00f6glichen:<\/p>\n\n\n\n<ul class=\"wp-block-list\">\n<li>Datum und Uhrzeit der Anfrage<\/li>\n\n\n\n<li>Zeitzonendifferenz zur Greenwich Mean Time (GMT)<\/li>\n\n\n\n<li>Inhalt der Anforderung (konkrete Seite)<\/li>\n\n\n\n<li>jeweils \u00fcbertragene Datenmenge<\/li>\n\n\n\n<li>Website, von der die Anforderung kommt<\/li>\n\n\n\n<li>Browser und Browsereinstellungen<\/li>\n\n\n\n<li>Betriebssystem und dessen Oberfl\u00e4che<\/li>\n\n\n\n<li>Sprache und Version der Browsersoftware<\/li>\n\n\n\n<li>Suchbegriffe (der Suchmaschine), die zum Besuch unserer Website gef\u00fchrt haben<\/li>\n<\/ul>\n\n\n\n<p>Die IP-Adresse Ihres Computers wird\ndabei nur f\u00fcr die Zeit Ihrer Nutzung der Website gespeichert und im Anschluss\ndaran gel\u00f6scht oder durch K\u00fcrzung anonymisiert, ausgenommen eine l\u00e4ngere\nSpeicherung ist notwendig, um die Funktionsf\u00e4higkeit bzw. Sicherheit des\nWebauftritts zu gew\u00e4hrleisten (z.B. bei Internet-Attacken). Die \u00fcbrigen Daten\nwerden f\u00fcr eine begrenzte Zeitdauer gespeichert, wobei ein Personenbezug aus\ndiesen Daten nicht mehr herstellbar ist.<\/p>\n\n\n\n<p>Wir verwenden diese Daten f\u00fcr den Betrieb unseres Webauftritts, insbesondere um die Qualit\u00e4t unserer Webpr\u00e4senzen sicherzustellen sowie um die Auslastung der Website festzustellen und um Anpassungen oder Verbesserungen vorzunehmen.<\/p>\n\n\n\n<h4 class=\"wp-block-heading\">Verwendung eingegebenen personenbezogener Daten&nbsp;<\/h4>\n\n\n\n<p>Freiwillige, personenbezogene Daten (Name, Adresse, E-Mail-Adresse etc.) k\u00f6nnen auf den KWP-Websites ebenfalls eingehoben oder gespeichert werden. Dies geschieht jedoch ausschlie\u00dflich zum in diesem Zusammenhang angegebenen Zweck im Rahmen der Vorgaben der DSGVO.<\/p>\n\n\n\n<h4 class=\"wp-block-heading\">Einsatz von Cookies<\/h4>\n\n\n\n<p>Bei Nutzung unseres Webauftrittes werden sogenannte \u201eCookies\u201c auf Ihrem Endger\u00e4t gespeichert. Cookies sind kleine Textdateien, die eingesetzt werden, um Ihr Besucherlebnis zu optimieren und Sie bei der Navigation zu unterst\u00fctzen.<\/p>\n\n\n\n<h4 class=\"wp-block-heading\">Einsatz von Social Media<\/h4>\n\n\n\n<p>Wir unterhalten verschiedene Online-Pr\u00e4senzen\nin sozialen Netzwerken und Plattformen, um dort mit interessierten Kunden, sonstigen\ninteressierten Personen und anderen Nutzern in Austausch zu treten und sie \u00fcber\ndas KWP, unsere Leistungen und Services zu informieren. Beim Aufruf der\njeweiligen Netzwerke und Plattformen gelten die Gesch\u00e4ftsbedingungen und die\nDatenverarbeitungsrichtlinien des jeweiligen Betreibers.<\/p>\n\n\n\n<p>Weitere Informationen zu Zweck und Umfang der Datenerhebung und ihrer Verarbeitung durch den jeweiligen Social Media-Dienst erhalten Sie in den Datenschutzerkl\u00e4rungen der jeweiligen Anbieter.<\/p>\n\n\n\n<h4 class=\"wp-block-heading\">Einbindung von Technologien Dritter<\/h4>\n\n\n\n<p> Auf unserem Webauftritt sind Dienste Dritter eingebunden, wie Google (z.B. Maps). Dabei kommt es zum Aufruf von Ressourcen dieser Anbieter von externen Servern (und damit auch zur \u00dcbermittlung von Daten wie z.B. der IP-Adresse), die sich au\u00dferhalb der Europ\u00e4ischen Union befinden k\u00f6nnen. Wir haben weder Einfluss auf die erhobenen Daten und Datenverarbeitungsvorg\u00e4nge, noch sind uns der volle Umfang der Datenerhebung, die Zwecke sowie die Speicherfristen bekannt. Weitere Informationen zu Zweck und Umfang der Datenerhebung und ihrer Verarbeitung durch diese Dritte erhalten Sie in den jeweiligen Datenschutzerkl\u00e4rungen dieser Anbieter. Dort erhalten Sie auch weitere Informationen zu Ihren diesbez\u00fcglichen Rechten und Einstellungsm\u00f6glichkeiten zum Schutz Ihrer Privatsph\u00e4re <\/p>\n\n\n\n<h4 class=\"wp-block-heading\">Google Analytics<\/h4>\n\n\n\n<p> Wir k\u00f6nnen auf Grundlage unserer berechtigten Interessen (d.h. Interesse an der Analyse, Optimierung und wirtschaftlichem Betrieb unseres Onlineangebotes im Sinne des Art 6 Abs 1 lit f DSGVO) Google Analytics, einen Webanalysedienst von Google Inc. (\u201eGoogle\u201c). Dieser Analysedienst verwendet ebenso \u201eCookies\u201c, also kleine Dateien, die auf dem Computer gespeichert werden und die eine Analyse der Nutzung unserer Website erm\u00f6glichen. Informationen \u00fcber die Nutzung unserer Webseite, die unter Verwendung von Cookies gesammelt werden, dienen dazu, die allgemeine Nutzung der Website auszuwerten, um es uns zu erm\u00f6glichen,  Reports \u00fcber die Websiteaktivit\u00e4ten zusammenzustellen und so in der Lage zu sein, unsere Webseite weiter zu optimieren und um weitere mit der Webseiten- und Internetnutzung verbundene Services zu erbringen. <\/p>\n\n\n\n<p>Die von Google Analytics mit Hilfe von Cookies erzeugten Informationen \u00fcber die Nutzung der Webseite werden \u2013 einschlie\u00dflich der anonymisierten IP-Adresse &#8211; an einen Server von Google Inc. in die USA \u00fcbermittelt. Die Anonymisierung erfolgt durch die Entfernung der letzten acht Bit der IP-Adresse, wodurch eine eindeutige Zuordnung der ermittelten Daten zu einer bestimmten IP-Adresse nicht mehr m\u00f6glich ist. Diese Information wird an Beh\u00f6rden oder Dritte \u00fcbermittelt, wenn diese \u00dcbermittlung gesetzlich erforderlich ist oder wenn Dritte im Auftrag von Google als Dienstleister t\u00e4tig sind. Es besteht jedoch die M\u00f6glichkeit, die Speicherung von Cookies durch entsprechende Einstellungen im Browser zu verhindern. Wenn in den Einstellungen des Browsers die Zustimmung zur Speicherung von Cookies verweigert wird, kann es jedoch sein, dass bestimmte Funktionen unserer Webseite nicht mehr zur Verf\u00fcgung stehen. Mit der Nutzung unserer Webseite erkl\u00e4ren Sie sich mit der Verwendung von Google Analytics einverstanden.<\/p>\n\n\n\n<h4 class=\"wp-block-heading\">Aktive Inhalte auf unseren Websites <\/h4>\n\n\n\n<p>Auf einigen Websites k\u00f6nnen Sie \u00f6ffentliche Kommentare abgeben. Wenn Sie einen Kommentar schreiben, wird dieser bei dem entsprechenden Beitrag ver\u00f6ffentlicht und dabei der von Ihnen angegebene (ggf. pseudonyme) Nutzername angezeigt. Wenn Sie einen Kommentar abgeben, speichern wir intern Ihre E-Mail- und IP-Adresse. Dies beruht darauf, dass wir unter Umst\u00e4nden f\u00fcr die Ver\u00f6ffentlichung widerrechtlicher Inhalte haften k\u00f6nnen. Die Kommentare werden vor Ver\u00f6ffentlichung nicht gepr\u00fcft. Wir kontrollieren diese jedoch in Stichproben und k\u00f6nnen diese l\u00f6schen, wenn Sie m\u00f6glicherweise rechts- oder sittenwidrige Inhalte erhalten.<\/p>\n\n\n\n<h4 class=\"wp-block-heading\">Datensicherheit<\/h4>\n\n\n\n<p>Wir unterhalten aktuelle technische und\norganisatorische Ma\u00dfnahmen zur Gew\u00e4hrleistung der Datensicherheit. Insbesondere\nfindet bei unseren Webauftritten eine verschl\u00fcsselte \u00dcbertragung mittels TLS\n(Transport Layer Security) statt.<\/p>\n\n\n\n<p>Wir sind bem\u00fcht, personenbezogene Daten durch Ergreifung aller technischen und organisatorischen M\u00f6glichkeiten so zu verarbeiten, dass sie f\u00fcr Dritte nicht zug\u00e4nglich sind. Bei der Kommunikation per E-Mail kann die vollst\u00e4ndige Datensicherheit von uns aber nicht gew\u00e4hrleistet werden, sodass wir bei vertraulichen Informationen den Postweg empfehlen.<\/p>\n\n\n\n<h4 class=\"wp-block-heading\">Haftungsausschluss<\/h4>\n\n\n\n<p>Wir pr\u00fcfen und aktualisieren alle\nInformationen, die wir auf unserer Website zur Verf\u00fcgung stellen,\nkontinuierlich. Dennoch k\u00f6nnen sich manche Angaben zwischenzeitlich ge\u00e4ndert\nhaben oder obsolet sein. Eine Haftung oder Garantie f\u00fcr die Aktualit\u00e4t,\nRichtigkeit und Vollst\u00e4ndigkeit der zur Verf\u00fcgung gestellten Informationen kann\naus diesen Gr\u00fcnden nicht \u00fcbernommen werden. F\u00fcr den Inhalt und die Darstellung\nvon anderen Webseiten, auf die mittels Link verwiesen wird, kann von uns keine\nVerantwortung \u00fcbernommen werden, da diese Informationen und Seiteninhalte nicht\nunserer Kontrolle unterliegen.<\/p>\n\n\n\n<p>Sollte unsere Website jedoch auf gesetzwidrige oder sittenwidrige Inhalte verweisen, bitten wir, uns umgehend davon in Kenntnis zu setzen. Wir werden deren unverz\u00fcgliche Entfernung veranlassen.<\/p>\n\n\n\n<h4 class=\"wp-block-heading\">Sonstiges<\/h4>\n\n\n\n<p>Wir behalten uns das Recht vor, diese Datenschutzerkl\u00e4rung jederzeit mit Wirkung f\u00fcr die Zukunft zu \u00e4ndern, die jeweils aktuelle Version ist auf unserem Webauftritt abrufbar.<\/p>\n","protected":false},"excerpt":{"rendered":"<p>Es ist uns ein wichtiges Anliegen, personenbezogene Daten bei ihrer Erhebung, Verarbeitung und Nutzung anl\u00e4sslich Ihres Besuches auf unseren Websites zu sch\u00fctzen. Allgemeine Informationen Verantwortlich<\/p>\n","protected":false},"author":270,"featured_media":2871,"parent":0,"menu_order":0,"comment_status":"closed","ping_status":"closed","template":"","meta":{"_acf_changed":false,"footnotes":""},"class_list":["post-2827","page","type-page","status-publish","has-post-thumbnail","hentry"],"acf":[],"yoast_head":"<!-- This site is optimized with the Yoast SEO plugin v27.4 - https:\/\/yoast.com\/product\/yoast-seo-wordpress\/ -->\n<title>Datenschutzerkl\u00e4rung f\u00fcr WebsitebesucherInnen - Pensionist*innenklubs<\/title>\n<meta name=\"robots\" content=\"index, follow, max-snippet:-1, max-image-preview:large, max-video-preview:-1\" \/>\n<link rel=\"canonical\" href=\"https:\/\/kwp.at\/pensionistenklubs\/datenschutzerklarung-fur-websitebesucherinnen\/\" \/>\n<meta property=\"og:locale\" content=\"de_DE\" \/>\n<meta property=\"og:type\" content=\"article\" \/>\n<meta property=\"og:title\" content=\"Datenschutzerkl\u00e4rung f\u00fcr WebsitebesucherInnen - Pensionist*innenklubs\" \/>\n<meta property=\"og:description\" content=\"Es ist uns ein wichtiges Anliegen, personenbezogene Daten bei ihrer Erhebung, Verarbeitung und Nutzung anl\u00e4sslich Ihres Besuches auf unseren Websites zu sch\u00fctzen. Allgemeine Informationen Verantwortlich\" \/>\n<meta property=\"og:url\" content=\"https:\/\/kwp.at\/pensionistenklubs\/datenschutzerklarung-fur-websitebesucherinnen\/\" \/>\n<meta property=\"og:site_name\" content=\"Pensionist*innenklubs\" \/>\n<meta property=\"article:modified_time\" content=\"2025-07-04T11:40:40+00:00\" \/>\n<meta property=\"og:image\" content=\"https:\/\/kwp.at\/pensionistenklubs\/wp-content\/uploads\/sites\/2\/2020\/10\/Hauser-zum-Leben-Haus-Penzing5848_2000px.jpg\" \/>\n\t<meta property=\"og:image:width\" content=\"2000\" \/>\n\t<meta property=\"og:image:height\" content=\"1333\" \/>\n\t<meta property=\"og:image:type\" content=\"image\/jpeg\" \/>\n<meta name=\"twitter:card\" content=\"summary_large_image\" \/>\n<meta name=\"twitter:label1\" content=\"Gesch\u00e4tzte Lesezeit\" \/>\n\t<meta name=\"twitter:data1\" content=\"8\u00a0Minuten\" \/>\n<script type=\"application\/ld+json\" class=\"yoast-schema-graph\">{\"@context\":\"https:\\\/\\\/schema.org\",\"@graph\":[{\"@type\":\"WebPage\",\"@id\":\"https:\\\/\\\/kwp.at\\\/pensionistenklubs\\\/datenschutzerklarung-fur-websitebesucherinnen\\\/\",\"url\":\"https:\\\/\\\/kwp.at\\\/pensionistenklubs\\\/datenschutzerklarung-fur-websitebesucherinnen\\\/\",\"name\":\"Datenschutzerkl\u00e4rung f\u00fcr WebsitebesucherInnen - Pensionist*innenklubs\",\"isPartOf\":{\"@id\":\"https:\\\/\\\/kwp.at\\\/pensionistenklubs\\\/#website\"},\"primaryImageOfPage\":{\"@id\":\"https:\\\/\\\/kwp.at\\\/pensionistenklubs\\\/datenschutzerklarung-fur-websitebesucherinnen\\\/#primaryimage\"},\"image\":{\"@id\":\"https:\\\/\\\/kwp.at\\\/pensionistenklubs\\\/datenschutzerklarung-fur-websitebesucherinnen\\\/#primaryimage\"},\"thumbnailUrl\":\"https:\\\/\\\/kwp.at\\\/pensionistenklubs\\\/wp-content\\\/uploads\\\/sites\\\/2\\\/2020\\\/10\\\/Hauser-zum-Leben-Haus-Penzing5848_2000px.jpg\",\"datePublished\":\"2020-09-30T21:47:11+00:00\",\"dateModified\":\"2025-07-04T11:40:40+00:00\",\"inLanguage\":\"de\",\"potentialAction\":[{\"@type\":\"ReadAction\",\"target\":[\"https:\\\/\\\/kwp.at\\\/pensionistenklubs\\\/datenschutzerklarung-fur-websitebesucherinnen\\\/\"]}]},{\"@type\":\"ImageObject\",\"inLanguage\":\"de\",\"@id\":\"https:\\\/\\\/kwp.at\\\/pensionistenklubs\\\/datenschutzerklarung-fur-websitebesucherinnen\\\/#primaryimage\",\"url\":\"https:\\\/\\\/kwp.at\\\/pensionistenklubs\\\/wp-content\\\/uploads\\\/sites\\\/2\\\/2020\\\/10\\\/Hauser-zum-Leben-Haus-Penzing5848_2000px.jpg\",\"contentUrl\":\"https:\\\/\\\/kwp.at\\\/pensionistenklubs\\\/wp-content\\\/uploads\\\/sites\\\/2\\\/2020\\\/10\\\/Hauser-zum-Leben-Haus-Penzing5848_2000px.jpg\",\"width\":2000,\"height\":1333,\"caption\":\"Haeuser zum Leben Penzing 27.05.2020 \u00a9Philipp Horak\"},{\"@type\":\"WebSite\",\"@id\":\"https:\\\/\\\/kwp.at\\\/pensionistenklubs\\\/#website\",\"url\":\"https:\\\/\\\/kwp.at\\\/pensionistenklubs\\\/\",\"name\":\"Pensionist*innenklubs\",\"description\":\"F\u00fcr die Stadt Wien\",\"publisher\":{\"@id\":\"https:\\\/\\\/kwp.at\\\/pensionistenklubs\\\/#organization\"},\"potentialAction\":[{\"@type\":\"SearchAction\",\"target\":{\"@type\":\"EntryPoint\",\"urlTemplate\":\"https:\\\/\\\/kwp.at\\\/pensionistenklubs\\\/?s={search_term_string}\"},\"query-input\":{\"@type\":\"PropertyValueSpecification\",\"valueRequired\":true,\"valueName\":\"search_term_string\"}}],\"inLanguage\":\"de\"},{\"@type\":\"Organization\",\"@id\":\"https:\\\/\\\/kwp.at\\\/pensionistenklubs\\\/#organization\",\"name\":\"PensionistInnenklubs f\u00fcr die Stadt Wien\",\"url\":\"https:\\\/\\\/kwp.at\\\/pensionistenklubs\\\/\",\"logo\":{\"@type\":\"ImageObject\",\"inLanguage\":\"de\",\"@id\":\"https:\\\/\\\/kwp.at\\\/pensionistenklubs\\\/#\\\/schema\\\/logo\\\/image\\\/\",\"url\":\"https:\\\/\\\/kwp.at\\\/pensionistenklubs\\\/wp-content\\\/uploads\\\/sites\\\/2\\\/2022\\\/08\\\/Logo-Pensionistenklubs-scaled-1.jpeg\",\"contentUrl\":\"https:\\\/\\\/kwp.at\\\/pensionistenklubs\\\/wp-content\\\/uploads\\\/sites\\\/2\\\/2022\\\/08\\\/Logo-Pensionistenklubs-scaled-1.jpeg\",\"width\":2560,\"height\":610,\"caption\":\"PensionistInnenklubs f\u00fcr die Stadt Wien\"},\"image\":{\"@id\":\"https:\\\/\\\/kwp.at\\\/pensionistenklubs\\\/#\\\/schema\\\/logo\\\/image\\\/\"}}]}<\/script>\n<!-- \/ Yoast SEO plugin. -->","yoast_head_json":{"title":"Datenschutzerkl\u00e4rung f\u00fcr WebsitebesucherInnen - Pensionist*innenklubs","robots":{"index":"index","follow":"follow","max-snippet":"max-snippet:-1","max-image-preview":"max-image-preview:large","max-video-preview":"max-video-preview:-1"},"canonical":"https:\/\/kwp.at\/pensionistenklubs\/datenschutzerklarung-fur-websitebesucherinnen\/","og_locale":"de_DE","og_type":"article","og_title":"Datenschutzerkl\u00e4rung f\u00fcr WebsitebesucherInnen - Pensionist*innenklubs","og_description":"Es ist uns ein wichtiges Anliegen, personenbezogene Daten bei ihrer Erhebung, Verarbeitung und Nutzung anl\u00e4sslich Ihres Besuches auf unseren Websites zu sch\u00fctzen. Allgemeine Informationen Verantwortlich","og_url":"https:\/\/kwp.at\/pensionistenklubs\/datenschutzerklarung-fur-websitebesucherinnen\/","og_site_name":"Pensionist*innenklubs","article_modified_time":"2025-07-04T11:40:40+00:00","og_image":[{"width":2000,"height":1333,"url":"https:\/\/kwp.at\/pensionistenklubs\/wp-content\/uploads\/sites\/2\/2020\/10\/Hauser-zum-Leben-Haus-Penzing5848_2000px.jpg","type":"image\/jpeg"}],"twitter_card":"summary_large_image","twitter_misc":{"Gesch\u00e4tzte Lesezeit":"8\u00a0Minuten"},"schema":{"@context":"https:\/\/schema.org","@graph":[{"@type":"WebPage","@id":"https:\/\/kwp.at\/pensionistenklubs\/datenschutzerklarung-fur-websitebesucherinnen\/","url":"https:\/\/kwp.at\/pensionistenklubs\/datenschutzerklarung-fur-websitebesucherinnen\/","name":"Datenschutzerkl\u00e4rung f\u00fcr WebsitebesucherInnen - Pensionist*innenklubs","isPartOf":{"@id":"https:\/\/kwp.at\/pensionistenklubs\/#website"},"primaryImageOfPage":{"@id":"https:\/\/kwp.at\/pensionistenklubs\/datenschutzerklarung-fur-websitebesucherinnen\/#primaryimage"},"image":{"@id":"https:\/\/kwp.at\/pensionistenklubs\/datenschutzerklarung-fur-websitebesucherinnen\/#primaryimage"},"thumbnailUrl":"https:\/\/kwp.at\/pensionistenklubs\/wp-content\/uploads\/sites\/2\/2020\/10\/Hauser-zum-Leben-Haus-Penzing5848_2000px.jpg","datePublished":"2020-09-30T21:47:11+00:00","dateModified":"2025-07-04T11:40:40+00:00","inLanguage":"de","potentialAction":[{"@type":"ReadAction","target":["https:\/\/kwp.at\/pensionistenklubs\/datenschutzerklarung-fur-websitebesucherinnen\/"]}]},{"@type":"ImageObject","inLanguage":"de","@id":"https:\/\/kwp.at\/pensionistenklubs\/datenschutzerklarung-fur-websitebesucherinnen\/#primaryimage","url":"https:\/\/kwp.at\/pensionistenklubs\/wp-content\/uploads\/sites\/2\/2020\/10\/Hauser-zum-Leben-Haus-Penzing5848_2000px.jpg","contentUrl":"https:\/\/kwp.at\/pensionistenklubs\/wp-content\/uploads\/sites\/2\/2020\/10\/Hauser-zum-Leben-Haus-Penzing5848_2000px.jpg","width":2000,"height":1333,"caption":"Haeuser zum Leben Penzing 27.05.2020 \u00a9Philipp Horak"},{"@type":"WebSite","@id":"https:\/\/kwp.at\/pensionistenklubs\/#website","url":"https:\/\/kwp.at\/pensionistenklubs\/","name":"Pensionist*innenklubs","description":"F\u00fcr die Stadt Wien","publisher":{"@id":"https:\/\/kwp.at\/pensionistenklubs\/#organization"},"potentialAction":[{"@type":"SearchAction","target":{"@type":"EntryPoint","urlTemplate":"https:\/\/kwp.at\/pensionistenklubs\/?s={search_term_string}"},"query-input":{"@type":"PropertyValueSpecification","valueRequired":true,"valueName":"search_term_string"}}],"inLanguage":"de"},{"@type":"Organization","@id":"https:\/\/kwp.at\/pensionistenklubs\/#organization","name":"PensionistInnenklubs f\u00fcr die Stadt Wien","url":"https:\/\/kwp.at\/pensionistenklubs\/","logo":{"@type":"ImageObject","inLanguage":"de","@id":"https:\/\/kwp.at\/pensionistenklubs\/#\/schema\/logo\/image\/","url":"https:\/\/kwp.at\/pensionistenklubs\/wp-content\/uploads\/sites\/2\/2022\/08\/Logo-Pensionistenklubs-scaled-1.jpeg","contentUrl":"https:\/\/kwp.at\/pensionistenklubs\/wp-content\/uploads\/sites\/2\/2022\/08\/Logo-Pensionistenklubs-scaled-1.jpeg","width":2560,"height":610,"caption":"PensionistInnenklubs f\u00fcr die Stadt Wien"},"image":{"@id":"https:\/\/kwp.at\/pensionistenklubs\/#\/schema\/logo\/image\/"}}]}},"_links":{"self":[{"href":"https:\/\/kwp.at\/pensionistenklubs\/wp-json\/wp\/v2\/pages\/2827","targetHints":{"allow":["GET"]}}],"collection":[{"href":"https:\/\/kwp.at\/pensionistenklubs\/wp-json\/wp\/v2\/pages"}],"about":[{"href":"https:\/\/kwp.at\/pensionistenklubs\/wp-json\/wp\/v2\/types\/page"}],"author":[{"embeddable":true,"href":"https:\/\/kwp.at\/pensionistenklubs\/wp-json\/wp\/v2\/users\/270"}],"replies":[{"embeddable":true,"href":"https:\/\/kwp.at\/pensionistenklubs\/wp-json\/wp\/v2\/comments?post=2827"}],"version-history":[{"count":2,"href":"https:\/\/kwp.at\/pensionistenklubs\/wp-json\/wp\/v2\/pages\/2827\/revisions"}],"predecessor-version":[{"id":19354,"href":"https:\/\/kwp.at\/pensionistenklubs\/wp-json\/wp\/v2\/pages\/2827\/revisions\/19354"}],"wp:featuredmedia":[{"embeddable":true,"href":"https:\/\/kwp.at\/pensionistenklubs\/wp-json\/wp\/v2\/media\/2871"}],"wp:attachment":[{"href":"https:\/\/kwp.at\/pensionistenklubs\/wp-json\/wp\/v2\/media?parent=2827"}],"curies":[{"name":"wp","href":"https:\/\/api.w.org\/{rel}","templated":true}]}}