{"id":278,"date":"2020-03-17T16:21:31","date_gmt":"2020-03-17T15:21:31","guid":{"rendered":"https:\/\/kwp.at\/pensionistenklubs\/?page_id=278"},"modified":"2025-07-04T13:32:32","modified_gmt":"2025-07-04T11:32:32","slug":"sommerurlaub","status":"publish","type":"page","link":"https:\/\/kwp.at\/pensionistenklubs\/programm\/sommerurlaub\/","title":{"rendered":"Sommerurlaub"},"content":{"rendered":"\n<p><strong>Die Pensionist*innenklubs bieten mit der Aktion &#8222;Urlaub in der Sommerfrische&#8220; von Mai bis September Urlaubsfahrten und Reisen speziell f\u00fcr Senior*innen in die sch\u00f6nsten Regionen \u00d6sterreichs. <\/strong><\/p>\n\n\n\n<p><strong>F\u00fcr jeden etwas dabei<\/strong>. Das&nbsp;Eintauchen ins k\u00fchle Nass, die idyllische Wanderung auf ersehnte Gipfel, der Genuss bodenst\u00e4ndiger Speisen und vieles mehr. <\/p>\n\n\n\n<blockquote class=\"wp-block-quote is-layout-flow wp-block-quote-is-layout-flow\">\n<p>Wir fahren in die sch\u00f6nsten Ecken \u00d6sterreichs! <\/p>\n<cite>Mathilde  l   Klubbesucherin <\/cite><\/blockquote>\n\n\n\n<div style=\"background-color: #1A880C\" class=\"wp-block-kwp-blocks-infobox\"><h3>Der neue Urlaubskatalog ist da! <\/h3><p>\n<p>Der neue Urlaubskatalog f\u00fcr die Reisesaison 2025 ist da und bietet einen \u00dcberblick zu allen Reisezielen der Aktion &#8222;Urlaub in der Sommerfrische&#8220;. Jetzt reinschm\u00f6kern und Traumurlaub entdecken:<\/p>\n\n\n\n<p><\/p>\n\n\n\n<a target=\"_blank\" href=\"https:\/\/kwp.at\/pensionistenklubs\/wp-content\/uploads\/sites\/2\/2025\/04\/1057_Sommerfrische_2025_WEB.pdf\" rel=\"noopener noreferrer\" class=\"wp-block-kwp-blocks-button-block\">Urlaubskatalog ansehen! <\/a>\n<\/p><\/div>\n\n\n\n<p><\/p>\n","protected":false},"excerpt":{"rendered":"<p>Die Pensionist*innenklubs bieten mit der Aktion &#8222;Urlaub in der Sommerfrische&#8220; von Mai bis September Urlaubsfahrten und Reisen speziell f\u00fcr Senior*innen in die sch\u00f6nsten Regionen \u00d6sterreichs.<\/p>\n","protected":false},"author":1,"featured_media":12076,"parent":29,"menu_order":9,"comment_status":"closed","ping_status":"closed","template":"","meta":{"_acf_changed":false,"footnotes":""},"class_list":["post-278","page","type-page","status-publish","has-post-thumbnail","hentry"],"acf":[],"yoast_head":"<!-- This site is optimized with the Yoast SEO plugin v27.2 - https:\/\/yoast.com\/product\/yoast-seo-wordpress\/ -->\n<title>Sommerurlaub mit den Pensionist*innenklubs<\/title>\n<meta name=\"description\" content=\"Die PensionistInnenklubs bieten mit der Aktion &quot;Urlaub in der Sommerfrische&quot; Sommerurlaube speziell f\u00fcr Wiener Seniorinnen und Senioren.\" \/>\n<meta name=\"robots\" content=\"index, follow, max-snippet:-1, max-image-preview:large, max-video-preview:-1\" \/>\n<link rel=\"canonical\" href=\"https:\/\/kwp.at\/pensionistenklubs\/programm\/sommerurlaub\/\" \/>\n<meta property=\"og:locale\" content=\"de_DE\" \/>\n<meta property=\"og:type\" content=\"article\" \/>\n<meta property=\"og:title\" content=\"Urlaub in der Sommerfrische\" \/>\n<meta property=\"og:description\" content=\"Die PensionistInnenklubs bieten mit der Aktion &quot;Urlaub in der Sommerfrische&quot; Sommerurlaube speziell f\u00fcr Wiener Seniorinnen und Senioren.\" \/>\n<meta property=\"og:url\" content=\"https:\/\/kwp.at\/pensionistenklubs\/programm\/sommerurlaub\/\" \/>\n<meta property=\"og:site_name\" content=\"Pensionist*innenklubs\" \/>\n<meta property=\"article:modified_time\" content=\"2025-07-04T11:32:32+00:00\" \/>\n<meta property=\"og:image\" content=\"https:\/\/kwp.at\/pensionistenklubs\/wp-content\/uploads\/sites\/2\/2020\/10\/Urlaub.jpg\" \/>\n\t<meta property=\"og:image:width\" content=\"1143\" \/>\n\t<meta property=\"og:image:height\" content=\"391\" \/>\n\t<meta property=\"og:image:type\" content=\"image\/jpeg\" \/>\n<meta name=\"twitter:card\" content=\"summary_large_image\" \/>\n<meta name=\"twitter:label1\" content=\"Gesch\u00e4tzte Lesezeit\" \/>\n\t<meta name=\"twitter:data1\" content=\"1\u00a0Minute\" \/>\n<script type=\"application\/ld+json\" class=\"yoast-schema-graph\">{\"@context\":\"https:\/\/schema.org\",\"@graph\":[{\"@type\":\"WebPage\",\"@id\":\"https:\/\/kwp.at\/pensionistenklubs\/programm\/sommerurlaub\/\",\"url\":\"https:\/\/kwp.at\/pensionistenklubs\/programm\/sommerurlaub\/\",\"name\":\"Sommerurlaub mit den Pensionist*innenklubs\",\"isPartOf\":{\"@id\":\"https:\/\/kwp.at\/pensionistenklubs\/#website\"},\"primaryImageOfPage\":{\"@id\":\"https:\/\/kwp.at\/pensionistenklubs\/programm\/sommerurlaub\/#primaryimage\"},\"image\":{\"@id\":\"https:\/\/kwp.at\/pensionistenklubs\/programm\/sommerurlaub\/#primaryimage\"},\"thumbnailUrl\":\"https:\/\/kwp.at\/pensionistenklubs\/wp-content\/uploads\/sites\/2\/2023\/03\/Sommerfrische_Header.jpg\",\"datePublished\":\"2020-03-17T15:21:31+00:00\",\"dateModified\":\"2025-07-04T11:32:32+00:00\",\"description\":\"Die PensionistInnenklubs bieten mit der Aktion \\\"Urlaub in der Sommerfrische\\\" Sommerurlaube speziell f\u00fcr Wiener Seniorinnen und Senioren.\",\"breadcrumb\":{\"@id\":\"https:\/\/kwp.at\/pensionistenklubs\/programm\/sommerurlaub\/#breadcrumb\"},\"inLanguage\":\"de\",\"potentialAction\":[{\"@type\":\"ReadAction\",\"target\":[\"https:\/\/kwp.at\/pensionistenklubs\/programm\/sommerurlaub\/\"]}]},{\"@type\":\"ImageObject\",\"inLanguage\":\"de\",\"@id\":\"https:\/\/kwp.at\/pensionistenklubs\/programm\/sommerurlaub\/#primaryimage\",\"url\":\"https:\/\/kwp.at\/pensionistenklubs\/wp-content\/uploads\/sites\/2\/2023\/03\/Sommerfrische_Header.jpg\",\"contentUrl\":\"https:\/\/kwp.at\/pensionistenklubs\/wp-content\/uploads\/sites\/2\/2023\/03\/Sommerfrische_Header.jpg\",\"width\":1220,\"height\":500,\"caption\":\"Eine Dame mit Hut und eine Dame mit Turban l\u00e4cheln in die Kamera\"},{\"@type\":\"BreadcrumbList\",\"@id\":\"https:\/\/kwp.at\/pensionistenklubs\/programm\/sommerurlaub\/#breadcrumb\",\"itemListElement\":[{\"@type\":\"ListItem\",\"position\":1,\"name\":\"Angebote\",\"item\":\"https:\/\/kwp.at\/pensionistenklubs\/programm\/\"},{\"@type\":\"ListItem\",\"position\":2,\"name\":\"Sommerurlaub\"}]},{\"@type\":\"WebSite\",\"@id\":\"https:\/\/kwp.at\/pensionistenklubs\/#website\",\"url\":\"https:\/\/kwp.at\/pensionistenklubs\/\",\"name\":\"Pensionist*innenklubs\",\"description\":\"F\u00fcr die Stadt Wien\",\"publisher\":{\"@id\":\"https:\/\/kwp.at\/pensionistenklubs\/#organization\"},\"potentialAction\":[{\"@type\":\"SearchAction\",\"target\":{\"@type\":\"EntryPoint\",\"urlTemplate\":\"https:\/\/kwp.at\/pensionistenklubs\/?s={search_term_string}\"},\"query-input\":{\"@type\":\"PropertyValueSpecification\",\"valueRequired\":true,\"valueName\":\"search_term_string\"}}],\"inLanguage\":\"de\"},{\"@type\":\"Organization\",\"@id\":\"https:\/\/kwp.at\/pensionistenklubs\/#organization\",\"name\":\"PensionistInnenklubs f\u00fcr die Stadt Wien\",\"url\":\"https:\/\/kwp.at\/pensionistenklubs\/\",\"logo\":{\"@type\":\"ImageObject\",\"inLanguage\":\"de\",\"@id\":\"https:\/\/kwp.at\/pensionistenklubs\/#\/schema\/logo\/image\/\",\"url\":\"https:\/\/kwp.at\/pensionistenklubs\/wp-content\/uploads\/sites\/2\/2022\/08\/Logo-Pensionistenklubs-scaled-1.jpeg\",\"contentUrl\":\"https:\/\/kwp.at\/pensionistenklubs\/wp-content\/uploads\/sites\/2\/2022\/08\/Logo-Pensionistenklubs-scaled-1.jpeg\",\"width\":2560,\"height\":610,\"caption\":\"PensionistInnenklubs f\u00fcr die Stadt Wien\"},\"image\":{\"@id\":\"https:\/\/kwp.at\/pensionistenklubs\/#\/schema\/logo\/image\/\"}}]}<\/script>\n<!-- \/ Yoast SEO plugin. -->","yoast_head_json":{"title":"Sommerurlaub mit den Pensionist*innenklubs","description":"Die PensionistInnenklubs bieten mit der Aktion \"Urlaub in der Sommerfrische\" Sommerurlaube speziell f\u00fcr Wiener Seniorinnen und Senioren.","robots":{"index":"index","follow":"follow","max-snippet":"max-snippet:-1","max-image-preview":"max-image-preview:large","max-video-preview":"max-video-preview:-1"},"canonical":"https:\/\/kwp.at\/pensionistenklubs\/programm\/sommerurlaub\/","og_locale":"de_DE","og_type":"article","og_title":"Urlaub in der Sommerfrische","og_description":"Die PensionistInnenklubs bieten mit der Aktion \"Urlaub in der Sommerfrische\" Sommerurlaube speziell f\u00fcr Wiener Seniorinnen und Senioren.","og_url":"https:\/\/kwp.at\/pensionistenklubs\/programm\/sommerurlaub\/","og_site_name":"Pensionist*innenklubs","article_modified_time":"2025-07-04T11:32:32+00:00","og_image":[{"width":1143,"height":391,"url":"https:\/\/kwp.at\/pensionistenklubs\/wp-content\/uploads\/sites\/2\/2020\/10\/Urlaub.jpg","type":"image\/jpeg"}],"twitter_card":"summary_large_image","twitter_misc":{"Gesch\u00e4tzte Lesezeit":"1\u00a0Minute"},"schema":{"@context":"https:\/\/schema.org","@graph":[{"@type":"WebPage","@id":"https:\/\/kwp.at\/pensionistenklubs\/programm\/sommerurlaub\/","url":"https:\/\/kwp.at\/pensionistenklubs\/programm\/sommerurlaub\/","name":"Sommerurlaub mit den Pensionist*innenklubs","isPartOf":{"@id":"https:\/\/kwp.at\/pensionistenklubs\/#website"},"primaryImageOfPage":{"@id":"https:\/\/kwp.at\/pensionistenklubs\/programm\/sommerurlaub\/#primaryimage"},"image":{"@id":"https:\/\/kwp.at\/pensionistenklubs\/programm\/sommerurlaub\/#primaryimage"},"thumbnailUrl":"https:\/\/kwp.at\/pensionistenklubs\/wp-content\/uploads\/sites\/2\/2023\/03\/Sommerfrische_Header.jpg","datePublished":"2020-03-17T15:21:31+00:00","dateModified":"2025-07-04T11:32:32+00:00","description":"Die PensionistInnenklubs bieten mit der Aktion \"Urlaub in der Sommerfrische\" Sommerurlaube speziell f\u00fcr Wiener Seniorinnen und Senioren.","breadcrumb":{"@id":"https:\/\/kwp.at\/pensionistenklubs\/programm\/sommerurlaub\/#breadcrumb"},"inLanguage":"de","potentialAction":[{"@type":"ReadAction","target":["https:\/\/kwp.at\/pensionistenklubs\/programm\/sommerurlaub\/"]}]},{"@type":"ImageObject","inLanguage":"de","@id":"https:\/\/kwp.at\/pensionistenklubs\/programm\/sommerurlaub\/#primaryimage","url":"https:\/\/kwp.at\/pensionistenklubs\/wp-content\/uploads\/sites\/2\/2023\/03\/Sommerfrische_Header.jpg","contentUrl":"https:\/\/kwp.at\/pensionistenklubs\/wp-content\/uploads\/sites\/2\/2023\/03\/Sommerfrische_Header.jpg","width":1220,"height":500,"caption":"Eine Dame mit Hut und eine Dame mit Turban l\u00e4cheln in die Kamera"},{"@type":"BreadcrumbList","@id":"https:\/\/kwp.at\/pensionistenklubs\/programm\/sommerurlaub\/#breadcrumb","itemListElement":[{"@type":"ListItem","position":1,"name":"Angebote","item":"https:\/\/kwp.at\/pensionistenklubs\/programm\/"},{"@type":"ListItem","position":2,"name":"Sommerurlaub"}]},{"@type":"WebSite","@id":"https:\/\/kwp.at\/pensionistenklubs\/#website","url":"https:\/\/kwp.at\/pensionistenklubs\/","name":"Pensionist*innenklubs","description":"F\u00fcr die Stadt Wien","publisher":{"@id":"https:\/\/kwp.at\/pensionistenklubs\/#organization"},"potentialAction":[{"@type":"SearchAction","target":{"@type":"EntryPoint","urlTemplate":"https:\/\/kwp.at\/pensionistenklubs\/?s={search_term_string}"},"query-input":{"@type":"PropertyValueSpecification","valueRequired":true,"valueName":"search_term_string"}}],"inLanguage":"de"},{"@type":"Organization","@id":"https:\/\/kwp.at\/pensionistenklubs\/#organization","name":"PensionistInnenklubs f\u00fcr die Stadt Wien","url":"https:\/\/kwp.at\/pensionistenklubs\/","logo":{"@type":"ImageObject","inLanguage":"de","@id":"https:\/\/kwp.at\/pensionistenklubs\/#\/schema\/logo\/image\/","url":"https:\/\/kwp.at\/pensionistenklubs\/wp-content\/uploads\/sites\/2\/2022\/08\/Logo-Pensionistenklubs-scaled-1.jpeg","contentUrl":"https:\/\/kwp.at\/pensionistenklubs\/wp-content\/uploads\/sites\/2\/2022\/08\/Logo-Pensionistenklubs-scaled-1.jpeg","width":2560,"height":610,"caption":"PensionistInnenklubs f\u00fcr die Stadt Wien"},"image":{"@id":"https:\/\/kwp.at\/pensionistenklubs\/#\/schema\/logo\/image\/"}}]}},"_links":{"self":[{"href":"https:\/\/kwp.at\/pensionistenklubs\/wp-json\/wp\/v2\/pages\/278","targetHints":{"allow":["GET"]}}],"collection":[{"href":"https:\/\/kwp.at\/pensionistenklubs\/wp-json\/wp\/v2\/pages"}],"about":[{"href":"https:\/\/kwp.at\/pensionistenklubs\/wp-json\/wp\/v2\/types\/page"}],"author":[{"embeddable":true,"href":"https:\/\/kwp.at\/pensionistenklubs\/wp-json\/wp\/v2\/users\/1"}],"replies":[{"embeddable":true,"href":"https:\/\/kwp.at\/pensionistenklubs\/wp-json\/wp\/v2\/comments?post=278"}],"version-history":[{"count":26,"href":"https:\/\/kwp.at\/pensionistenklubs\/wp-json\/wp\/v2\/pages\/278\/revisions"}],"predecessor-version":[{"id":19346,"href":"https:\/\/kwp.at\/pensionistenklubs\/wp-json\/wp\/v2\/pages\/278\/revisions\/19346"}],"up":[{"embeddable":true,"href":"https:\/\/kwp.at\/pensionistenklubs\/wp-json\/wp\/v2\/pages\/29"}],"wp:featuredmedia":[{"embeddable":true,"href":"https:\/\/kwp.at\/pensionistenklubs\/wp-json\/wp\/v2\/media\/12076"}],"wp:attachment":[{"href":"https:\/\/kwp.at\/pensionistenklubs\/wp-json\/wp\/v2\/media?parent=278"}],"curies":[{"name":"wp","href":"https:\/\/api.w.org\/{rel}","templated":true}]}}