{"id":15504,"date":"2024-04-22T12:09:03","date_gmt":"2024-04-22T10:09:03","guid":{"rendered":"https:\/\/kwp.at\/pensionistenklubs\/?page_id=15504"},"modified":"2024-12-13T10:14:47","modified_gmt":"2024-12-13T09:14:47","slug":"nordic-walking-day-2024","status":"publish","type":"page","link":"https:\/\/kwp.at\/pensionistenklubs\/nordic-walking-day-2024\/","title":{"rendered":"Nordic Walking Day 2024"},"content":{"rendered":"\n<p><strong>Am 1. Oktober findet auf der Prater Hauptallee heuer bereits zum sechsten Mal der gro\u00dfe Nordic Walking Day der Klubs statt. Jetzt anmelden und dabei sein! <\/strong><\/p>\n\n\n\n<div style=\"background-color: #ef4c22\" class=\"wp-block-kwp-blocks-infobox\"><h3>Achtung: Die Anmeldefrist wurde bis zum 24. September 2024 verl\u00e4ngert! <\/h3><p>\n<p><\/p>\n<\/p><\/div>\n\n\n\n<p>Unsere Sportschuhe sind geschn\u00fcrt und die St\u00f6cke stehen schon bereit! Denn am 1. Oktober 2024 f\u00e4llt bereits zum sechsten Mal der Startschuss zum gro\u00dfen Nordic Walking Day der Klubs.<\/p>\n\n\n\n<p>Dann verwandelt sich die Prater Hauptallee zur Laufstrecke f\u00fcr das gr\u00f6\u00dfte Senior*innen-Sportevent Europas und die Klubs widmen dem finnischen Ausdauersport wieder einen ganzen Tag voll Bewegung, Geselligkeit und Lebensfreude. Unsere Besucher*innen erwartet ein fulminantes&nbsp;Sportfest mit buntem Rahmenprogramm, Musik, Verpflegung und dem gro\u00dfen&nbsp;Nordic Walking Wettlauf.<\/p>\n\n\n\n<h2 class=\"wp-block-heading\">Sportlich in den &#8222;Monat der Senior*innen&#8220;<\/h2>\n\n\n\n<p>Der Monat Oktober steht j\u00e4hrlich ganz im Zeichen der Pension\u00e4re Wiens, denn mit dem <a href=\"https:\/\/www.seniorinnen.wien\/p\/monat-der-seniorinnen\">Monat der Senior*innen<\/a> finden den ganzen Oktober \u00fcber Wien weit tolle Angebote und Aktivit\u00e4ten f\u00fcr Senior*innen statt. <\/p>\n\n\n\n<p><strong>Mit dem Datum des 1. Oktober 2024 ist der Nordic Walking Day der Klubs in diesem Jahr die offizielle Auftaktveranstaltung des Monat der Senior*innen. <\/strong><\/p>\n\n\n\n<p>Zu diesem feierlichen Anlass werden heuer besonders viele Ehreng\u00e4ste und Kooperationspartner*innen, wie der <a href=\"https:\/\/pvoe.at\/\">Pensionistenverband \u00d6sterreichs (PV\u00d6)<\/a>, die <a href=\"https:\/\/www.vhs.at\/de\">Wiener Volkshochschulen (VHS)<\/a> oder die <a href=\"https:\/\/www.askoe.at\/de\">Arbeitsgemeinschaft f\u00fcr Sport und K\u00f6rperkultur in \u00d6sterreich (ASK\u00d6)<\/a> erwartet. Weiters d\u00fcrfen wir in diesem Jahr erstmals auch Teilnehmer*innen aus den umliegenden Bundesl\u00e4ndern zum gemeinsamen Walken begr\u00fc\u00dfen. Gemeinsam freuen wir uns auf ein Senior*innen-Sportevent der Superlative! <\/p>\n\n\n\n<h2 class=\"wp-block-heading\">You never walk alone! <\/h2>\n\n\n\n<p><strong>Treffpunkt, Nummernausgabe und Startschuss zum sechsten Senior*innen Nordic Walking Day ist auf der Prater Hauptallee, H\u00f6he Kaiserwiese. <\/strong><\/p>\n\n\n\n<p>Dann haben unsere Teilnehmer*innen wieder die M\u00f6glichkeit ihr sportliches K\u00f6nnen, ihre k\u00f6rperliche Fitness und ihren Sportsgeist unter Beweis zu stellen. Gestartet wird dieses Jahr aufgrund der hohen Teilnehmer*innenzahl in vier Startbl\u00f6cken, getrennt nach Geschlechtern sowie in den Alterskategorien 60plus, 70plus, 80plus &#8211; und heuer erstmals auch 90plus.<\/p>\n\n\n\n<p>Dabei k\u00f6nnen unsere Sportler*innen unterschiedliche Streckendistanzen von 2,5km oder 5km zur\u00fccklegen. <\/p>\n\n\n\n<p>Wichtig zu betonen ist, dass der gemeinsame Lauf offen f\u00fcr alle Senior*innen und unabh\u00e4ngig von ihrer Mobilit\u00e4t ist. Unterst\u00fctzung f\u00fcr immobile Teilnehmer*innen ist daher ausdr\u00fccklich erlaubt und erw\u00fcnscht. So wollen wir allen Personen die M\u00f6glichkeit zur Teilnahme schenken! <\/p>\n\n\n\n<p>Um 13:00 Uhr findet schlie\u00dflich die gro\u00dfe Siegerehrung und Medaillenvergabe im OBI-Zelt der <a href=\"https:\/\/kaiserwiesn.at\/\">Wiener Kaiser Wiesn<\/a> statt, bei der in den jeweiligen Kategorien die schnellsten Walker*innen, sowie die \u00e4ltesten Teilnehmer*innen feierlich geehrt werden.<\/p>\n\n\n\n<div style=\"background-color: #f9b233\" class=\"wp-block-kwp-blocks-infobox\"><h3>Programm<\/h3><p>\n<ul class=\"wp-block-list\">\n<li>08:00-09:00 Uhr Startnummernausgabe im OBI-Zelt auf der Wiener Kaiser Wiesn<\/li>\n<\/ul>\n\n\n\n<ul class=\"wp-block-list\">\n<li>10:00 Uhr 1. Startblock, Prater Hauptallee, H\u00f6he Planetarium<\/li>\n<\/ul>\n\n\n\n<ul class=\"wp-block-list\">\n<li>10:45 Uhr 2. Startblock, Prater Hauptallee, H\u00f6he Planetarium<\/li>\n<\/ul>\n\n\n\n<ul class=\"wp-block-list\">\n<li>11:30 Uhr 3. Startblock, Prater Hauptallee, H\u00f6he Planetarium<\/li>\n<\/ul>\n\n\n\n<ul class=\"wp-block-list\">\n<li>12:15 Uhr 4. Startblock, Prater Hauptallee, H\u00f6he Planetarium<\/li>\n<\/ul>\n\n\n\n<ul class=\"wp-block-list\">\n<li>12:00 Uhr Beginn des Rahmenprogramms auf der gro\u00dfen B\u00fchne im OBI-Zelt mit Musik und Unterhaltung<\/li>\n<\/ul>\n\n\n\n<ul class=\"wp-block-list\">\n<li>13:00 Uhr Siegerehrung und Ausklang im OBI-Zelt<\/li>\n<\/ul>\n<\/p><\/div>\n\n\n\n<div style=\"background-color: #80c677\" class=\"wp-block-kwp-blocks-infobox\"><h3>Jetzt anmelden und dabei sein!<\/h3><p>\n<p>Sichern Sie sich bereits jetzt Ihren fixen Startplatz beim Senior*innen Nordic Walking Day 2024 und Ihren pers\u00f6nlichen Goodiebag!<\/p>\n\n\n\n<p>Ihre Anmeldung ist ab dem 10. Mai 2024 in jedem <a href=\"https:\/\/kwp.at\/pensionistenklubs\/clubs\/\">Klub<\/a> und in allen <a href=\"https:\/\/kwp.at\/\">H\u00e4usern zum Leben<\/a> m\u00f6glich. <\/p>\n\n\n\n<p>Die<strong>&nbsp;<\/strong>Teilnahmegeb\u00fchr betr\u00e4gt EUR 10,- pro Person f\u00fcr Startplatz und Goodiebag. Anmeldeschluss ist der 24. September 2024.<\/p>\n\n\n\n<p>Gestartet wird dieses Jahr aufgrund der hohen Teilnehmer*innenzahl in 4 Startbl\u00f6cken. Nach erfolgreicher Anmeldung, erhalten die Teilnehmer*innen ihre Startzeit per E-Mail.<\/p>\n\n\n\n<p>Nachnennungen nach Ablauf der offiziellen Anmeldefirst bzw. am Wettkampftag vor Ort sind m\u00f6glich, belaufen sich allerdings auf EUR 15,- pro nachzunennender Person.  <\/p>\n<\/p><\/div>\n\n\n\n<div style=\"background-color: #00a18e\" class=\"wp-block-kwp-blocks-infobox\"><h3>Wir trainieren gemeinsam! <\/h3><p>\n<p>Gemeinsam machen wir uns fit und trainieren schon jetzt f\u00fcr den gro\u00dfen Nordic Walking Wettkampf am 1. Oktober. Machen Sie mit!<\/p>\n\n\n\n<ul class=\"wp-block-list\">\n<li>Nordic Walking mit Helga | jeden Dienstag | Treffpunkt: 10:30 Uhr am Beginn der Prater Hauptallee, H\u00f6he Planetarium.<\/li>\n<\/ul>\n\n\n\n<ul class=\"wp-block-list\">\n<li>Nordic Walking mit dem Klub Kalvarienberggasse | jeden Dienstag | Treffpunkt: 13:00 Uhr im Klub<\/li>\n<\/ul>\n\n\n\n<ul class=\"wp-block-list\">\n<li>Nordic Walking mit dem Klub Wei\u00dfgerberl\u00e4nde | jeden Mittwoch | Treffpunkt: 13:30 Uhr im Klub<\/li>\n<\/ul>\n\n\n\n<ul class=\"wp-block-list\">\n<li>Nordic Walking f\u00fcr Fortgeschrittene mit dem Klub Rodaun | jeden Freitag | Treffpunkt: 14:00 Uhr im Klub Breitenfurterstra\u00dfe 452 | um telefonische Voranmeldung unter 0676 832 50 11 57 wird gebeten!<\/li>\n<\/ul>\n\n\n\n<p><\/p>\n\n\n\n<p>Weitere tolle Sportangebote der Klubs finden Sie in unserem Veranstaltungskalender:<\/p>\n\n\n\n<a target=\"_blank\" href=\"https:\/\/kwp.at\/veranstaltungen\/?filter=club&amp;club_style=1&amp;event_search=&amp;start_date=&amp;end_date=&amp;event-category%5B%5D=bewegung-fuer-koerper-geist\" rel=\"noopener noreferrer\" class=\"wp-block-kwp-blocks-button-block\">Sportangebote entdecken!<\/a>\n<\/p><\/div>\n","protected":false},"excerpt":{"rendered":"<p>Am 1. Oktober findet auf der Prater Hauptallee heuer bereits zum sechsten Mal der gro\u00dfe Nordic Walking Day der Klubs statt. Jetzt anmelden und dabei<\/p>\n","protected":false},"author":78,"featured_media":15517,"parent":0,"menu_order":1,"comment_status":"closed","ping_status":"closed","template":"","meta":{"_acf_changed":false,"footnotes":""},"class_list":["post-15504","page","type-page","status-publish","has-post-thumbnail","hentry"],"acf":[],"yoast_head":"<!-- This site is optimized with the Yoast SEO plugin v27.4 - https:\/\/yoast.com\/product\/yoast-seo-wordpress\/ -->\n<title>Nordic Walking Day 2024 - Pensionist*innenklubs<\/title>\n<meta name=\"description\" content=\"Am 1. Oktober 2024 findet auf der Prater Hauptallee der gro\u00dfe Nordic Walking Day der Klubs statt. Jetzt anmelden und dabei sein!\" \/>\n<meta name=\"robots\" content=\"index, follow, max-snippet:-1, max-image-preview:large, max-video-preview:-1\" \/>\n<link rel=\"canonical\" href=\"https:\/\/kwp.at\/pensionistenklubs\/nordic-walking-day-2024\/\" \/>\n<meta property=\"og:locale\" content=\"de_DE\" \/>\n<meta property=\"og:type\" content=\"article\" \/>\n<meta property=\"og:title\" content=\"Nordic Walking Day 2024 - Pensionist*innenklubs\" \/>\n<meta property=\"og:description\" content=\"Am 1. Oktober 2024 findet auf der Prater Hauptallee der gro\u00dfe Nordic Walking Day der Klubs statt. Jetzt anmelden und dabei sein!\" \/>\n<meta property=\"og:url\" content=\"https:\/\/kwp.at\/pensionistenklubs\/nordic-walking-day-2024\/\" \/>\n<meta property=\"og:site_name\" content=\"Pensionist*innenklubs\" \/>\n<meta property=\"article:modified_time\" content=\"2024-12-13T09:14:47+00:00\" \/>\n<meta property=\"og:image\" content=\"https:\/\/kwp.at\/pensionistenklubs\/wp-content\/uploads\/sites\/2\/2024\/04\/NWD_BEA-scaled-e1713778302882.jpg\" \/>\n\t<meta property=\"og:image:width\" content=\"2560\" \/>\n\t<meta property=\"og:image:height\" content=\"1066\" \/>\n\t<meta property=\"og:image:type\" content=\"image\/jpeg\" \/>\n<meta name=\"twitter:card\" content=\"summary_large_image\" \/>\n<meta name=\"twitter:label1\" content=\"Gesch\u00e4tzte Lesezeit\" \/>\n\t<meta name=\"twitter:data1\" content=\"4\u00a0Minuten\" \/>\n<script type=\"application\/ld+json\" class=\"yoast-schema-graph\">{\"@context\":\"https:\\\/\\\/schema.org\",\"@graph\":[{\"@type\":\"WebPage\",\"@id\":\"https:\\\/\\\/kwp.at\\\/pensionistenklubs\\\/nordic-walking-day-2024\\\/\",\"url\":\"https:\\\/\\\/kwp.at\\\/pensionistenklubs\\\/nordic-walking-day-2024\\\/\",\"name\":\"Nordic Walking Day 2024 - Pensionist*innenklubs\",\"isPartOf\":{\"@id\":\"https:\\\/\\\/kwp.at\\\/pensionistenklubs\\\/#website\"},\"primaryImageOfPage\":{\"@id\":\"https:\\\/\\\/kwp.at\\\/pensionistenklubs\\\/nordic-walking-day-2024\\\/#primaryimage\"},\"image\":{\"@id\":\"https:\\\/\\\/kwp.at\\\/pensionistenklubs\\\/nordic-walking-day-2024\\\/#primaryimage\"},\"thumbnailUrl\":\"https:\\\/\\\/kwp.at\\\/pensionistenklubs\\\/wp-content\\\/uploads\\\/sites\\\/2\\\/2024\\\/04\\\/NWD_BEA-scaled-e1713778302882.jpg\",\"datePublished\":\"2024-04-22T10:09:03+00:00\",\"dateModified\":\"2024-12-13T09:14:47+00:00\",\"description\":\"Am 1. Oktober 2024 findet auf der Prater Hauptallee der gro\u00dfe Nordic Walking Day der Klubs statt. Jetzt anmelden und dabei sein!\",\"inLanguage\":\"de\",\"potentialAction\":[{\"@type\":\"ReadAction\",\"target\":[\"https:\\\/\\\/kwp.at\\\/pensionistenklubs\\\/nordic-walking-day-2024\\\/\"]}]},{\"@type\":\"ImageObject\",\"inLanguage\":\"de\",\"@id\":\"https:\\\/\\\/kwp.at\\\/pensionistenklubs\\\/nordic-walking-day-2024\\\/#primaryimage\",\"url\":\"https:\\\/\\\/kwp.at\\\/pensionistenklubs\\\/wp-content\\\/uploads\\\/sites\\\/2\\\/2024\\\/04\\\/NWD_BEA-scaled-e1713778302882.jpg\",\"contentUrl\":\"https:\\\/\\\/kwp.at\\\/pensionistenklubs\\\/wp-content\\\/uploads\\\/sites\\\/2\\\/2024\\\/04\\\/NWD_BEA-scaled-e1713778302882.jpg\",\"width\":2560,\"height\":1066},{\"@type\":\"WebSite\",\"@id\":\"https:\\\/\\\/kwp.at\\\/pensionistenklubs\\\/#website\",\"url\":\"https:\\\/\\\/kwp.at\\\/pensionistenklubs\\\/\",\"name\":\"Pensionist*innenklubs\",\"description\":\"F\u00fcr die Stadt Wien\",\"publisher\":{\"@id\":\"https:\\\/\\\/kwp.at\\\/pensionistenklubs\\\/#organization\"},\"potentialAction\":[{\"@type\":\"SearchAction\",\"target\":{\"@type\":\"EntryPoint\",\"urlTemplate\":\"https:\\\/\\\/kwp.at\\\/pensionistenklubs\\\/?s={search_term_string}\"},\"query-input\":{\"@type\":\"PropertyValueSpecification\",\"valueRequired\":true,\"valueName\":\"search_term_string\"}}],\"inLanguage\":\"de\"},{\"@type\":\"Organization\",\"@id\":\"https:\\\/\\\/kwp.at\\\/pensionistenklubs\\\/#organization\",\"name\":\"PensionistInnenklubs f\u00fcr die Stadt Wien\",\"url\":\"https:\\\/\\\/kwp.at\\\/pensionistenklubs\\\/\",\"logo\":{\"@type\":\"ImageObject\",\"inLanguage\":\"de\",\"@id\":\"https:\\\/\\\/kwp.at\\\/pensionistenklubs\\\/#\\\/schema\\\/logo\\\/image\\\/\",\"url\":\"https:\\\/\\\/kwp.at\\\/pensionistenklubs\\\/wp-content\\\/uploads\\\/sites\\\/2\\\/2022\\\/08\\\/Logo-Pensionistenklubs-scaled-1.jpeg\",\"contentUrl\":\"https:\\\/\\\/kwp.at\\\/pensionistenklubs\\\/wp-content\\\/uploads\\\/sites\\\/2\\\/2022\\\/08\\\/Logo-Pensionistenklubs-scaled-1.jpeg\",\"width\":2560,\"height\":610,\"caption\":\"PensionistInnenklubs f\u00fcr die Stadt Wien\"},\"image\":{\"@id\":\"https:\\\/\\\/kwp.at\\\/pensionistenklubs\\\/#\\\/schema\\\/logo\\\/image\\\/\"}}]}<\/script>\n<!-- \/ Yoast SEO plugin. -->","yoast_head_json":{"title":"Nordic Walking Day 2024 - Pensionist*innenklubs","description":"Am 1. Oktober 2024 findet auf der Prater Hauptallee der gro\u00dfe Nordic Walking Day der Klubs statt. Jetzt anmelden und dabei sein!","robots":{"index":"index","follow":"follow","max-snippet":"max-snippet:-1","max-image-preview":"max-image-preview:large","max-video-preview":"max-video-preview:-1"},"canonical":"https:\/\/kwp.at\/pensionistenklubs\/nordic-walking-day-2024\/","og_locale":"de_DE","og_type":"article","og_title":"Nordic Walking Day 2024 - Pensionist*innenklubs","og_description":"Am 1. Oktober 2024 findet auf der Prater Hauptallee der gro\u00dfe Nordic Walking Day der Klubs statt. Jetzt anmelden und dabei sein!","og_url":"https:\/\/kwp.at\/pensionistenklubs\/nordic-walking-day-2024\/","og_site_name":"Pensionist*innenklubs","article_modified_time":"2024-12-13T09:14:47+00:00","og_image":[{"width":2560,"height":1066,"url":"https:\/\/kwp.at\/pensionistenklubs\/wp-content\/uploads\/sites\/2\/2024\/04\/NWD_BEA-scaled-e1713778302882.jpg","type":"image\/jpeg"}],"twitter_card":"summary_large_image","twitter_misc":{"Gesch\u00e4tzte Lesezeit":"4\u00a0Minuten"},"schema":{"@context":"https:\/\/schema.org","@graph":[{"@type":"WebPage","@id":"https:\/\/kwp.at\/pensionistenklubs\/nordic-walking-day-2024\/","url":"https:\/\/kwp.at\/pensionistenklubs\/nordic-walking-day-2024\/","name":"Nordic Walking Day 2024 - Pensionist*innenklubs","isPartOf":{"@id":"https:\/\/kwp.at\/pensionistenklubs\/#website"},"primaryImageOfPage":{"@id":"https:\/\/kwp.at\/pensionistenklubs\/nordic-walking-day-2024\/#primaryimage"},"image":{"@id":"https:\/\/kwp.at\/pensionistenklubs\/nordic-walking-day-2024\/#primaryimage"},"thumbnailUrl":"https:\/\/kwp.at\/pensionistenklubs\/wp-content\/uploads\/sites\/2\/2024\/04\/NWD_BEA-scaled-e1713778302882.jpg","datePublished":"2024-04-22T10:09:03+00:00","dateModified":"2024-12-13T09:14:47+00:00","description":"Am 1. Oktober 2024 findet auf der Prater Hauptallee der gro\u00dfe Nordic Walking Day der Klubs statt. Jetzt anmelden und dabei sein!","inLanguage":"de","potentialAction":[{"@type":"ReadAction","target":["https:\/\/kwp.at\/pensionistenklubs\/nordic-walking-day-2024\/"]}]},{"@type":"ImageObject","inLanguage":"de","@id":"https:\/\/kwp.at\/pensionistenklubs\/nordic-walking-day-2024\/#primaryimage","url":"https:\/\/kwp.at\/pensionistenklubs\/wp-content\/uploads\/sites\/2\/2024\/04\/NWD_BEA-scaled-e1713778302882.jpg","contentUrl":"https:\/\/kwp.at\/pensionistenklubs\/wp-content\/uploads\/sites\/2\/2024\/04\/NWD_BEA-scaled-e1713778302882.jpg","width":2560,"height":1066},{"@type":"WebSite","@id":"https:\/\/kwp.at\/pensionistenklubs\/#website","url":"https:\/\/kwp.at\/pensionistenklubs\/","name":"Pensionist*innenklubs","description":"F\u00fcr die Stadt Wien","publisher":{"@id":"https:\/\/kwp.at\/pensionistenklubs\/#organization"},"potentialAction":[{"@type":"SearchAction","target":{"@type":"EntryPoint","urlTemplate":"https:\/\/kwp.at\/pensionistenklubs\/?s={search_term_string}"},"query-input":{"@type":"PropertyValueSpecification","valueRequired":true,"valueName":"search_term_string"}}],"inLanguage":"de"},{"@type":"Organization","@id":"https:\/\/kwp.at\/pensionistenklubs\/#organization","name":"PensionistInnenklubs f\u00fcr die Stadt Wien","url":"https:\/\/kwp.at\/pensionistenklubs\/","logo":{"@type":"ImageObject","inLanguage":"de","@id":"https:\/\/kwp.at\/pensionistenklubs\/#\/schema\/logo\/image\/","url":"https:\/\/kwp.at\/pensionistenklubs\/wp-content\/uploads\/sites\/2\/2022\/08\/Logo-Pensionistenklubs-scaled-1.jpeg","contentUrl":"https:\/\/kwp.at\/pensionistenklubs\/wp-content\/uploads\/sites\/2\/2022\/08\/Logo-Pensionistenklubs-scaled-1.jpeg","width":2560,"height":610,"caption":"PensionistInnenklubs f\u00fcr die Stadt Wien"},"image":{"@id":"https:\/\/kwp.at\/pensionistenklubs\/#\/schema\/logo\/image\/"}}]}},"_links":{"self":[{"href":"https:\/\/kwp.at\/pensionistenklubs\/wp-json\/wp\/v2\/pages\/15504","targetHints":{"allow":["GET"]}}],"collection":[{"href":"https:\/\/kwp.at\/pensionistenklubs\/wp-json\/wp\/v2\/pages"}],"about":[{"href":"https:\/\/kwp.at\/pensionistenklubs\/wp-json\/wp\/v2\/types\/page"}],"author":[{"embeddable":true,"href":"https:\/\/kwp.at\/pensionistenklubs\/wp-json\/wp\/v2\/users\/78"}],"replies":[{"embeddable":true,"href":"https:\/\/kwp.at\/pensionistenklubs\/wp-json\/wp\/v2\/comments?post=15504"}],"version-history":[{"count":38,"href":"https:\/\/kwp.at\/pensionistenklubs\/wp-json\/wp\/v2\/pages\/15504\/revisions"}],"predecessor-version":[{"id":16673,"href":"https:\/\/kwp.at\/pensionistenklubs\/wp-json\/wp\/v2\/pages\/15504\/revisions\/16673"}],"wp:featuredmedia":[{"embeddable":true,"href":"https:\/\/kwp.at\/pensionistenklubs\/wp-json\/wp\/v2\/media\/15517"}],"wp:attachment":[{"href":"https:\/\/kwp.at\/pensionistenklubs\/wp-json\/wp\/v2\/media?parent=15504"}],"curies":[{"name":"wp","href":"https:\/\/api.w.org\/{rel}","templated":true}]}}