{"id":14482,"date":"2024-02-20T12:54:44","date_gmt":"2024-02-20T11:54:44","guid":{"rendered":"https:\/\/kwp.at\/pensionistenklubs\/?page_id=14482"},"modified":"2025-07-04T13:38:32","modified_gmt":"2025-07-04T11:38:32","slug":"gemeinsam-kommt-man-weiter","status":"publish","type":"page","link":"https:\/\/kwp.at\/pensionistenklubs\/dabei-sein\/gemeinsam-kommt-man-weiter\/","title":{"rendered":"Gemeinsam kommt man weiter!"},"content":{"rendered":"\n<p><strong>&#8230;Das wissen auch die Pensionist*innenklubs und arbeiten mit unterschiedlichen Partner*innen und Institutionen in Wien eng zusammen. <\/strong><\/p>\n\n\n\n<p><strong>Gemeinsames Ziel ist, ein m\u00f6glichst breites und umfangreiches Angebot f\u00fcr die Seniorinnen und Senioren Wiens zu schaffen.<\/strong><\/p>\n\n\n\n<h2 class=\"wp-block-heading\">Erfolgskurse f\u00fcr Junggebliebene <\/h2>\n\n\n\n<p>Die <a href=\"https:\/\/www.vhs.at\/de\">Wiener Volkshochschulen (VHS Wien)<\/a> und die Pensionist*innenklubs machen neuerdings gemeinsame Sache, wenn es um Weiter- und Fortbildungsm\u00f6glichkeiten f\u00fcr Senior*innen geht. <\/p>\n\n\n\n<p>Klubmitglieder und Bewohner*innen unserer <a href=\"https:\/\/kwp.at\/\">H\u00e4user zum Leben<\/a> k\u00f6nnen aus einer Vielzahl an Kursm\u00f6glichkeiten der VHS w\u00e4hlen und sparen dabei 20% auf die Kursgeb\u00fchren. <\/p>\n\n\n\n<p>Ab einer Gruppengr\u00f6\u00dfe von mindestens acht Personen k\u00f6nnen VHS-Kurse zu umfangreichen Themen gebucht werden. Die Trainer*innen der Wiener Volkshochschulen kommen bei Zustandekommen eines Kurses direkt zu Ihnen in den Klub. <\/p>\n\n\n\n<p>Klicken Sie sich jetzt durch den VHS-Kurskatalog, melden Sie ihr Interesse bei Ihrer Klubbetreuer*in und sparen Sie bares Geld auf die Kursgeb\u00fchr. <\/p>\n\n\n\n<a target=\"_blank\" href=\"https:\/\/www.vhs.at\/de\/kurse\" rel=\"noopener noreferrer\" class=\"wp-block-kwp-blocks-button-block\">Zu den VHS-Kursen!<\/a>\n\n\n\n<p><\/p>\n\n\n\n<h2 class=\"wp-block-heading\">F\u00fcr Ratef\u00fcchse und Schlaumeier<\/h2>\n\n\n\n<p>Ein weiteres Angebot in Kooperation mit den Wiener Volkshochschulen, sind die regelm\u00e4\u00dfig stattfindenden Quiz-Veranstaltungen f\u00fcr Senior*innen. Das VHS Senior*innen Quiz findet an unterschiedlichen Standorten der Klubs und&nbsp;<a href=\"https:\/\/kwp.at\/\">H\u00e4user zum Leben<\/a> statt. <\/p>\n\n\n\n<p>Hier beweisen Teams zu jeweils vier Personen ihr Wissen und stellen sich in spannenden Raterunden dem Quiz-Duell. Wer die meisten Fragen richtig beantwortet, sammelt Punkte und bekommt die M\u00f6glichkeit beim Quiz-Finale auf gro\u00dfer B\u00fchne teilzunehmen.&nbsp;<\/p>\n\n\n\n<a target=\"_blank\" href=\"https:\/\/kwp.at\/pensionistenklubs\/vhs-seniorinnenquiz-2023-24\/\" rel=\"noopener noreferrer\" class=\"wp-block-kwp-blocks-button-block\">Jetzt zum VHS Senior*innen Quiz anmelden und mitraten!<\/a>\n\n\n\n<p><\/p>\n\n\n\n<h2 class=\"wp-block-heading\">Wiener Stadtgeschichte neu entdeckt<\/h2>\n\n\n\n<p>Nach mehrj\u00e4hrigen Umbauarbeiten erstrahlt das <a href=\"https:\/\/www.wien.info\/de\/kunst-kultur\/museen-ausstellungen\/wien-museum-karlsplatz-349580\">Wien Museum<\/a> am Karlsplatz nun in neuem Glanz. Das rundum erneuerte Geb\u00e4ude l\u00e4dt Besucher*innen dazu ein, die Stadtgeschichte Wiens anhand hochkar\u00e4tiger Kunstwerke und Exponate neu zu entdecken.<\/p>\n\n\n\n<p>Mit den drei Formaten &#8222;Wien Museum entschleunigt&#8220;, &#8222;Wien Museum kreativ&#8220; und &#8222;Wien Museum Gespr\u00e4chskreis&#8220; erm\u00f6glicht das Museum am Karlsplatz Mitgliedern der Pensionist*innenklubs einen unvergesslichen Museumsbesuch.<\/p>\n\n\n\n<a target=\"_blank\" href=\"https:\/\/kwp.at\/pensionistenklubs\/mit-den-klubs-ins-museum\/\" rel=\"noopener noreferrer\" class=\"wp-block-kwp-blocks-button-block\">Begleiten Sie uns ins Wien Museum!<\/a>\n\n\n\n<p><\/p>\n\n\n\n<h2 class=\"wp-block-heading\">Angebote f\u00fcr alle Generationen<\/h2>\n\n\n\n<p>Auch die <a href=\"https:\/\/kinderfreunde.at\/?fwhid=25\">Kinderfreunde Wien<\/a> geh\u00f6ren zu den engen Kooperationspartner*innen der Klubs. So finden im <a href=\"https:\/\/kwp.at\/pensionistenklubs\/clubs\/hofferplatz-3\/\"><em>Klub<\/em>+ Viel Platz f\u00fcr Generationen<\/a> am Hofferplatz zahlreiche Angebote und Aktivit\u00e4ten f\u00fcr Kinder und Senior*innen statt. Hier lernen Gro\u00df und Klein voneinander und miteinander.<\/p>\n\n\n\n<p>Mehr zum <em>Klub+<\/em> am Hofferplatz und zu dessen <a href=\"https:\/\/kwp.at\/veranstaltungen\/?filter=club&amp;club_style=1&amp;event_search=&amp;start_date=&amp;end_date=&amp;club%5B%5D=1659\">Angeboten<\/a> lesen Sie hier:<\/p>\n\n\n\n<a target=\"_blank\" href=\"https:\/\/kwp.at\/pensionistenklubs\/klubs\/unsere-klubs\/klub\/\" rel=\"noopener noreferrer\" class=\"wp-block-kwp-blocks-button-block\">Zu den Klub+<\/a>\n\n\n\n<p><\/p>\n\n\n\n<h2 class=\"wp-block-heading\">Besser gemeinsam &#8211; Integration im Klub<\/h2>\n\n\n\n<p>Im <a href=\"https:\/\/kwp.at\/pensionistenklubs\/clubs\/kaethe-dorsch-gasse-17-1\/\"><em>Klub+<\/em> All in Penzing<\/a> steht das Miteinander im Mittelpunkt. Das brandneue Klublokal in der K\u00e4the-Dorsch-Gasse bietet einen Ort zum Austausch und gem\u00fctlichen Zusammensein f\u00fcr alle.<\/p>\n\n\n\n<p>So sind die nahe gelegenen Institutionen, wie der Verein <a href=\"https:\/\/www.balance.at\/\">Balance &#8211; Leben ohne Barrieren<\/a>, die Familienberatungsstelle der <a href=\"https:\/\/kinderfreunde.at\/?fwhid=25\">Kinderfreunde<\/a>, sowie der Verein <a href=\"https:\/\/www.sos-kinderdorf.at\/\">SOS Kinderdorf<\/a> gerne und h\u00e4ufig gesehene G\u00e4ste bei uns im Klub. Gemeinsame Aktivit\u00e4ten bereichern hier das Leben und Arbeiten aller Beteiligten.  <\/p>\n\n\n\n<p>Mehr zum <em>Klub+<\/em> All in Penzing und zu dessen <a href=\"https:\/\/kwp.at\/veranstaltungen\/?filter=club&amp;club_style=1&amp;event_search=&amp;start_date=&amp;end_date=&amp;club%5B%5D=11717\">Angeboten<\/a> lesen Sie hier:<\/p>\n\n\n\n<a target=\"_blank\" href=\"https:\/\/kwp.at\/pensionistenklubs\/klubs\/unsere-klubs\/klub-all-in-penzing\/\" rel=\"noopener noreferrer\" class=\"wp-block-kwp-blocks-button-block\">Zum Klub+ All in Penzing<\/a>\n\n\n\n<p><\/p>\n\n\n\n<h2 class=\"wp-block-heading\">Muttersprache Geb\u00e4rdensprache<\/h2>\n\n\n\n<p>F\u00fcr all unsere Pensionist*innenklubs gilt, dass wir sie als Orte der Begegnung und der gegenseitigen Hilfe sehen. In Kooperation mit dem Geh\u00f6rlosenverband <a href=\"https:\/\/www.witaf.at\/\">WITAF<\/a> finden geh\u00f6rlose und h\u00f6rbeeintr\u00e4chtige Senior*innen im <a href=\"https:\/\/kwp.at\/pensionistenklubs\/klubs\/unsere-klubs\/witaf-klub\/\"><em>Klub<\/em>+ WITAF-Geh\u00f6rlosenklub<\/a> eine Anlaufstelle und &#8222;zweites Wohnzimmer&#8220;.<\/p>\n\n\n\n<p>Neben netter Gesellschaft bietet der Klubstandort ein unterhaltsames und vielf\u00e4ltiges Freizeitprogramm, bei dem sowohl h\u00f6rbeeintr\u00e4chtigte, als auch h\u00f6rende G\u00e4ste immer gerne gesehen sind! <\/p>\n\n\n\n<p>Mehr zum WITAF-Geh\u00f6rlosenklub und dessen <a href=\"https:\/\/kwp.at\/veranstaltungen\/?filter=club&amp;club_style=1&amp;event_search=&amp;start_date=&amp;end_date=&amp;club%5B%5D=431\">Angeboten<\/a> lesen Sie hier: <\/p>\n\n\n\n<a target=\"_blank\" href=\"https:\/\/kwp.at\/pensionistenklubs\/klubs\/unsere-klubs\/witaf-klub\/\" rel=\"noopener noreferrer\" class=\"wp-block-kwp-blocks-button-block\">Zum Klub+ WITAF-Geh\u00f6rlosenklub<\/a>\n\n\n\n<p><\/p>\n\n\n\n<p><\/p>\n\n\n\n<h2 class=\"wp-block-heading\">Klub mit Weitblick<\/h2>\n\n\n\n<p>Im <a href=\"https:\/\/kwp.at\/pensionistenklubs\/klubs\/unsere-klubs\/weitblick\/\"><em>Klub<\/em>+ Weitblick<\/a> ist der Blick auf die Welt ein etwas anderer, denn hier findet im Sinne eines inklusiven Miteinanders und in Kooperation mit der&nbsp;<a href=\"https:\/\/www.hilfsgemeinschaft.at\/\" target=\"_blank\" rel=\"noreferrer noopener\">Hilfsgemeinschaft der Blinden und Sehschwachen \u00d6sterreichs<\/a>&nbsp;ein Kluballtag mit Fokus auf blinde und sehbeeintr\u00e4chtigte Senior*innen statt.<\/p>\n\n\n\n<p>Hier k\u00f6nnen sowohl Sehbeeintr\u00e4chtigte, als auch Menschen ohne Sehbeeintr\u00e4chtigung gemeinsam ihre Freizeit verbringen. Zahlreiche Klubaktivit\u00e4ten und lustvolle Angebote sorgen f\u00fcr Unterhaltung und Zusammenhalt. <\/p>\n\n\n\n<p>Mehr zum <em>Klub<\/em>+ Weitblick und dessen <a href=\"https:\/\/kwp.at\/veranstaltungen\/?filter=club&amp;club_style=1&amp;event_search=&amp;start_date=&amp;end_date=&amp;club%5B%5D=4052\">Angeboten<\/a> lesen Sie hier:<\/p>\n\n\n\n<a target=\"_blank\" href=\"https:\/\/kwp.at\/pensionistenklubs\/klubs\/unsere-klubs\/weitblick\/\" rel=\"noopener noreferrer\" class=\"wp-block-kwp-blocks-button-block\">Zum Klub+ Weitblick<\/a>\n\n\n\n<p><\/p>\n\n\n\n<div style=\"background-color: #D129A1\" class=\"wp-block-kwp-blocks-infobox\"><h3>Gemeinsam f\u00fcr ein aktives und erf\u00fclltes Leben im Alter!<\/h3><p>\n<p>Die Pensionist*innenklubs f\u00fcr die Stadt Wien setzen sich f\u00fcr ein lebendiges und vielf\u00e4ltiges Gemeinschaftsleben der Seniorinnen und Senioren Wiens ein. Ein zentraler Bestandteil unserer Arbeit ist die Kooperation mit Partner*innen. Gemeinsam k\u00f6nnen wir ein breites Spektrum an Aktivit\u00e4ten und Unterst\u00fctzungsm\u00f6glichkeiten anbieten, die das Leben im Alter bereichern.<\/p>\n\n\n\n<p>Wir laden alle interessierten Organisationen und Partner*innen herzlich ein, mit uns Kontakt aufzunehmen! Lassen Sie uns gemeinsam Projekte und Initiativen entwickeln, um das soziale Netz in unserer Stadt weiter zu st\u00e4rken und unseren Seniorinnen*innen vielf\u00e4ltige M\u00f6glichkeiten zug\u00e4nglich zu machen.<\/p>\n\n\n\n<p>Kontaktieren Sie uns gerne unter <a href=\"mailto:pk@kwp.at\">pk@kwp.at<\/a> oder via Klubhotline unter der Nummer <a href=\"tel:+43 1 313 99 170 112 (Mo-FR, 08:00-16:00 Uhr)\">+43 1 313 99 170 112 (Mo-FR, 08:00-16:00 Uhr)<\/a> und werden Sie Teil eines starken Netzwerks!<\/p>\n<\/p><\/div>\n","protected":false},"excerpt":{"rendered":"<p>&#8230;Das wissen auch die Pensionist*innenklubs und arbeiten mit unterschiedlichen Partner*innen und Institutionen in Wien eng zusammen. Gemeinsames Ziel ist, ein m\u00f6glichst breites und umfangreiches Angebot<\/p>\n","protected":false},"author":10,"featured_media":14485,"parent":3224,"menu_order":6,"comment_status":"closed","ping_status":"closed","template":"","meta":{"_acf_changed":false,"footnotes":""},"class_list":["post-14482","page","type-page","status-publish","has-post-thumbnail","hentry"],"acf":[],"yoast_head":"<!-- This site is optimized with the Yoast SEO plugin v27.4 - https:\/\/yoast.com\/product\/yoast-seo-wordpress\/ -->\n<title>Gemeinsam kommt man weiter! - Pensionist*innenklubs<\/title>\n<meta name=\"description\" content=\"Gemeinsam kommt man weiter! Das wissen auch die Pensionist*innenklubs und arbeiten mit unterschiedliche Partner*innen in Wien eng zusammen.\" \/>\n<meta name=\"robots\" content=\"index, follow, max-snippet:-1, max-image-preview:large, max-video-preview:-1\" \/>\n<link rel=\"canonical\" href=\"https:\/\/kwp.at\/pensionistenklubs\/dabei-sein\/gemeinsam-kommt-man-weiter\/\" \/>\n<meta property=\"og:locale\" content=\"de_DE\" \/>\n<meta property=\"og:type\" content=\"article\" \/>\n<meta property=\"og:title\" content=\"Gemeinsam kommt man weiter! - Pensionist*innenklubs\" \/>\n<meta property=\"og:description\" content=\"Gemeinsam kommt man weiter! Das wissen auch die Pensionist*innenklubs und arbeiten mit unterschiedliche Partner*innen in Wien eng zusammen.\" \/>\n<meta property=\"og:url\" content=\"https:\/\/kwp.at\/pensionistenklubs\/dabei-sein\/gemeinsam-kommt-man-weiter\/\" \/>\n<meta property=\"og:site_name\" content=\"Pensionist*innenklubs\" \/>\n<meta property=\"article:modified_time\" content=\"2025-07-04T11:38:32+00:00\" \/>\n<meta property=\"og:image\" content=\"https:\/\/kwp.at\/pensionistenklubs\/wp-content\/uploads\/sites\/2\/2023\/12\/Kooperationen-Header.jpg\" \/>\n\t<meta property=\"og:image:width\" content=\"1200\" \/>\n\t<meta property=\"og:image:height\" content=\"500\" \/>\n\t<meta property=\"og:image:type\" content=\"image\/jpeg\" \/>\n<meta name=\"twitter:card\" content=\"summary_large_image\" \/>\n<meta name=\"twitter:label1\" content=\"Gesch\u00e4tzte Lesezeit\" \/>\n\t<meta name=\"twitter:data1\" content=\"5\u00a0Minuten\" \/>\n<script type=\"application\/ld+json\" class=\"yoast-schema-graph\">{\"@context\":\"https:\\\/\\\/schema.org\",\"@graph\":[{\"@type\":\"WebPage\",\"@id\":\"https:\\\/\\\/kwp.at\\\/pensionistenklubs\\\/dabei-sein\\\/gemeinsam-kommt-man-weiter\\\/\",\"url\":\"https:\\\/\\\/kwp.at\\\/pensionistenklubs\\\/dabei-sein\\\/gemeinsam-kommt-man-weiter\\\/\",\"name\":\"Gemeinsam kommt man weiter! - Pensionist*innenklubs\",\"isPartOf\":{\"@id\":\"https:\\\/\\\/kwp.at\\\/pensionistenklubs\\\/#website\"},\"primaryImageOfPage\":{\"@id\":\"https:\\\/\\\/kwp.at\\\/pensionistenklubs\\\/dabei-sein\\\/gemeinsam-kommt-man-weiter\\\/#primaryimage\"},\"image\":{\"@id\":\"https:\\\/\\\/kwp.at\\\/pensionistenklubs\\\/dabei-sein\\\/gemeinsam-kommt-man-weiter\\\/#primaryimage\"},\"thumbnailUrl\":\"https:\\\/\\\/kwp.at\\\/pensionistenklubs\\\/wp-content\\\/uploads\\\/sites\\\/2\\\/2023\\\/12\\\/Kooperationen-Header.jpg\",\"datePublished\":\"2024-02-20T11:54:44+00:00\",\"dateModified\":\"2025-07-04T11:38:32+00:00\",\"description\":\"Gemeinsam kommt man weiter! Das wissen auch die Pensionist*innenklubs und arbeiten mit unterschiedliche Partner*innen in Wien eng zusammen.\",\"breadcrumb\":{\"@id\":\"https:\\\/\\\/kwp.at\\\/pensionistenklubs\\\/dabei-sein\\\/gemeinsam-kommt-man-weiter\\\/#breadcrumb\"},\"inLanguage\":\"de\",\"potentialAction\":[{\"@type\":\"ReadAction\",\"target\":[\"https:\\\/\\\/kwp.at\\\/pensionistenklubs\\\/dabei-sein\\\/gemeinsam-kommt-man-weiter\\\/\"]}]},{\"@type\":\"ImageObject\",\"inLanguage\":\"de\",\"@id\":\"https:\\\/\\\/kwp.at\\\/pensionistenklubs\\\/dabei-sein\\\/gemeinsam-kommt-man-weiter\\\/#primaryimage\",\"url\":\"https:\\\/\\\/kwp.at\\\/pensionistenklubs\\\/wp-content\\\/uploads\\\/sites\\\/2\\\/2023\\\/12\\\/Kooperationen-Header.jpg\",\"contentUrl\":\"https:\\\/\\\/kwp.at\\\/pensionistenklubs\\\/wp-content\\\/uploads\\\/sites\\\/2\\\/2023\\\/12\\\/Kooperationen-Header.jpg\",\"width\":1200,\"height\":500,\"caption\":\"Eine Frau betrachtet einen Globus\"},{\"@type\":\"BreadcrumbList\",\"@id\":\"https:\\\/\\\/kwp.at\\\/pensionistenklubs\\\/dabei-sein\\\/gemeinsam-kommt-man-weiter\\\/#breadcrumb\",\"itemListElement\":[{\"@type\":\"ListItem\",\"position\":1,\"name\":\"Dabei sein!\",\"item\":\"https:\\\/\\\/kwp.at\\\/pensionistenklubs\\\/dabei-sein\\\/\"},{\"@type\":\"ListItem\",\"position\":2,\"name\":\"Gemeinsam kommt man weiter!\"}]},{\"@type\":\"WebSite\",\"@id\":\"https:\\\/\\\/kwp.at\\\/pensionistenklubs\\\/#website\",\"url\":\"https:\\\/\\\/kwp.at\\\/pensionistenklubs\\\/\",\"name\":\"Pensionist*innenklubs\",\"description\":\"F\u00fcr die Stadt Wien\",\"publisher\":{\"@id\":\"https:\\\/\\\/kwp.at\\\/pensionistenklubs\\\/#organization\"},\"potentialAction\":[{\"@type\":\"SearchAction\",\"target\":{\"@type\":\"EntryPoint\",\"urlTemplate\":\"https:\\\/\\\/kwp.at\\\/pensionistenklubs\\\/?s={search_term_string}\"},\"query-input\":{\"@type\":\"PropertyValueSpecification\",\"valueRequired\":true,\"valueName\":\"search_term_string\"}}],\"inLanguage\":\"de\"},{\"@type\":\"Organization\",\"@id\":\"https:\\\/\\\/kwp.at\\\/pensionistenklubs\\\/#organization\",\"name\":\"PensionistInnenklubs f\u00fcr die Stadt Wien\",\"url\":\"https:\\\/\\\/kwp.at\\\/pensionistenklubs\\\/\",\"logo\":{\"@type\":\"ImageObject\",\"inLanguage\":\"de\",\"@id\":\"https:\\\/\\\/kwp.at\\\/pensionistenklubs\\\/#\\\/schema\\\/logo\\\/image\\\/\",\"url\":\"https:\\\/\\\/kwp.at\\\/pensionistenklubs\\\/wp-content\\\/uploads\\\/sites\\\/2\\\/2022\\\/08\\\/Logo-Pensionistenklubs-scaled-1.jpeg\",\"contentUrl\":\"https:\\\/\\\/kwp.at\\\/pensionistenklubs\\\/wp-content\\\/uploads\\\/sites\\\/2\\\/2022\\\/08\\\/Logo-Pensionistenklubs-scaled-1.jpeg\",\"width\":2560,\"height\":610,\"caption\":\"PensionistInnenklubs f\u00fcr die Stadt Wien\"},\"image\":{\"@id\":\"https:\\\/\\\/kwp.at\\\/pensionistenklubs\\\/#\\\/schema\\\/logo\\\/image\\\/\"}}]}<\/script>\n<!-- \/ Yoast SEO plugin. -->","yoast_head_json":{"title":"Gemeinsam kommt man weiter! - Pensionist*innenklubs","description":"Gemeinsam kommt man weiter! Das wissen auch die Pensionist*innenklubs und arbeiten mit unterschiedliche Partner*innen in Wien eng zusammen.","robots":{"index":"index","follow":"follow","max-snippet":"max-snippet:-1","max-image-preview":"max-image-preview:large","max-video-preview":"max-video-preview:-1"},"canonical":"https:\/\/kwp.at\/pensionistenklubs\/dabei-sein\/gemeinsam-kommt-man-weiter\/","og_locale":"de_DE","og_type":"article","og_title":"Gemeinsam kommt man weiter! - Pensionist*innenklubs","og_description":"Gemeinsam kommt man weiter! Das wissen auch die Pensionist*innenklubs und arbeiten mit unterschiedliche Partner*innen in Wien eng zusammen.","og_url":"https:\/\/kwp.at\/pensionistenklubs\/dabei-sein\/gemeinsam-kommt-man-weiter\/","og_site_name":"Pensionist*innenklubs","article_modified_time":"2025-07-04T11:38:32+00:00","og_image":[{"width":1200,"height":500,"url":"https:\/\/kwp.at\/pensionistenklubs\/wp-content\/uploads\/sites\/2\/2023\/12\/Kooperationen-Header.jpg","type":"image\/jpeg"}],"twitter_card":"summary_large_image","twitter_misc":{"Gesch\u00e4tzte Lesezeit":"5\u00a0Minuten"},"schema":{"@context":"https:\/\/schema.org","@graph":[{"@type":"WebPage","@id":"https:\/\/kwp.at\/pensionistenklubs\/dabei-sein\/gemeinsam-kommt-man-weiter\/","url":"https:\/\/kwp.at\/pensionistenklubs\/dabei-sein\/gemeinsam-kommt-man-weiter\/","name":"Gemeinsam kommt man weiter! - Pensionist*innenklubs","isPartOf":{"@id":"https:\/\/kwp.at\/pensionistenklubs\/#website"},"primaryImageOfPage":{"@id":"https:\/\/kwp.at\/pensionistenklubs\/dabei-sein\/gemeinsam-kommt-man-weiter\/#primaryimage"},"image":{"@id":"https:\/\/kwp.at\/pensionistenklubs\/dabei-sein\/gemeinsam-kommt-man-weiter\/#primaryimage"},"thumbnailUrl":"https:\/\/kwp.at\/pensionistenklubs\/wp-content\/uploads\/sites\/2\/2023\/12\/Kooperationen-Header.jpg","datePublished":"2024-02-20T11:54:44+00:00","dateModified":"2025-07-04T11:38:32+00:00","description":"Gemeinsam kommt man weiter! Das wissen auch die Pensionist*innenklubs und arbeiten mit unterschiedliche Partner*innen in Wien eng zusammen.","breadcrumb":{"@id":"https:\/\/kwp.at\/pensionistenklubs\/dabei-sein\/gemeinsam-kommt-man-weiter\/#breadcrumb"},"inLanguage":"de","potentialAction":[{"@type":"ReadAction","target":["https:\/\/kwp.at\/pensionistenklubs\/dabei-sein\/gemeinsam-kommt-man-weiter\/"]}]},{"@type":"ImageObject","inLanguage":"de","@id":"https:\/\/kwp.at\/pensionistenklubs\/dabei-sein\/gemeinsam-kommt-man-weiter\/#primaryimage","url":"https:\/\/kwp.at\/pensionistenklubs\/wp-content\/uploads\/sites\/2\/2023\/12\/Kooperationen-Header.jpg","contentUrl":"https:\/\/kwp.at\/pensionistenklubs\/wp-content\/uploads\/sites\/2\/2023\/12\/Kooperationen-Header.jpg","width":1200,"height":500,"caption":"Eine Frau betrachtet einen Globus"},{"@type":"BreadcrumbList","@id":"https:\/\/kwp.at\/pensionistenklubs\/dabei-sein\/gemeinsam-kommt-man-weiter\/#breadcrumb","itemListElement":[{"@type":"ListItem","position":1,"name":"Dabei sein!","item":"https:\/\/kwp.at\/pensionistenklubs\/dabei-sein\/"},{"@type":"ListItem","position":2,"name":"Gemeinsam kommt man weiter!"}]},{"@type":"WebSite","@id":"https:\/\/kwp.at\/pensionistenklubs\/#website","url":"https:\/\/kwp.at\/pensionistenklubs\/","name":"Pensionist*innenklubs","description":"F\u00fcr die Stadt Wien","publisher":{"@id":"https:\/\/kwp.at\/pensionistenklubs\/#organization"},"potentialAction":[{"@type":"SearchAction","target":{"@type":"EntryPoint","urlTemplate":"https:\/\/kwp.at\/pensionistenklubs\/?s={search_term_string}"},"query-input":{"@type":"PropertyValueSpecification","valueRequired":true,"valueName":"search_term_string"}}],"inLanguage":"de"},{"@type":"Organization","@id":"https:\/\/kwp.at\/pensionistenklubs\/#organization","name":"PensionistInnenklubs f\u00fcr die Stadt Wien","url":"https:\/\/kwp.at\/pensionistenklubs\/","logo":{"@type":"ImageObject","inLanguage":"de","@id":"https:\/\/kwp.at\/pensionistenklubs\/#\/schema\/logo\/image\/","url":"https:\/\/kwp.at\/pensionistenklubs\/wp-content\/uploads\/sites\/2\/2022\/08\/Logo-Pensionistenklubs-scaled-1.jpeg","contentUrl":"https:\/\/kwp.at\/pensionistenklubs\/wp-content\/uploads\/sites\/2\/2022\/08\/Logo-Pensionistenklubs-scaled-1.jpeg","width":2560,"height":610,"caption":"PensionistInnenklubs f\u00fcr die Stadt Wien"},"image":{"@id":"https:\/\/kwp.at\/pensionistenklubs\/#\/schema\/logo\/image\/"}}]}},"_links":{"self":[{"href":"https:\/\/kwp.at\/pensionistenklubs\/wp-json\/wp\/v2\/pages\/14482","targetHints":{"allow":["GET"]}}],"collection":[{"href":"https:\/\/kwp.at\/pensionistenklubs\/wp-json\/wp\/v2\/pages"}],"about":[{"href":"https:\/\/kwp.at\/pensionistenklubs\/wp-json\/wp\/v2\/types\/page"}],"author":[{"embeddable":true,"href":"https:\/\/kwp.at\/pensionistenklubs\/wp-json\/wp\/v2\/users\/10"}],"replies":[{"embeddable":true,"href":"https:\/\/kwp.at\/pensionistenklubs\/wp-json\/wp\/v2\/comments?post=14482"}],"version-history":[{"count":43,"href":"https:\/\/kwp.at\/pensionistenklubs\/wp-json\/wp\/v2\/pages\/14482\/revisions"}],"predecessor-version":[{"id":19351,"href":"https:\/\/kwp.at\/pensionistenklubs\/wp-json\/wp\/v2\/pages\/14482\/revisions\/19351"}],"up":[{"embeddable":true,"href":"https:\/\/kwp.at\/pensionistenklubs\/wp-json\/wp\/v2\/pages\/3224"}],"wp:featuredmedia":[{"embeddable":true,"href":"https:\/\/kwp.at\/pensionistenklubs\/wp-json\/wp\/v2\/media\/14485"}],"wp:attachment":[{"href":"https:\/\/kwp.at\/pensionistenklubs\/wp-json\/wp\/v2\/media?parent=14482"}],"curies":[{"name":"wp","href":"https:\/\/api.w.org\/{rel}","templated":true}]}}