{"id":14463,"date":"2023-12-14T09:49:24","date_gmt":"2023-12-14T08:49:24","guid":{"rendered":"https:\/\/kwp.at\/pensionistenklubs\/?page_id=14463"},"modified":"2026-03-13T09:47:32","modified_gmt":"2026-03-13T08:47:32","slug":"wiener-vintage-chor","status":"publish","type":"page","link":"https:\/\/kwp.at\/pensionistenklubs\/wiener-vintage-chor\/","title":{"rendered":"Wiener Vintage Chor"},"content":{"rendered":"\n<p><strong>Echt besonders und total Vintage: Der Wiener Vintage Chor der Klubs verspricht Musik, Gesang und Lebensfreude f\u00fcr Menschen 60+. <\/strong><\/p>\n\n\n\n<h2 class=\"wp-block-heading\">Wir sind Vintage! <\/h2>\n\n\n\n<p>Unter dem Wort &#8222;Vintage&#8220; versteht man in der heutigen Zeit vereinfacht gesagt &#8222;alt aber gut&#8220;. Zudem schwingt bei dem Begriff auch immer eine sehr besondere, nicht allt\u00e4gliche und originelle Nuance mit.<\/p>\n\n\n\n<p>Und so versteht sich auch der Wiener Vintage Chor der Klubs als origineller und au\u00dferordentlich peppiger Chor f\u00fcr Senior*innen und Menschen 60+. <strong>Echt besonders und total Vintage eben! <\/strong><\/p>\n\n\n\n<p>Der Chor formierte sich kurz nach Ende der Covid-Pandemie und bot musikbegeisterten Klubmitgliedern nach langer Zeit endlich wieder die M\u00f6glichkeit gemeinsam zu singen, zu musizieren und sich auf der B\u00fchne zu pr\u00e4sentieren. Mittlerweile besteht der Chor aus 26 Mitglieder, wobei Neuzug\u00e4nge jederzeit herzlich willkommen sind. <\/p>\n\n\n\n<p>Der Chor trifft sich regelm\u00e4\u00dfig zu gemeinsamen Proben im <a href=\"https:\/\/kwp.at\/pensionistenklubs\/clubs\/nobilegasse-33-35-5\/\">Klub Nobilegasse<\/a> im 15. Bezirk.<\/p>\n\n\n\n<blockquote class=\"wp-block-quote is-layout-flow wp-block-quote-is-layout-flow\">\n<p>Die Proben und die Auftritte sind belebende und herzerfrischende Stunden, die Leib und Seele begl\u00fccken und uns alle jung halten.<\/p>\n<cite>Martha | Chormitglied und Organisatorin<\/cite><\/blockquote>\n\n\n\n<p>Mit viel Engagement, Schwung und Professionalit\u00e4t werden die gemeinsamen Proben besonders freudvoll und mitrei\u00dfend f\u00fcr alle S\u00e4nger*innen. Jedes einzelne neue Lied im Repertoire wir mit Begeisterung aufgenommen und geprobt. Dessen kann man sich auch bei den zahlreichen Auftritten des Wiener Vintage Chor in unseren <a href=\"https:\/\/kwp.at\/\">H\u00e4usern zum Leben<\/a> und bei diversen Klubveranstaltungen \u00fcberzeugen.<\/p>\n\n\n\n<div style=\"background-color: #6669D1\" class=\"wp-block-kwp-blocks-infobox\"><h3>Vintage live erleben!<\/h3><p>\n<p>Sein Sie dabei und erleben Sie den Wiener Vintage Chor live! <\/p>\n\n\n\n<p>Alle Auftritte und Konzerttermine finden Sie im Veranstaltungskalender der Klubs. <strong>Jetzt reinklicken: <\/strong><\/p>\n\n\n\n<a target=\"_blank\" href=\"https:\/\/kwp.at\/veranstaltungen\/?filter=club&amp;club_style=1&amp;event_search=vintage+&amp;start_date=&amp;end_date=\" rel=\"noopener noreferrer\" class=\"wp-block-kwp-blocks-button-block\">Termine ansehen! <\/a>\n<\/p><\/div>\n\n\n\n<div style=\"background-color: #107da8\" class=\"wp-block-kwp-blocks-infobox\"><h3>Singen Sie mit! <\/h3><p>\n<p>Der Wiener Vintage Chor trifft sich jeden Freitag von 09:45-12:00 Uhr zum gemeinsamen Proben im <a href=\"https:\/\/kwp.at\/pensionistenklubs\/clubs\/nobilegasse-33-35-5\/\">Pensionist*innenklub Nobilegasse<\/a>.<\/p>\n\n\n\n<p>Machen Sie mit! Interessierte Neuzug\u00e4nge sind jederzeit herzlich willkommen. <\/p>\n<\/p><\/div>\n","protected":false},"excerpt":{"rendered":"<p>Echt besonders und total Vintage: Der Wiener Vintage Chor der Klubs verspricht Musik, Gesang und Lebensfreude f\u00fcr Menschen 60+. Wir sind Vintage! Unter dem Wort<\/p>\n","protected":false},"author":10,"featured_media":19336,"parent":0,"menu_order":0,"comment_status":"closed","ping_status":"closed","template":"","meta":{"_acf_changed":false,"footnotes":""},"class_list":["post-14463","page","type-page","status-publish","has-post-thumbnail","hentry"],"acf":[],"yoast_head":"<!-- This site is optimized with the Yoast SEO plugin v27.2 - https:\/\/yoast.com\/product\/yoast-seo-wordpress\/ -->\n<title>Wiener Vintage Chor - Pensionist*innenklubs<\/title>\n<meta name=\"description\" content=\"Echt besonders und total Vintage: Der Wiener Vintage Chor der Klubs verspricht Musik, Gesang und Lebensfreude f\u00fcr Menschen 60+.\" \/>\n<meta name=\"robots\" content=\"index, follow, max-snippet:-1, max-image-preview:large, max-video-preview:-1\" \/>\n<link rel=\"canonical\" href=\"https:\/\/kwp.at\/pensionistenklubs\/wiener-vintage-chor\/\" \/>\n<meta property=\"og:locale\" content=\"de_DE\" \/>\n<meta property=\"og:type\" content=\"article\" \/>\n<meta property=\"og:title\" content=\"Wiener Vintage Chor - Pensionist*innenklubs\" \/>\n<meta property=\"og:description\" content=\"Echt besonders und total Vintage: Der Wiener Vintage Chor der Klubs verspricht Musik, Gesang und Lebensfreude f\u00fcr Menschen 60+.\" \/>\n<meta property=\"og:url\" content=\"https:\/\/kwp.at\/pensionistenklubs\/wiener-vintage-chor\/\" \/>\n<meta property=\"og:site_name\" content=\"Pensionist*innenklubs\" \/>\n<meta property=\"article:modified_time\" content=\"2026-03-13T08:47:32+00:00\" \/>\n<meta property=\"og:image\" content=\"https:\/\/kwp.at\/pensionistenklubs\/wp-content\/uploads\/sites\/2\/2025\/07\/Pklubs-06-229_Small_Singen-2597x3896-1.jpg\" \/>\n\t<meta property=\"og:image:width\" content=\"1200\" \/>\n\t<meta property=\"og:image:height\" content=\"630\" \/>\n\t<meta property=\"og:image:type\" content=\"image\/jpeg\" \/>\n<meta name=\"twitter:card\" content=\"summary_large_image\" \/>\n<meta name=\"twitter:label1\" content=\"Gesch\u00e4tzte Lesezeit\" \/>\n\t<meta name=\"twitter:data1\" content=\"2\u00a0Minuten\" \/>\n<script type=\"application\/ld+json\" class=\"yoast-schema-graph\">{\"@context\":\"https:\/\/schema.org\",\"@graph\":[{\"@type\":\"WebPage\",\"@id\":\"https:\/\/kwp.at\/pensionistenklubs\/wiener-vintage-chor\/\",\"url\":\"https:\/\/kwp.at\/pensionistenklubs\/wiener-vintage-chor\/\",\"name\":\"Wiener Vintage Chor - Pensionist*innenklubs\",\"isPartOf\":{\"@id\":\"https:\/\/kwp.at\/pensionistenklubs\/#website\"},\"primaryImageOfPage\":{\"@id\":\"https:\/\/kwp.at\/pensionistenklubs\/wiener-vintage-chor\/#primaryimage\"},\"image\":{\"@id\":\"https:\/\/kwp.at\/pensionistenklubs\/wiener-vintage-chor\/#primaryimage\"},\"thumbnailUrl\":\"https:\/\/kwp.at\/pensionistenklubs\/wp-content\/uploads\/sites\/2\/2025\/07\/Pklubs-06-229_Small_Singen-2597x3896-1.jpg\",\"datePublished\":\"2023-12-14T08:49:24+00:00\",\"dateModified\":\"2026-03-13T08:47:32+00:00\",\"description\":\"Echt besonders und total Vintage: Der Wiener Vintage Chor der Klubs verspricht Musik, Gesang und Lebensfreude f\u00fcr Menschen 60+.\",\"inLanguage\":\"de\",\"potentialAction\":[{\"@type\":\"ReadAction\",\"target\":[\"https:\/\/kwp.at\/pensionistenklubs\/wiener-vintage-chor\/\"]}]},{\"@type\":\"ImageObject\",\"inLanguage\":\"de\",\"@id\":\"https:\/\/kwp.at\/pensionistenklubs\/wiener-vintage-chor\/#primaryimage\",\"url\":\"https:\/\/kwp.at\/pensionistenklubs\/wp-content\/uploads\/sites\/2\/2025\/07\/Pklubs-06-229_Small_Singen-2597x3896-1.jpg\",\"contentUrl\":\"https:\/\/kwp.at\/pensionistenklubs\/wp-content\/uploads\/sites\/2\/2025\/07\/Pklubs-06-229_Small_Singen-2597x3896-1.jpg\",\"width\":1200,\"height\":630,\"caption\":\"Eine Frau in einer Pailettenjacke singt in ein altert\u00fcmliches Mikrofon\"},{\"@type\":\"WebSite\",\"@id\":\"https:\/\/kwp.at\/pensionistenklubs\/#website\",\"url\":\"https:\/\/kwp.at\/pensionistenklubs\/\",\"name\":\"Pensionist*innenklubs\",\"description\":\"F\u00fcr die Stadt Wien\",\"publisher\":{\"@id\":\"https:\/\/kwp.at\/pensionistenklubs\/#organization\"},\"potentialAction\":[{\"@type\":\"SearchAction\",\"target\":{\"@type\":\"EntryPoint\",\"urlTemplate\":\"https:\/\/kwp.at\/pensionistenklubs\/?s={search_term_string}\"},\"query-input\":{\"@type\":\"PropertyValueSpecification\",\"valueRequired\":true,\"valueName\":\"search_term_string\"}}],\"inLanguage\":\"de\"},{\"@type\":\"Organization\",\"@id\":\"https:\/\/kwp.at\/pensionistenklubs\/#organization\",\"name\":\"PensionistInnenklubs f\u00fcr die Stadt Wien\",\"url\":\"https:\/\/kwp.at\/pensionistenklubs\/\",\"logo\":{\"@type\":\"ImageObject\",\"inLanguage\":\"de\",\"@id\":\"https:\/\/kwp.at\/pensionistenklubs\/#\/schema\/logo\/image\/\",\"url\":\"https:\/\/kwp.at\/pensionistenklubs\/wp-content\/uploads\/sites\/2\/2022\/08\/Logo-Pensionistenklubs-scaled-1.jpeg\",\"contentUrl\":\"https:\/\/kwp.at\/pensionistenklubs\/wp-content\/uploads\/sites\/2\/2022\/08\/Logo-Pensionistenklubs-scaled-1.jpeg\",\"width\":2560,\"height\":610,\"caption\":\"PensionistInnenklubs f\u00fcr die Stadt Wien\"},\"image\":{\"@id\":\"https:\/\/kwp.at\/pensionistenklubs\/#\/schema\/logo\/image\/\"}}]}<\/script>\n<!-- \/ Yoast SEO plugin. -->","yoast_head_json":{"title":"Wiener Vintage Chor - Pensionist*innenklubs","description":"Echt besonders und total Vintage: Der Wiener Vintage Chor der Klubs verspricht Musik, Gesang und Lebensfreude f\u00fcr Menschen 60+.","robots":{"index":"index","follow":"follow","max-snippet":"max-snippet:-1","max-image-preview":"max-image-preview:large","max-video-preview":"max-video-preview:-1"},"canonical":"https:\/\/kwp.at\/pensionistenklubs\/wiener-vintage-chor\/","og_locale":"de_DE","og_type":"article","og_title":"Wiener Vintage Chor - Pensionist*innenklubs","og_description":"Echt besonders und total Vintage: Der Wiener Vintage Chor der Klubs verspricht Musik, Gesang und Lebensfreude f\u00fcr Menschen 60+.","og_url":"https:\/\/kwp.at\/pensionistenklubs\/wiener-vintage-chor\/","og_site_name":"Pensionist*innenklubs","article_modified_time":"2026-03-13T08:47:32+00:00","og_image":[{"width":1200,"height":630,"url":"https:\/\/kwp.at\/pensionistenklubs\/wp-content\/uploads\/sites\/2\/2025\/07\/Pklubs-06-229_Small_Singen-2597x3896-1.jpg","type":"image\/jpeg"}],"twitter_card":"summary_large_image","twitter_misc":{"Gesch\u00e4tzte Lesezeit":"2\u00a0Minuten"},"schema":{"@context":"https:\/\/schema.org","@graph":[{"@type":"WebPage","@id":"https:\/\/kwp.at\/pensionistenklubs\/wiener-vintage-chor\/","url":"https:\/\/kwp.at\/pensionistenklubs\/wiener-vintage-chor\/","name":"Wiener Vintage Chor - Pensionist*innenklubs","isPartOf":{"@id":"https:\/\/kwp.at\/pensionistenklubs\/#website"},"primaryImageOfPage":{"@id":"https:\/\/kwp.at\/pensionistenklubs\/wiener-vintage-chor\/#primaryimage"},"image":{"@id":"https:\/\/kwp.at\/pensionistenklubs\/wiener-vintage-chor\/#primaryimage"},"thumbnailUrl":"https:\/\/kwp.at\/pensionistenklubs\/wp-content\/uploads\/sites\/2\/2025\/07\/Pklubs-06-229_Small_Singen-2597x3896-1.jpg","datePublished":"2023-12-14T08:49:24+00:00","dateModified":"2026-03-13T08:47:32+00:00","description":"Echt besonders und total Vintage: Der Wiener Vintage Chor der Klubs verspricht Musik, Gesang und Lebensfreude f\u00fcr Menschen 60+.","inLanguage":"de","potentialAction":[{"@type":"ReadAction","target":["https:\/\/kwp.at\/pensionistenklubs\/wiener-vintage-chor\/"]}]},{"@type":"ImageObject","inLanguage":"de","@id":"https:\/\/kwp.at\/pensionistenklubs\/wiener-vintage-chor\/#primaryimage","url":"https:\/\/kwp.at\/pensionistenklubs\/wp-content\/uploads\/sites\/2\/2025\/07\/Pklubs-06-229_Small_Singen-2597x3896-1.jpg","contentUrl":"https:\/\/kwp.at\/pensionistenklubs\/wp-content\/uploads\/sites\/2\/2025\/07\/Pklubs-06-229_Small_Singen-2597x3896-1.jpg","width":1200,"height":630,"caption":"Eine Frau in einer Pailettenjacke singt in ein altert\u00fcmliches Mikrofon"},{"@type":"WebSite","@id":"https:\/\/kwp.at\/pensionistenklubs\/#website","url":"https:\/\/kwp.at\/pensionistenklubs\/","name":"Pensionist*innenklubs","description":"F\u00fcr die Stadt Wien","publisher":{"@id":"https:\/\/kwp.at\/pensionistenklubs\/#organization"},"potentialAction":[{"@type":"SearchAction","target":{"@type":"EntryPoint","urlTemplate":"https:\/\/kwp.at\/pensionistenklubs\/?s={search_term_string}"},"query-input":{"@type":"PropertyValueSpecification","valueRequired":true,"valueName":"search_term_string"}}],"inLanguage":"de"},{"@type":"Organization","@id":"https:\/\/kwp.at\/pensionistenklubs\/#organization","name":"PensionistInnenklubs f\u00fcr die Stadt Wien","url":"https:\/\/kwp.at\/pensionistenklubs\/","logo":{"@type":"ImageObject","inLanguage":"de","@id":"https:\/\/kwp.at\/pensionistenklubs\/#\/schema\/logo\/image\/","url":"https:\/\/kwp.at\/pensionistenklubs\/wp-content\/uploads\/sites\/2\/2022\/08\/Logo-Pensionistenklubs-scaled-1.jpeg","contentUrl":"https:\/\/kwp.at\/pensionistenklubs\/wp-content\/uploads\/sites\/2\/2022\/08\/Logo-Pensionistenklubs-scaled-1.jpeg","width":2560,"height":610,"caption":"PensionistInnenklubs f\u00fcr die Stadt Wien"},"image":{"@id":"https:\/\/kwp.at\/pensionistenklubs\/#\/schema\/logo\/image\/"}}]}},"_links":{"self":[{"href":"https:\/\/kwp.at\/pensionistenklubs\/wp-json\/wp\/v2\/pages\/14463","targetHints":{"allow":["GET"]}}],"collection":[{"href":"https:\/\/kwp.at\/pensionistenklubs\/wp-json\/wp\/v2\/pages"}],"about":[{"href":"https:\/\/kwp.at\/pensionistenklubs\/wp-json\/wp\/v2\/types\/page"}],"author":[{"embeddable":true,"href":"https:\/\/kwp.at\/pensionistenklubs\/wp-json\/wp\/v2\/users\/10"}],"replies":[{"embeddable":true,"href":"https:\/\/kwp.at\/pensionistenklubs\/wp-json\/wp\/v2\/comments?post=14463"}],"version-history":[{"count":22,"href":"https:\/\/kwp.at\/pensionistenklubs\/wp-json\/wp\/v2\/pages\/14463\/revisions"}],"predecessor-version":[{"id":21013,"href":"https:\/\/kwp.at\/pensionistenklubs\/wp-json\/wp\/v2\/pages\/14463\/revisions\/21013"}],"wp:featuredmedia":[{"embeddable":true,"href":"https:\/\/kwp.at\/pensionistenklubs\/wp-json\/wp\/v2\/media\/19336"}],"wp:attachment":[{"href":"https:\/\/kwp.at\/pensionistenklubs\/wp-json\/wp\/v2\/media?parent=14463"}],"curies":[{"name":"wp","href":"https:\/\/api.w.org\/{rel}","templated":true}]}}