{"id":13430,"date":"2023-09-08T10:53:23","date_gmt":"2023-09-08T08:53:23","guid":{"rendered":"https:\/\/kwp.at\/pensionistenklubs\/?page_id=13430"},"modified":"2026-04-21T16:35:14","modified_gmt":"2026-04-21T14:35:14","slug":"sozial-wegweiser-wien","status":"publish","type":"page","link":"https:\/\/kwp.at\/pensionistenklubs\/programm\/sozial-wegweiser-wien\/","title":{"rendered":"Sozialwegweiser Wien"},"content":{"rendered":"\n<p><strong>In Krisen oder Belastungssituationen ist es wichtig die richtigen Anlaufstellen zu kennen. Zahlreiche Organisationen in der Stadt Wien bieten Unterst\u00fctzung. Im Sozialwegweiser der Klubs finden Sie alle Adressen auf einen Blick.<\/strong><\/p>\n\n\n\n<p>Im Ernstfall die richtige Telefonnummer parat zu haben, ist f\u00fcr akut Betroffene oder nicht Computer-affine Menschen oftmals eine Herausforderung. Darum bieten die Pensionist*innenklubs mit ihrem Sozialwegweiser die wichtigsten Kontaktadressen und Informationsstellen f\u00fcr Ihre Anliegen. <\/p>\n\n\n\n<p>Der Sozialwegweiser richtet sich mit seinem Informationsangebot gezielt an Personen im Alter 60+ und bietet eine \u00fcbersichtliche Sammlung an Servicestellen zu den Themen Gewalt und Rassismus im sozialen Umfeld, Gesundheit und Pflege, psychologische Beratung, Rechtsberatung und Finanzielles, Sucht, Haustiere und Wohnen.<\/p>\n\n\n\n<h2 class=\"wp-block-heading\">Tipps und Anlaufstellen<\/h2>\n\n\n\n<p>Zudem findet man unter der Kategorie &#8222;Wo gibt es was?&#8220; hilfreiche Tipps und Anlaufstellen, um kosteng\u00fcnstig Lebensmittel, Kleidung oder Mobiliar zu erhalten.  <\/p>\n\n\n\n<p>Auch der Mobilpass der Stadt Wien gew\u00e4hrt Wiener*innen mit geringem Einkommen bestimmte finanzielle Erm\u00e4\u00dfigungen. Auch hierzu informiert der Sozialwegweiser der Pensionist*innenklubs im Detail.<\/p>\n\n\n\n<div style=\"background-color: #1A880C\" class=\"wp-block-kwp-blocks-infobox\"><h3>Jetzt informieren! <\/h3><p>\n<p>Den Sozialwegweiser der Klubs k\u00f6nnen hier Sie als PDF herunterladen. <strong>Jetzt reinklicken und informieren! <\/strong><\/p>\n\n\n\n<a target=\"_blank\" href=\"https:\/\/kwp.at\/pensionistenklubs\/wp-content\/uploads\/sites\/2\/2026\/04\/Sozial-Wegweiser-Wien-2026.pdf\" rel=\"noopener noreferrer\" class=\"wp-block-kwp-blocks-button-block\">Zum Sozialwegweiser<\/a>\n<\/p><\/div>\n\n\n\n<div style=\"background-color: #D129A1\" class=\"wp-block-kwp-blocks-infobox\"><h3>Willkommen im Klub+<\/h3><p>\n<p>Einige unserer Klublokale bieten neben einem liebevoll gestalteten Klubprogramm auch einen individuellen Themenschwerpunkt. <\/p>\n\n\n\n<p>Einige dieser <em>Klub<\/em>+ sind zudem Anlaufstelle und Treffpunkt f\u00fcr Senior*innen mit Seh- oder H\u00f6rbeeintr\u00e4chtigungen. Auch Personen, die von Vergesslichkeit oder von leichten kognitiven Einschr\u00e4nkungen betroffen sind, finden beim <em>Klub<\/em>+ Orientierung ein ma\u00dfgeschneidertes Klubangebot.<\/p>\n\n\n\n<p>Entdecken Sie jetzt unsere <em>Klub<\/em>+<\/p>\n\n\n\n<a target=\"_blank\" href=\"https:\/\/kwp.at\/pensionistenklubs\/klubs\/unsere-klubs\/\" rel=\"noopener noreferrer\" class=\"wp-block-kwp-blocks-button-block\">Klub+ ansehen!<\/a>\n<\/p><\/div>\n\n\n\n<div style=\"background-color: #6669D1\" class=\"wp-block-kwp-blocks-infobox\"><h3>Hundefreundliche Klubs<\/h3><p>\n<p>Sie lieben Hunde oder sind selbst Hundebesitzer*in? In einigen unserer Klubstandorte sind Hunde ausdr\u00fccklich erw\u00fcnscht. <\/p>\n\n\n\n<p>Hier finden Sie alle Infos zu unseren hundefreundlichen Klubstandorten: <\/p>\n\n\n\n<a target=\"_blank\" href=\"https:\/\/kwp.at\/pensionistenklubs\/hunde-im-klub\/\" rel=\"noopener noreferrer\" class=\"wp-block-kwp-blocks-button-block\">Zu den hundefreundlichen Klubs<\/a>\n<\/p><\/div>\n\n\n\n<p><\/p>\n","protected":false},"excerpt":{"rendered":"<p>In Krisen oder Belastungssituationen ist es wichtig die richtigen Anlaufstellen zu kennen. Zahlreiche Organisationen in der Stadt Wien bieten Unterst\u00fctzung. Im Sozialwegweiser der Klubs finden<\/p>\n","protected":false},"author":78,"featured_media":13454,"parent":29,"menu_order":11,"comment_status":"closed","ping_status":"closed","template":"","meta":{"_acf_changed":false,"footnotes":""},"class_list":["post-13430","page","type-page","status-publish","has-post-thumbnail","hentry"],"acf":[],"yoast_head":"<!-- This site is optimized with the Yoast SEO plugin v27.4 - https:\/\/yoast.com\/product\/yoast-seo-wordpress\/ -->\n<title>Sozialwegweiser Wien - Pensionist*innenklubs<\/title>\n<meta name=\"description\" content=\"In Krisen oder Belastungssituationen ist es wichtig die richtigen Anlaufstellen zu kennen. Zahlreiche Organisationen in der Stadt Wien bieten Unterst\u00fctzung. Im Sozialwegweiser der Klubs finden Sie alle Adressen auf einen Blick.\" \/>\n<meta name=\"robots\" content=\"index, follow, max-snippet:-1, max-image-preview:large, max-video-preview:-1\" \/>\n<link rel=\"canonical\" href=\"https:\/\/kwp.at\/pensionistenklubs\/programm\/sozial-wegweiser-wien\/\" \/>\n<meta property=\"og:locale\" content=\"de_DE\" \/>\n<meta property=\"og:type\" content=\"article\" \/>\n<meta property=\"og:title\" content=\"Sozialwegweiser Wien - Pensionist*innenklubs\" \/>\n<meta property=\"og:description\" content=\"In Krisen oder Belastungssituationen ist es wichtig die richtigen Anlaufstellen zu kennen. Zahlreiche Organisationen in der Stadt Wien bieten Unterst\u00fctzung. Im Sozialwegweiser der Klubs finden Sie alle Adressen auf einen Blick.\" \/>\n<meta property=\"og:url\" content=\"https:\/\/kwp.at\/pensionistenklubs\/programm\/sozial-wegweiser-wien\/\" \/>\n<meta property=\"og:site_name\" content=\"Pensionist*innenklubs\" \/>\n<meta property=\"article:modified_time\" content=\"2026-04-21T14:35:14+00:00\" \/>\n<meta property=\"og:image\" content=\"https:\/\/kwp.at\/pensionistenklubs\/wp-content\/uploads\/sites\/2\/2023\/08\/Sozialkompass-Header.jpg\" \/>\n\t<meta property=\"og:image:width\" content=\"1200\" \/>\n\t<meta property=\"og:image:height\" content=\"500\" \/>\n\t<meta property=\"og:image:type\" content=\"image\/jpeg\" \/>\n<meta name=\"twitter:card\" content=\"summary_large_image\" \/>\n<meta name=\"twitter:label1\" content=\"Gesch\u00e4tzte Lesezeit\" \/>\n\t<meta name=\"twitter:data1\" content=\"2\u00a0Minuten\" \/>\n<script type=\"application\/ld+json\" class=\"yoast-schema-graph\">{\"@context\":\"https:\\\/\\\/schema.org\",\"@graph\":[{\"@type\":\"WebPage\",\"@id\":\"https:\\\/\\\/kwp.at\\\/pensionistenklubs\\\/programm\\\/sozial-wegweiser-wien\\\/\",\"url\":\"https:\\\/\\\/kwp.at\\\/pensionistenklubs\\\/programm\\\/sozial-wegweiser-wien\\\/\",\"name\":\"Sozialwegweiser Wien - Pensionist*innenklubs\",\"isPartOf\":{\"@id\":\"https:\\\/\\\/kwp.at\\\/pensionistenklubs\\\/#website\"},\"primaryImageOfPage\":{\"@id\":\"https:\\\/\\\/kwp.at\\\/pensionistenklubs\\\/programm\\\/sozial-wegweiser-wien\\\/#primaryimage\"},\"image\":{\"@id\":\"https:\\\/\\\/kwp.at\\\/pensionistenklubs\\\/programm\\\/sozial-wegweiser-wien\\\/#primaryimage\"},\"thumbnailUrl\":\"https:\\\/\\\/kwp.at\\\/pensionistenklubs\\\/wp-content\\\/uploads\\\/sites\\\/2\\\/2023\\\/08\\\/Sozialkompass-Header.jpg\",\"datePublished\":\"2023-09-08T08:53:23+00:00\",\"dateModified\":\"2026-04-21T14:35:14+00:00\",\"description\":\"In Krisen oder Belastungssituationen ist es wichtig die richtigen Anlaufstellen zu kennen. Zahlreiche Organisationen in der Stadt Wien bieten Unterst\u00fctzung. Im Sozialwegweiser der Klubs finden Sie alle Adressen auf einen Blick.\",\"breadcrumb\":{\"@id\":\"https:\\\/\\\/kwp.at\\\/pensionistenklubs\\\/programm\\\/sozial-wegweiser-wien\\\/#breadcrumb\"},\"inLanguage\":\"de\",\"potentialAction\":[{\"@type\":\"ReadAction\",\"target\":[\"https:\\\/\\\/kwp.at\\\/pensionistenklubs\\\/programm\\\/sozial-wegweiser-wien\\\/\"]}]},{\"@type\":\"ImageObject\",\"inLanguage\":\"de\",\"@id\":\"https:\\\/\\\/kwp.at\\\/pensionistenklubs\\\/programm\\\/sozial-wegweiser-wien\\\/#primaryimage\",\"url\":\"https:\\\/\\\/kwp.at\\\/pensionistenklubs\\\/wp-content\\\/uploads\\\/sites\\\/2\\\/2023\\\/08\\\/Sozialkompass-Header.jpg\",\"contentUrl\":\"https:\\\/\\\/kwp.at\\\/pensionistenklubs\\\/wp-content\\\/uploads\\\/sites\\\/2\\\/2023\\\/08\\\/Sozialkompass-Header.jpg\",\"width\":1200,\"height\":500,\"caption\":\"Bild von zwei H\u00e4nden, die gerade zum H\u00e4ndesch\u00fctteln ansetzen\"},{\"@type\":\"BreadcrumbList\",\"@id\":\"https:\\\/\\\/kwp.at\\\/pensionistenklubs\\\/programm\\\/sozial-wegweiser-wien\\\/#breadcrumb\",\"itemListElement\":[{\"@type\":\"ListItem\",\"position\":1,\"name\":\"Angebote\",\"item\":\"https:\\\/\\\/kwp.at\\\/pensionistenklubs\\\/programm\\\/\"},{\"@type\":\"ListItem\",\"position\":2,\"name\":\"Sozialwegweiser Wien\"}]},{\"@type\":\"WebSite\",\"@id\":\"https:\\\/\\\/kwp.at\\\/pensionistenklubs\\\/#website\",\"url\":\"https:\\\/\\\/kwp.at\\\/pensionistenklubs\\\/\",\"name\":\"Pensionist*innenklubs\",\"description\":\"F\u00fcr die Stadt Wien\",\"publisher\":{\"@id\":\"https:\\\/\\\/kwp.at\\\/pensionistenklubs\\\/#organization\"},\"potentialAction\":[{\"@type\":\"SearchAction\",\"target\":{\"@type\":\"EntryPoint\",\"urlTemplate\":\"https:\\\/\\\/kwp.at\\\/pensionistenklubs\\\/?s={search_term_string}\"},\"query-input\":{\"@type\":\"PropertyValueSpecification\",\"valueRequired\":true,\"valueName\":\"search_term_string\"}}],\"inLanguage\":\"de\"},{\"@type\":\"Organization\",\"@id\":\"https:\\\/\\\/kwp.at\\\/pensionistenklubs\\\/#organization\",\"name\":\"PensionistInnenklubs f\u00fcr die Stadt Wien\",\"url\":\"https:\\\/\\\/kwp.at\\\/pensionistenklubs\\\/\",\"logo\":{\"@type\":\"ImageObject\",\"inLanguage\":\"de\",\"@id\":\"https:\\\/\\\/kwp.at\\\/pensionistenklubs\\\/#\\\/schema\\\/logo\\\/image\\\/\",\"url\":\"https:\\\/\\\/kwp.at\\\/pensionistenklubs\\\/wp-content\\\/uploads\\\/sites\\\/2\\\/2022\\\/08\\\/Logo-Pensionistenklubs-scaled-1.jpeg\",\"contentUrl\":\"https:\\\/\\\/kwp.at\\\/pensionistenklubs\\\/wp-content\\\/uploads\\\/sites\\\/2\\\/2022\\\/08\\\/Logo-Pensionistenklubs-scaled-1.jpeg\",\"width\":2560,\"height\":610,\"caption\":\"PensionistInnenklubs f\u00fcr die Stadt Wien\"},\"image\":{\"@id\":\"https:\\\/\\\/kwp.at\\\/pensionistenklubs\\\/#\\\/schema\\\/logo\\\/image\\\/\"}}]}<\/script>\n<!-- \/ Yoast SEO plugin. -->","yoast_head_json":{"title":"Sozialwegweiser Wien - Pensionist*innenklubs","description":"In Krisen oder Belastungssituationen ist es wichtig die richtigen Anlaufstellen zu kennen. Zahlreiche Organisationen in der Stadt Wien bieten Unterst\u00fctzung. Im Sozialwegweiser der Klubs finden Sie alle Adressen auf einen Blick.","robots":{"index":"index","follow":"follow","max-snippet":"max-snippet:-1","max-image-preview":"max-image-preview:large","max-video-preview":"max-video-preview:-1"},"canonical":"https:\/\/kwp.at\/pensionistenklubs\/programm\/sozial-wegweiser-wien\/","og_locale":"de_DE","og_type":"article","og_title":"Sozialwegweiser Wien - Pensionist*innenklubs","og_description":"In Krisen oder Belastungssituationen ist es wichtig die richtigen Anlaufstellen zu kennen. Zahlreiche Organisationen in der Stadt Wien bieten Unterst\u00fctzung. Im Sozialwegweiser der Klubs finden Sie alle Adressen auf einen Blick.","og_url":"https:\/\/kwp.at\/pensionistenklubs\/programm\/sozial-wegweiser-wien\/","og_site_name":"Pensionist*innenklubs","article_modified_time":"2026-04-21T14:35:14+00:00","og_image":[{"width":1200,"height":500,"url":"https:\/\/kwp.at\/pensionistenklubs\/wp-content\/uploads\/sites\/2\/2023\/08\/Sozialkompass-Header.jpg","type":"image\/jpeg"}],"twitter_card":"summary_large_image","twitter_misc":{"Gesch\u00e4tzte Lesezeit":"2\u00a0Minuten"},"schema":{"@context":"https:\/\/schema.org","@graph":[{"@type":"WebPage","@id":"https:\/\/kwp.at\/pensionistenklubs\/programm\/sozial-wegweiser-wien\/","url":"https:\/\/kwp.at\/pensionistenklubs\/programm\/sozial-wegweiser-wien\/","name":"Sozialwegweiser Wien - Pensionist*innenklubs","isPartOf":{"@id":"https:\/\/kwp.at\/pensionistenklubs\/#website"},"primaryImageOfPage":{"@id":"https:\/\/kwp.at\/pensionistenklubs\/programm\/sozial-wegweiser-wien\/#primaryimage"},"image":{"@id":"https:\/\/kwp.at\/pensionistenklubs\/programm\/sozial-wegweiser-wien\/#primaryimage"},"thumbnailUrl":"https:\/\/kwp.at\/pensionistenklubs\/wp-content\/uploads\/sites\/2\/2023\/08\/Sozialkompass-Header.jpg","datePublished":"2023-09-08T08:53:23+00:00","dateModified":"2026-04-21T14:35:14+00:00","description":"In Krisen oder Belastungssituationen ist es wichtig die richtigen Anlaufstellen zu kennen. Zahlreiche Organisationen in der Stadt Wien bieten Unterst\u00fctzung. Im Sozialwegweiser der Klubs finden Sie alle Adressen auf einen Blick.","breadcrumb":{"@id":"https:\/\/kwp.at\/pensionistenklubs\/programm\/sozial-wegweiser-wien\/#breadcrumb"},"inLanguage":"de","potentialAction":[{"@type":"ReadAction","target":["https:\/\/kwp.at\/pensionistenklubs\/programm\/sozial-wegweiser-wien\/"]}]},{"@type":"ImageObject","inLanguage":"de","@id":"https:\/\/kwp.at\/pensionistenklubs\/programm\/sozial-wegweiser-wien\/#primaryimage","url":"https:\/\/kwp.at\/pensionistenklubs\/wp-content\/uploads\/sites\/2\/2023\/08\/Sozialkompass-Header.jpg","contentUrl":"https:\/\/kwp.at\/pensionistenklubs\/wp-content\/uploads\/sites\/2\/2023\/08\/Sozialkompass-Header.jpg","width":1200,"height":500,"caption":"Bild von zwei H\u00e4nden, die gerade zum H\u00e4ndesch\u00fctteln ansetzen"},{"@type":"BreadcrumbList","@id":"https:\/\/kwp.at\/pensionistenklubs\/programm\/sozial-wegweiser-wien\/#breadcrumb","itemListElement":[{"@type":"ListItem","position":1,"name":"Angebote","item":"https:\/\/kwp.at\/pensionistenklubs\/programm\/"},{"@type":"ListItem","position":2,"name":"Sozialwegweiser Wien"}]},{"@type":"WebSite","@id":"https:\/\/kwp.at\/pensionistenklubs\/#website","url":"https:\/\/kwp.at\/pensionistenklubs\/","name":"Pensionist*innenklubs","description":"F\u00fcr die Stadt Wien","publisher":{"@id":"https:\/\/kwp.at\/pensionistenklubs\/#organization"},"potentialAction":[{"@type":"SearchAction","target":{"@type":"EntryPoint","urlTemplate":"https:\/\/kwp.at\/pensionistenklubs\/?s={search_term_string}"},"query-input":{"@type":"PropertyValueSpecification","valueRequired":true,"valueName":"search_term_string"}}],"inLanguage":"de"},{"@type":"Organization","@id":"https:\/\/kwp.at\/pensionistenklubs\/#organization","name":"PensionistInnenklubs f\u00fcr die Stadt Wien","url":"https:\/\/kwp.at\/pensionistenklubs\/","logo":{"@type":"ImageObject","inLanguage":"de","@id":"https:\/\/kwp.at\/pensionistenklubs\/#\/schema\/logo\/image\/","url":"https:\/\/kwp.at\/pensionistenklubs\/wp-content\/uploads\/sites\/2\/2022\/08\/Logo-Pensionistenklubs-scaled-1.jpeg","contentUrl":"https:\/\/kwp.at\/pensionistenklubs\/wp-content\/uploads\/sites\/2\/2022\/08\/Logo-Pensionistenklubs-scaled-1.jpeg","width":2560,"height":610,"caption":"PensionistInnenklubs f\u00fcr die Stadt Wien"},"image":{"@id":"https:\/\/kwp.at\/pensionistenklubs\/#\/schema\/logo\/image\/"}}]}},"_links":{"self":[{"href":"https:\/\/kwp.at\/pensionistenklubs\/wp-json\/wp\/v2\/pages\/13430","targetHints":{"allow":["GET"]}}],"collection":[{"href":"https:\/\/kwp.at\/pensionistenklubs\/wp-json\/wp\/v2\/pages"}],"about":[{"href":"https:\/\/kwp.at\/pensionistenklubs\/wp-json\/wp\/v2\/types\/page"}],"author":[{"embeddable":true,"href":"https:\/\/kwp.at\/pensionistenklubs\/wp-json\/wp\/v2\/users\/78"}],"replies":[{"embeddable":true,"href":"https:\/\/kwp.at\/pensionistenklubs\/wp-json\/wp\/v2\/comments?post=13430"}],"version-history":[{"count":50,"href":"https:\/\/kwp.at\/pensionistenklubs\/wp-json\/wp\/v2\/pages\/13430\/revisions"}],"predecessor-version":[{"id":21295,"href":"https:\/\/kwp.at\/pensionistenklubs\/wp-json\/wp\/v2\/pages\/13430\/revisions\/21295"}],"up":[{"embeddable":true,"href":"https:\/\/kwp.at\/pensionistenklubs\/wp-json\/wp\/v2\/pages\/29"}],"wp:featuredmedia":[{"embeddable":true,"href":"https:\/\/kwp.at\/pensionistenklubs\/wp-json\/wp\/v2\/media\/13454"}],"wp:attachment":[{"href":"https:\/\/kwp.at\/pensionistenklubs\/wp-json\/wp\/v2\/media?parent=13430"}],"curies":[{"name":"wp","href":"https:\/\/api.w.org\/{rel}","templated":true}]}}