{"id":13186,"date":"2023-07-10T09:55:16","date_gmt":"2023-07-10T07:55:16","guid":{"rendered":"https:\/\/kwp.at\/pensionistenklubs\/?page_id=13186"},"modified":"2023-07-10T09:55:17","modified_gmt":"2023-07-10T07:55:17","slug":"datenschutz-einwilligung-und-wesentlicher-hinweis-gemaess-artikel-13-dsgvo","status":"publish","type":"page","link":"https:\/\/kwp.at\/pensionistenklubs\/datenschutz-einwilligung-und-wesentlicher-hinweis-gemaess-artikel-13-dsgvo\/","title":{"rendered":"Datenschutz \u2013 Einwilligung und wesentlicher HINWEIS gem\u00e4\u00df Artikel 13 DSGVO"},"content":{"rendered":"\n<p>Die TeilnehmerInnen des Gewinnspiels erteilen ihre Einwilligung, dass die PensionistInnenklubs f\u00fcr die Stadt Wien des Kuratoriums Wiener Pensionisten-Wohnh\u00e4user, Ottakringer Stra\u00dfe 264, 1160 Wien zum Zweck der Durchf\u00fchrung und Abwicklung des Gewinnspiels \u201eTrachtenp\u00e4rchen 2023\u201c folgende notwendigen Daten verarbeiten:<\/p>\n\n\n\n<ul class=\"wp-block-list\">\n<li>Anrede (Geschlecht)<\/li>\n\n\n\n<li>Vor- und Nachname<\/li>\n\n\n\n<li>E-Mail-Adresse<\/li>\n\n\n\n<li>Foto \u201eTrachtenp\u00e4rchen\u201c<\/li>\n\n\n\n<li>Wohnadresse<\/li>\n<\/ul>\n\n\n\n<p>Diese Einwilligung kann jederzeit per E-Mail an pk@kwp.at oder per Post an PensionistInnenklubs f\u00fcr die Stadt Wien des Kuratoriums Wiener Pensionisten-Wohnh\u00e4user, Ottakringer Stra\u00dfe 264, 1160 Wien widerrufen werden.<\/p>\n\n\n\n<p>Die notwendigen personenbezogenen Daten werden mit Ablauf des Gewinnspiels gel\u00f6scht. Die Rechtsgrundlage f\u00fcr die Verarbeitungsschritte bei der Durchf\u00fchrung und Abwicklung des Gewinnspiels stellt gem\u00e4\u00df Art 6 Abs 1 lit a DSGVO die Einwilligungserkl\u00e4rung dar. Die TeilnehmerInnen haben als betroffene Personen das Recht auf Auskunft \u00fcber ihre personenbezogenen Daten, das Recht auf Berichtigung oder L\u00f6schung oder auf Einschr\u00e4nkung der Verarbeitung sowie ein Beschwerderecht an die \u00f6sterreichische Datenschutzbeh\u00f6rde (DSB). Datenschutzrechtlicher Auftraggeber ist das Kuratorium Wiener-Pensionisten-Wohnh\u00e4user.<\/p>\n\n\n\n<h2 class=\"wp-block-heading\">Teilnahme und Ablauf<\/h2>\n\n\n\n<p>Das Gewinnspiel startet am 12.07.2023 und endet am 15.09.2023, 24:00 Uhr. Die Teilnahme am Gewinnspiel ist ausschlie\u00dflich f\u00fcr Personen \u00fcber 16 Jahren mit Wohnsitz in \u00d6sterreich m\u00f6glich.&nbsp;Zur Teilnahme am Gewinnspiel werden Anrede (Geschlecht), Vor- und Nachname, Wohnadresse und E-Mail-Adresse ben\u00f6tigt. Aus allen Einsendungen werden 4 GewinnerInnen ermittelt. Jede Person darf nur einmal am Gewinnspiel teilnehmen. Die Teilnahme ist ausschlie\u00dflich per E-Mail an gewinnspiel@kwp.at m\u00f6glich. Die Teilnahme \u00fcber automatisierte Massenteilnahmeverfahren Dritter ist unzul\u00e4ssig. Die PensionistInnenklubs der Stadt Wien sind berechtigt, einzelne Personen von der Teilnahme auszuschlie\u00dfen, sofern berechtigte Gr\u00fcnde, insbesondere ein Versto\u00df gegen die Teilnahmebedingungen, Manipulation o.\u00e4., etc. vorliegen. MitarbeiterInnen des Kuratoriums Wiener Pensionisten-Wohnh\u00e4user sind vom Gewinnspiel ausgeschlossen.<\/p>\n\n\n\n<h2 class=\"wp-block-heading\">Gewinn<\/h2>\n\n\n\n<p><strong>Es werden insgesamt 4 GewinnerInnen per Los ermittelt. Jede\/r GewinnerIn erh\u00e4lt<\/strong>:<\/p>\n\n\n\n<p>1\u00d72 gratis Eintrittskarten f\u00fcr die Wiener Kaiser Wiesn am 27. September 2023, 11:30-17:30 Uhr<\/p>\n\n\n\n<p>1&#215;2 Konsumations-Pakete (1\/2 Brathuhn und 1\/2 Ma\u00df Bier oder ein vergleichbares alkoholfreies Getr\u00e4nk) im Wert von 18,00\u20ac pP.<\/p>\n","protected":false},"excerpt":{"rendered":"<p>Die TeilnehmerInnen des Gewinnspiels erteilen ihre Einwilligung, dass die PensionistInnenklubs f\u00fcr die Stadt Wien des Kuratoriums Wiener Pensionisten-Wohnh\u00e4user, Ottakringer Stra\u00dfe 264, 1160 Wien zum Zweck<\/p>\n","protected":false},"author":78,"featured_media":13187,"parent":0,"menu_order":0,"comment_status":"closed","ping_status":"closed","template":"","meta":{"_acf_changed":false,"footnotes":""},"class_list":["post-13186","page","type-page","status-publish","has-post-thumbnail","hentry"],"acf":[],"yoast_head":"<!-- This site is optimized with the Yoast SEO plugin v27.4 - https:\/\/yoast.com\/product\/yoast-seo-wordpress\/ -->\n<title>Datenschutz \u2013 Einwilligung und wesentlicher HINWEIS gem\u00e4\u00df Artikel 13 DSGVO - Pensionist*innenklubs<\/title>\n<meta name=\"robots\" content=\"index, follow, max-snippet:-1, max-image-preview:large, max-video-preview:-1\" \/>\n<link rel=\"canonical\" href=\"https:\/\/kwp.at\/pensionistenklubs\/datenschutz-einwilligung-und-wesentlicher-hinweis-gemaess-artikel-13-dsgvo\/\" \/>\n<meta property=\"og:locale\" content=\"de_DE\" \/>\n<meta property=\"og:type\" content=\"article\" \/>\n<meta property=\"og:title\" content=\"Datenschutz \u2013 Einwilligung und wesentlicher HINWEIS gem\u00e4\u00df Artikel 13 DSGVO - Pensionist*innenklubs\" \/>\n<meta property=\"og:description\" content=\"Die TeilnehmerInnen des Gewinnspiels erteilen ihre Einwilligung, dass die PensionistInnenklubs f\u00fcr die Stadt Wien des Kuratoriums Wiener Pensionisten-Wohnh\u00e4user, Ottakringer Stra\u00dfe 264, 1160 Wien zum Zweck\" \/>\n<meta property=\"og:url\" content=\"https:\/\/kwp.at\/pensionistenklubs\/datenschutz-einwilligung-und-wesentlicher-hinweis-gemaess-artikel-13-dsgvo\/\" \/>\n<meta property=\"og:site_name\" content=\"Pensionist*innenklubs\" \/>\n<meta property=\"article:modified_time\" content=\"2023-07-10T07:55:17+00:00\" \/>\n<meta property=\"og:image\" content=\"https:\/\/kwp.at\/pensionistenklubs\/wp-content\/uploads\/sites\/2\/2023\/07\/KaiserWiesn23_Gewinnspiel_Header.jpg\" \/>\n\t<meta property=\"og:image:width\" content=\"1200\" \/>\n\t<meta property=\"og:image:height\" content=\"500\" \/>\n\t<meta property=\"og:image:type\" content=\"image\/jpeg\" \/>\n<meta name=\"twitter:card\" content=\"summary_large_image\" \/>\n<script type=\"application\/ld+json\" class=\"yoast-schema-graph\">{\"@context\":\"https:\\\/\\\/schema.org\",\"@graph\":[{\"@type\":\"WebPage\",\"@id\":\"https:\\\/\\\/kwp.at\\\/pensionistenklubs\\\/datenschutz-einwilligung-und-wesentlicher-hinweis-gemaess-artikel-13-dsgvo\\\/\",\"url\":\"https:\\\/\\\/kwp.at\\\/pensionistenklubs\\\/datenschutz-einwilligung-und-wesentlicher-hinweis-gemaess-artikel-13-dsgvo\\\/\",\"name\":\"Datenschutz \u2013 Einwilligung und wesentlicher HINWEIS gem\u00e4\u00df Artikel 13 DSGVO - Pensionist*innenklubs\",\"isPartOf\":{\"@id\":\"https:\\\/\\\/kwp.at\\\/pensionistenklubs\\\/#website\"},\"primaryImageOfPage\":{\"@id\":\"https:\\\/\\\/kwp.at\\\/pensionistenklubs\\\/datenschutz-einwilligung-und-wesentlicher-hinweis-gemaess-artikel-13-dsgvo\\\/#primaryimage\"},\"image\":{\"@id\":\"https:\\\/\\\/kwp.at\\\/pensionistenklubs\\\/datenschutz-einwilligung-und-wesentlicher-hinweis-gemaess-artikel-13-dsgvo\\\/#primaryimage\"},\"thumbnailUrl\":\"https:\\\/\\\/kwp.at\\\/pensionistenklubs\\\/wp-content\\\/uploads\\\/sites\\\/2\\\/2023\\\/07\\\/KaiserWiesn23_Gewinnspiel_Header.jpg\",\"datePublished\":\"2023-07-10T07:55:16+00:00\",\"dateModified\":\"2023-07-10T07:55:17+00:00\",\"inLanguage\":\"de\",\"potentialAction\":[{\"@type\":\"ReadAction\",\"target\":[\"https:\\\/\\\/kwp.at\\\/pensionistenklubs\\\/datenschutz-einwilligung-und-wesentlicher-hinweis-gemaess-artikel-13-dsgvo\\\/\"]}]},{\"@type\":\"ImageObject\",\"inLanguage\":\"de\",\"@id\":\"https:\\\/\\\/kwp.at\\\/pensionistenklubs\\\/datenschutz-einwilligung-und-wesentlicher-hinweis-gemaess-artikel-13-dsgvo\\\/#primaryimage\",\"url\":\"https:\\\/\\\/kwp.at\\\/pensionistenklubs\\\/wp-content\\\/uploads\\\/sites\\\/2\\\/2023\\\/07\\\/KaiserWiesn23_Gewinnspiel_Header.jpg\",\"contentUrl\":\"https:\\\/\\\/kwp.at\\\/pensionistenklubs\\\/wp-content\\\/uploads\\\/sites\\\/2\\\/2023\\\/07\\\/KaiserWiesn23_Gewinnspiel_Header.jpg\",\"width\":1200,\"height\":500},{\"@type\":\"WebSite\",\"@id\":\"https:\\\/\\\/kwp.at\\\/pensionistenklubs\\\/#website\",\"url\":\"https:\\\/\\\/kwp.at\\\/pensionistenklubs\\\/\",\"name\":\"Pensionist*innenklubs\",\"description\":\"F\u00fcr die Stadt Wien\",\"publisher\":{\"@id\":\"https:\\\/\\\/kwp.at\\\/pensionistenklubs\\\/#organization\"},\"potentialAction\":[{\"@type\":\"SearchAction\",\"target\":{\"@type\":\"EntryPoint\",\"urlTemplate\":\"https:\\\/\\\/kwp.at\\\/pensionistenklubs\\\/?s={search_term_string}\"},\"query-input\":{\"@type\":\"PropertyValueSpecification\",\"valueRequired\":true,\"valueName\":\"search_term_string\"}}],\"inLanguage\":\"de\"},{\"@type\":\"Organization\",\"@id\":\"https:\\\/\\\/kwp.at\\\/pensionistenklubs\\\/#organization\",\"name\":\"PensionistInnenklubs f\u00fcr die Stadt Wien\",\"url\":\"https:\\\/\\\/kwp.at\\\/pensionistenklubs\\\/\",\"logo\":{\"@type\":\"ImageObject\",\"inLanguage\":\"de\",\"@id\":\"https:\\\/\\\/kwp.at\\\/pensionistenklubs\\\/#\\\/schema\\\/logo\\\/image\\\/\",\"url\":\"https:\\\/\\\/kwp.at\\\/pensionistenklubs\\\/wp-content\\\/uploads\\\/sites\\\/2\\\/2022\\\/08\\\/Logo-Pensionistenklubs-scaled-1.jpeg\",\"contentUrl\":\"https:\\\/\\\/kwp.at\\\/pensionistenklubs\\\/wp-content\\\/uploads\\\/sites\\\/2\\\/2022\\\/08\\\/Logo-Pensionistenklubs-scaled-1.jpeg\",\"width\":2560,\"height\":610,\"caption\":\"PensionistInnenklubs f\u00fcr die Stadt Wien\"},\"image\":{\"@id\":\"https:\\\/\\\/kwp.at\\\/pensionistenklubs\\\/#\\\/schema\\\/logo\\\/image\\\/\"}}]}<\/script>\n<!-- \/ Yoast SEO plugin. -->","yoast_head_json":{"title":"Datenschutz \u2013 Einwilligung und wesentlicher HINWEIS gem\u00e4\u00df Artikel 13 DSGVO - Pensionist*innenklubs","robots":{"index":"index","follow":"follow","max-snippet":"max-snippet:-1","max-image-preview":"max-image-preview:large","max-video-preview":"max-video-preview:-1"},"canonical":"https:\/\/kwp.at\/pensionistenklubs\/datenschutz-einwilligung-und-wesentlicher-hinweis-gemaess-artikel-13-dsgvo\/","og_locale":"de_DE","og_type":"article","og_title":"Datenschutz \u2013 Einwilligung und wesentlicher HINWEIS gem\u00e4\u00df Artikel 13 DSGVO - Pensionist*innenklubs","og_description":"Die TeilnehmerInnen des Gewinnspiels erteilen ihre Einwilligung, dass die PensionistInnenklubs f\u00fcr die Stadt Wien des Kuratoriums Wiener Pensionisten-Wohnh\u00e4user, Ottakringer Stra\u00dfe 264, 1160 Wien zum Zweck","og_url":"https:\/\/kwp.at\/pensionistenklubs\/datenschutz-einwilligung-und-wesentlicher-hinweis-gemaess-artikel-13-dsgvo\/","og_site_name":"Pensionist*innenklubs","article_modified_time":"2023-07-10T07:55:17+00:00","og_image":[{"width":1200,"height":500,"url":"https:\/\/kwp.at\/pensionistenklubs\/wp-content\/uploads\/sites\/2\/2023\/07\/KaiserWiesn23_Gewinnspiel_Header.jpg","type":"image\/jpeg"}],"twitter_card":"summary_large_image","schema":{"@context":"https:\/\/schema.org","@graph":[{"@type":"WebPage","@id":"https:\/\/kwp.at\/pensionistenklubs\/datenschutz-einwilligung-und-wesentlicher-hinweis-gemaess-artikel-13-dsgvo\/","url":"https:\/\/kwp.at\/pensionistenklubs\/datenschutz-einwilligung-und-wesentlicher-hinweis-gemaess-artikel-13-dsgvo\/","name":"Datenschutz \u2013 Einwilligung und wesentlicher HINWEIS gem\u00e4\u00df Artikel 13 DSGVO - Pensionist*innenklubs","isPartOf":{"@id":"https:\/\/kwp.at\/pensionistenklubs\/#website"},"primaryImageOfPage":{"@id":"https:\/\/kwp.at\/pensionistenklubs\/datenschutz-einwilligung-und-wesentlicher-hinweis-gemaess-artikel-13-dsgvo\/#primaryimage"},"image":{"@id":"https:\/\/kwp.at\/pensionistenklubs\/datenschutz-einwilligung-und-wesentlicher-hinweis-gemaess-artikel-13-dsgvo\/#primaryimage"},"thumbnailUrl":"https:\/\/kwp.at\/pensionistenklubs\/wp-content\/uploads\/sites\/2\/2023\/07\/KaiserWiesn23_Gewinnspiel_Header.jpg","datePublished":"2023-07-10T07:55:16+00:00","dateModified":"2023-07-10T07:55:17+00:00","inLanguage":"de","potentialAction":[{"@type":"ReadAction","target":["https:\/\/kwp.at\/pensionistenklubs\/datenschutz-einwilligung-und-wesentlicher-hinweis-gemaess-artikel-13-dsgvo\/"]}]},{"@type":"ImageObject","inLanguage":"de","@id":"https:\/\/kwp.at\/pensionistenklubs\/datenschutz-einwilligung-und-wesentlicher-hinweis-gemaess-artikel-13-dsgvo\/#primaryimage","url":"https:\/\/kwp.at\/pensionistenklubs\/wp-content\/uploads\/sites\/2\/2023\/07\/KaiserWiesn23_Gewinnspiel_Header.jpg","contentUrl":"https:\/\/kwp.at\/pensionistenklubs\/wp-content\/uploads\/sites\/2\/2023\/07\/KaiserWiesn23_Gewinnspiel_Header.jpg","width":1200,"height":500},{"@type":"WebSite","@id":"https:\/\/kwp.at\/pensionistenklubs\/#website","url":"https:\/\/kwp.at\/pensionistenklubs\/","name":"Pensionist*innenklubs","description":"F\u00fcr die Stadt Wien","publisher":{"@id":"https:\/\/kwp.at\/pensionistenklubs\/#organization"},"potentialAction":[{"@type":"SearchAction","target":{"@type":"EntryPoint","urlTemplate":"https:\/\/kwp.at\/pensionistenklubs\/?s={search_term_string}"},"query-input":{"@type":"PropertyValueSpecification","valueRequired":true,"valueName":"search_term_string"}}],"inLanguage":"de"},{"@type":"Organization","@id":"https:\/\/kwp.at\/pensionistenklubs\/#organization","name":"PensionistInnenklubs f\u00fcr die Stadt Wien","url":"https:\/\/kwp.at\/pensionistenklubs\/","logo":{"@type":"ImageObject","inLanguage":"de","@id":"https:\/\/kwp.at\/pensionistenklubs\/#\/schema\/logo\/image\/","url":"https:\/\/kwp.at\/pensionistenklubs\/wp-content\/uploads\/sites\/2\/2022\/08\/Logo-Pensionistenklubs-scaled-1.jpeg","contentUrl":"https:\/\/kwp.at\/pensionistenklubs\/wp-content\/uploads\/sites\/2\/2022\/08\/Logo-Pensionistenklubs-scaled-1.jpeg","width":2560,"height":610,"caption":"PensionistInnenklubs f\u00fcr die Stadt Wien"},"image":{"@id":"https:\/\/kwp.at\/pensionistenklubs\/#\/schema\/logo\/image\/"}}]}},"_links":{"self":[{"href":"https:\/\/kwp.at\/pensionistenklubs\/wp-json\/wp\/v2\/pages\/13186","targetHints":{"allow":["GET"]}}],"collection":[{"href":"https:\/\/kwp.at\/pensionistenklubs\/wp-json\/wp\/v2\/pages"}],"about":[{"href":"https:\/\/kwp.at\/pensionistenklubs\/wp-json\/wp\/v2\/types\/page"}],"author":[{"embeddable":true,"href":"https:\/\/kwp.at\/pensionistenklubs\/wp-json\/wp\/v2\/users\/78"}],"replies":[{"embeddable":true,"href":"https:\/\/kwp.at\/pensionistenklubs\/wp-json\/wp\/v2\/comments?post=13186"}],"version-history":[{"count":3,"href":"https:\/\/kwp.at\/pensionistenklubs\/wp-json\/wp\/v2\/pages\/13186\/revisions"}],"predecessor-version":[{"id":13213,"href":"https:\/\/kwp.at\/pensionistenklubs\/wp-json\/wp\/v2\/pages\/13186\/revisions\/13213"}],"wp:featuredmedia":[{"embeddable":true,"href":"https:\/\/kwp.at\/pensionistenklubs\/wp-json\/wp\/v2\/media\/13187"}],"wp:attachment":[{"href":"https:\/\/kwp.at\/pensionistenklubs\/wp-json\/wp\/v2\/media?parent=13186"}],"curies":[{"name":"wp","href":"https:\/\/api.w.org\/{rel}","templated":true}]}}